{"version":"1.0","provider_name":"Soci\u00e9t\u00e9 de plantation, histoire et m\u00e9moires de l\u2019esclavage \u00e0 La R\u00e9union","provider_url":"https:\/\/www.portail-esclavage-reunion.fr\/en\/","author_name":"michelle galmar","author_url":"https:\/\/www.portail-esclavage-reunion.fr\/en\/author\/michelle\/","title":"The Slave\u2019s Collar | Soci\u00e9t\u00e9 de plantation, histoire et m\u00e9moires de l\u2019esclavage \u00e0 La R\u00e9union","type":"rich","width":600,"height":338,"html":"<blockquote class=\"wp-embedded-content\" data-secret=\"e7SQX17yn3\"><a href=\"https:\/\/www.portail-esclavage-reunion.fr\/en\/lieux-de-memoire\/the-slaves-collar\/\">The Slave\u2019s Collar<\/a><\/blockquote><iframe sandbox=\"allow-scripts\" security=\"restricted\" src=\"https:\/\/www.portail-esclavage-reunion.fr\/en\/lieux-de-memoire\/the-slaves-collar\/embed\/#?secret=e7SQX17yn3\" width=\"600\" height=\"338\" title=\"&#8220;The Slave\u2019s Collar&#8221; &#8212; Soci\u00e9t\u00e9 de plantation, histoire et m\u00e9moires de l\u2019esclavage \u00e0 La R\u00e9union\" data-secret=\"e7SQX17yn3\" frameborder=\"0\" marginwidth=\"0\" marginheight=\"0\" scrolling=\"no\" class=\"wp-embedded-content\"><\/iframe><script type=\"text\/javascript\">\n\/* <![CDATA[ *\/\n\/*! This file is auto-generated *\/\n!function(d,l){\"use strict\";l.querySelector&&d.addEventListener&&\"undefined\"!=typeof URL&&(d.wp=d.wp||{},d.wp.receiveEmbedMessage||(d.wp.receiveEmbedMessage=function(e){var t=e.data;if((t||t.secret||t.message||t.value)&&!\/[^a-zA-Z0-9]\/.test(t.secret)){for(var s,r,n,a=l.querySelectorAll('iframe[data-secret=\"'+t.secret+'\"]'),o=l.querySelectorAll('blockquote[data-secret=\"'+t.secret+'\"]'),c=new RegExp(\"^https?:$\",\"i\"),i=0;i<o.length;i++)o[i].style.display=\"none\";for(i=0;i<a.length;i++)s=a[i],e.source===s.contentWindow&&(s.removeAttribute(\"style\"),\"height\"===t.message?(1e3<(r=parseInt(t.value,10))?r=1e3:~~r<200&&(r=200),s.height=r):\"link\"===t.message&&(r=new URL(s.getAttribute(\"src\")),n=new URL(t.value),c.test(n.protocol))&&n.host===r.host&&l.activeElement===s&&(d.top.location.href=t.value))}},d.addEventListener(\"message\",d.wp.receiveEmbedMessage,!1),l.addEventListener(\"DOMContentLoaded\",function(){for(var e,t,s=l.querySelectorAll(\"iframe.wp-embedded-content\"),r=0;r<s.length;r++)(t=(e=s[r]).getAttribute(\"data-secret\"))||(t=Math.random().toString(36).substring(2,12),e.src+=\"#?secret=\"+t,e.setAttribute(\"data-secret\",t)),e.contentWindow.postMessage({message:\"ready\",secret:t},\"*\")},!1)))}(window,document);\n\/* ]]> *\/\n<\/script>\n","thumbnail_url":"https:\/\/www.portail-esclavage-reunion.fr\/wp-content\/uploads\/2019\/12\/IMG_4274-le-collier-d-esclave-1.jpg","thumbnail_width":1200,"thumbnail_height":545,"description":"Location: Saint-Paul &#8211; Sea Front Date: 1999 Artist: Alain Louis Padeau Sculpture Metal Entitled \u2018The Slave\u2019s Collar\u2019, this sculpture by artist Alain Padeau was inaugurated on 20th December 1999. It is facing the sea, at the very place where slave ships landed. The location of the work is therefore symbolic, as is the excessive size &hellip; Continue reading \"\""}

Société de plantation, histoire et mémoires de l’esclavage à La Réunion

The Slave’s Collar | Société de plantation, histoire et mémoires de l’esclavage à La Réunion

<blockquote class="wp-embedded-content" data-secret="e7SQX17yn3"><a href="https://www.portail-esclavage-reunion.fr/en/lieux-de-memoire/the-slaves-collar/">The Slave’s Collar</a></blockquote><iframe sandbox="allow-scripts" security="restricted" src="https://www.portail-esclavage-reunion.fr/en/lieux-de-memoire/the-slaves-collar/embed/#?secret=e7SQX17yn3" width="600" height="338" title="&#8220;The Slave’s Collar&#8221; &#8212; Société de plantation, histoire et mémoires de l’esclavage à La Réunion" data-secret="e7SQX17yn3" frameborder="0" marginwidth="0" marginheight="0" scrolling="no" class="wp-embedded-content"></iframe><script type="text/javascript">
/* <![CDATA[ */
/*! This file is auto-generated */
!function(d,l){"use strict";l.querySelector&&d.addEventListener&&"undefined"!=typeof URL&&(d.wp=d.wp||{},d.wp.receiveEmbedMessage||(d.wp.receiveEmbedMessage=function(e){var t=e.data;if((t||t.secret||t.message||t.value)&&!/[^a-zA-Z0-9]/.test(t.secret)){for(var s,r,n,a=l.querySelectorAll('iframe[data-secret="'+t.secret+'"]'),o=l.querySelectorAll('blockquote[data-secret="'+t.secret+'"]'),c=new RegExp("^https?:$","i"),i=0;i<o.length;i++)o[i].style.display="none";for(i=0;i<a.length;i++)s=a[i],e.source===s.contentWindow&&(s.removeAttribute("style"),"height"===t.message?(1e3<(r=parseInt(t.value,10))?r=1e3:~~r<200&&(r=200),s.height=r):"link"===t.message&&(r=new URL(s.getAttribute("src")),n=new URL(t.value),c.test(n.protocol))&&n.host===r.host&&l.activeElement===s&&(d.top.location.href=t.value))}},d.addEventListener("message",d.wp.receiveEmbedMessage,!1),l.addEventListener("DOMContentLoaded",function(){for(var e,t,s=l.querySelectorAll("iframe.wp-embedded-content"),r=0;r<s.length;r++)(t=(e=s[r]).getAttribute("data-secret"))||(t=Math.random().toString(36).substring(2,12),e.src+="#?secret="+t,e.setAttribute("data-secret",t)),e.contentWindow.postMessage({message:"ready",secret:t},"*")},!1)))}(window,document);
/* ]]> */
</script>
