{"id":3746,"date":"2020-11-18T12:57:47","date_gmt":"2020-11-18T11:57:47","guid":{"rendered":"https:\/\/www.portail-esclavage-reunion.fr\/?post_type=lieu-de-memoire&#038;p=3746"},"modified":"2020-11-18T12:57:47","modified_gmt":"2020-11-18T11:57:47","slug":"the-slave-the-secret","status":"publish","type":"lieu-de-memoire","link":"https:\/\/www.portail-esclavage-reunion.fr\/en\/lieux-de-memoire\/the-slave-the-secret\/","title":{"rendered":"The Slave; The Secret"},"content":{"rendered":"<p>Location: Saint-Pierre \u2013 M\u00e9diath\u00e8que Rapha\u00ebl Barquisseau<br \/>\nDate of creation: 1996<br \/>\nDate of installation: between 2008 and 2009<br \/>\nArtist: Gilbert Clain<br \/>\nSculpture<br \/>\nBasalt stone<\/p>\n<p>The characters depicted here do not deliver any particular message, but maybe there is some indecipherable secret hidden within? Rumour or denunciation? The question remains&#8230;<\/p>\n<p>&nbsp;<\/p>\n<img loading=\"lazy\" decoding=\"async\" class=\"alignnone size-full wp-image-2338\" src=\"https:\/\/www.portail-esclavage-reunion.fr\/wp-content\/uploads\/2019\/12\/IMG_4431b.jpg\" alt=\"\" width=\"433\" height=\"650\" srcset=\"https:\/\/www.portail-esclavage-reunion.fr\/wp-content\/uploads\/2019\/12\/IMG_4431b.jpg 433w, https:\/\/www.portail-esclavage-reunion.fr\/wp-content\/uploads\/2019\/12\/IMG_4431b-200x300.jpg 200w\" sizes=\"auto, (max-width: 433px) 100vw, 433px\" \/>\n<img loading=\"lazy\" decoding=\"async\" class=\"alignnone size-full wp-image-2340\" src=\"https:\/\/www.portail-esclavage-reunion.fr\/wp-content\/uploads\/2019\/12\/IMG_4474b.jpg\" alt=\"\" width=\"433\" height=\"650\" srcset=\"https:\/\/www.portail-esclavage-reunion.fr\/wp-content\/uploads\/2019\/12\/IMG_4474b.jpg 433w, https:\/\/www.portail-esclavage-reunion.fr\/wp-content\/uploads\/2019\/12\/IMG_4474b-200x300.jpg 200w\" sizes=\"auto, (max-width: 433px) 100vw, 433px\" \/>\n","protected":false},"author":5,"featured_media":2337,"parent":0,"menu_order":0,"template":"","class_list":["post-3746","lieu-de-memoire","type-lieu-de-memoire","status-publish","has-post-thumbnail","hentry"],"acf":[],"_links":{"self":[{"href":"https:\/\/www.portail-esclavage-reunion.fr\/en\/wp-json\/wp\/v2\/lieu-de-memoire\/3746","targetHints":{"allow":["GET"]}}],"collection":[{"href":"https:\/\/www.portail-esclavage-reunion.fr\/en\/wp-json\/wp\/v2\/lieu-de-memoire"}],"about":[{"href":"https:\/\/www.portail-esclavage-reunion.fr\/en\/wp-json\/wp\/v2\/types\/lieu-de-memoire"}],"author":[{"embeddable":true,"href":"https:\/\/www.portail-esclavage-reunion.fr\/en\/wp-json\/wp\/v2\/users\/5"}],"wp:featuredmedia":[{"embeddable":true,"href":"https:\/\/www.portail-esclavage-reunion.fr\/en\/wp-json\/wp\/v2\/media\/2337"}],"wp:attachment":[{"href":"https:\/\/www.portail-esclavage-reunion.fr\/en\/wp-json\/wp\/v2\/media?parent=3746"}],"curies":[{"name":"wp","href":"https:\/\/api.w.org\/{rel}","templated":true}]}}

<p>Location: Saint-Pierre – Médiathèque Raphaël Barquisseau<br />
Date of creation: 1996<br />
Date of installation: between 2008 and 2009<br />
Artist: Gilbert Clain<br />
Sculpture<br />
Basalt stone</p>
<p>The characters depicted here do not deliver any particular message, but maybe there is some indecipherable secret hidden within? Rumour or denunciation? The question remains&#8230;</p>
<p>&nbsp;</p>
<img loading="lazy" decoding="async" class="alignnone size-full wp-image-2338" src="https://www.portail-esclavage-reunion.fr/wp-content/uploads/2019/12/IMG_4431b.jpg" alt="" width="433" height="650" srcset="https://www.portail-esclavage-reunion.fr/wp-content/uploads/2019/12/IMG_4431b.jpg 433w, https://www.portail-esclavage-reunion.fr/wp-content/uploads/2019/12/IMG_4431b-200x300.jpg 200w" sizes="auto, (max-width: 433px) 100vw, 433px" />
<img loading="lazy" decoding="async" class="alignnone size-full wp-image-2340" src="https://www.portail-esclavage-reunion.fr/wp-content/uploads/2019/12/IMG_4474b.jpg" alt="" width="433" height="650" srcset="https://www.portail-esclavage-reunion.fr/wp-content/uploads/2019/12/IMG_4474b.jpg 433w, https://www.portail-esclavage-reunion.fr/wp-content/uploads/2019/12/IMG_4474b-200x300.jpg 200w" sizes="auto, (max-width: 433px) 100vw, 433px" />
