{"id":16252,"date":"2021-11-10T08:02:00","date_gmt":"2021-11-10T04:02:00","guid":{"rendered":"https:\/\/www.portail-esclavage-reunion.fr\/?post_type=lieu-de-memoire&#038;p=16252"},"modified":"2026-03-04T09:48:16","modified_gmt":"2026-03-04T05:48:16","slug":"o-cemiterio-do-pere-lafosse","status":"publish","type":"lieu-de-memoire","link":"https:\/\/www.portail-esclavage-reunion.fr\/pt-pt\/lieux-de-memoire\/o-cemiterio-do-pere-lafosse\/","title":{"rendered":"O Cemit\u00e9rio do P\u00e8re Lafosse"},"content":{"rendered":"\n<p>Localiza\u00e7\u00e3o: Saint-Louis &#8211; Le Gol<br>Data (estela dos escravos): 2009<\/p>\n\n\n\n<p>O cemit\u00e9rio do P\u00e8re Lafosse, tamb\u00e9m conhecido como o cemit\u00e9rio das almas perdidas, foi constru\u00eddo em 1729 durante a epidemia da var\u00edola. A\u00ed foram enterrados residentes locais, bem como muitos escravos, por\u00e9m j\u00e1 n\u00e3o h\u00e1 vest\u00edgios das sepulturas.<br>Este cemit\u00e9rio de Saint-Louis alberga tamb\u00e9m o t\u00famulo do Padre Lafosse, sacerdote e presidente da c\u00e2mara de Saint-Louis, conhecido pelo seu empenho na luta contra a escravatura.<br>A sua sepultura \u00e9 venerada por muitos habitantes da Reuni\u00e3o.<\/p>\n\n\n\n<p>A 31 de outubro de 2009, foi inaugurada uma estela dos escravos, com a seguinte inscri\u00e7\u00e3o:<\/p>\n\n\n\n<blockquote class=\"wp-block-quote is-layout-flow wp-block-quote-is-layout-flow\">\n<p>Centenas de milhares de crian\u00e7as, mulheres e homens foram arrancados da sua terra natal para serem escravizados nesta ilha, desde finais do s\u00e9culo XVII at\u00e9 \u00e0 aboli\u00e7\u00e3o de 1848. O Code Noir reduziu-os ao estatuto de \u00abbens m\u00f3veis\u00bb. A escravatura colonial privou-os de sepultura e apagou qualquer vest\u00edgio da sua presen\u00e7a. Todo o ser humano tem o direito de ser recordado. Com este monumento, estamos a preencher essa lacuna. Prestamos homenagem \u00e0s suas vidas, \u00e0 sua coragem e ao seu legado.<\/p>\n<\/blockquote>\n\n\n\n<p>O muro do cemit\u00e9rio \u00e9 decorado com frescos mostrando cenas da vida dos escravos.<\/p>\n\n\n\n<figure class=\"wp-block-image\"><img loading=\"lazy\" decoding=\"async\" width=\"650\" height=\"433\" src=\"https:\/\/www.portail-esclavage-reunion.fr\/wp-content\/uploads\/2019\/12\/IMG_4367b.jpg\" alt=\"\" class=\"wp-image-2261\" srcset=\"https:\/\/www.portail-esclavage-reunion.fr\/wp-content\/uploads\/2019\/12\/IMG_4367b.jpg 650w, https:\/\/www.portail-esclavage-reunion.fr\/wp-content\/uploads\/2019\/12\/IMG_4367b-300x200.jpg 300w\" sizes=\"auto, (max-width: 650px) 100vw, 650px\" \/><\/figure>\n\n\n\n<p class=\"has-text-align-center\"><\/p>\n\n\n\n<figure class=\"wp-block-image\"><img loading=\"lazy\" decoding=\"async\" width=\"650\" height=\"433\" src=\"https:\/\/www.portail-esclavage-reunion.fr\/wp-content\/uploads\/2019\/12\/IMG_4380b.jpg\" alt=\"\" class=\"wp-image-2265\" srcset=\"https:\/\/www.portail-esclavage-reunion.fr\/wp-content\/uploads\/2019\/12\/IMG_4380b.jpg 650w, https:\/\/www.portail-esclavage-reunion.fr\/wp-content\/uploads\/2019\/12\/IMG_4380b-300x200.jpg 300w\" sizes=\"auto, (max-width: 650px) 100vw, 650px\" \/><\/figure>\n\n\n\n<p class=\"has-text-align-center\"><\/p>\n\n\n\n<figure class=\"wp-block-image\"><img loading=\"lazy\" decoding=\"async\" width=\"650\" height=\"433\" src=\"https:\/\/www.portail-esclavage-reunion.fr\/wp-content\/uploads\/2019\/12\/IMG_4373b.jpg\" alt=\"\" class=\"wp-image-2267\" srcset=\"https:\/\/www.portail-esclavage-reunion.fr\/wp-content\/uploads\/2019\/12\/IMG_4373b.jpg 650w, https:\/\/www.portail-esclavage-reunion.fr\/wp-content\/uploads\/2019\/12\/IMG_4373b-300x200.jpg 300w\" sizes=\"auto, (max-width: 650px) 100vw, 650px\" \/><\/figure>\n\n\n\n<p class=\"has-text-align-center\"><\/p>\n\n\n\n<figure class=\"wp-block-image\"><img loading=\"lazy\" decoding=\"async\" width=\"650\" height=\"433\" src=\"https:\/\/www.portail-esclavage-reunion.fr\/wp-content\/uploads\/2019\/12\/IMG_4372b.jpg\" alt=\"\" class=\"wp-image-2269\" srcset=\"https:\/\/www.portail-esclavage-reunion.fr\/wp-content\/uploads\/2019\/12\/IMG_4372b.jpg 650w, https:\/\/www.portail-esclavage-reunion.fr\/wp-content\/uploads\/2019\/12\/IMG_4372b-300x200.jpg 300w\" sizes=\"auto, (max-width: 650px) 100vw, 650px\" \/><\/figure>\n\n\n\n<p class=\"has-text-align-center\">\u00a0<\/p>\n","protected":false},"author":5,"featured_media":16253,"parent":0,"menu_order":0,"template":"","class_list":["post-16252","lieu-de-memoire","type-lieu-de-memoire","status-publish","has-post-thumbnail","hentry"],"acf":[],"_links":{"self":[{"href":"https:\/\/www.portail-esclavage-reunion.fr\/pt-pt\/wp-json\/wp\/v2\/lieu-de-memoire\/16252","targetHints":{"allow":["GET"]}}],"collection":[{"href":"https:\/\/www.portail-esclavage-reunion.fr\/pt-pt\/wp-json\/wp\/v2\/lieu-de-memoire"}],"about":[{"href":"https:\/\/www.portail-esclavage-reunion.fr\/pt-pt\/wp-json\/wp\/v2\/types\/lieu-de-memoire"}],"author":[{"embeddable":true,"href":"https:\/\/www.portail-esclavage-reunion.fr\/pt-pt\/wp-json\/wp\/v2\/users\/5"}],"wp:featuredmedia":[{"embeddable":true,"href":"https:\/\/www.portail-esclavage-reunion.fr\/pt-pt\/wp-json\/wp\/v2\/media\/16253"}],"wp:attachment":[{"href":"https:\/\/www.portail-esclavage-reunion.fr\/pt-pt\/wp-json\/wp\/v2\/media?parent=16252"}],"curies":[{"name":"wp","href":"https:\/\/api.w.org\/{rel}","templated":true}]}}

O Cemitério do Père Lafosse

<p>Localização: Saint-Louis &#8211; Le Gol<br>Data (estela dos escravos): 2009</p>



<p>O cemitério do Père Lafosse, também conhecido como o cemitério das almas perdidas, foi construído em 1729 durante a epidemia da varíola. Aí foram enterrados residentes locais, bem como muitos escravos, porém já não há vestígios das sepulturas.<br>Este cemitério de Saint-Louis alberga também o túmulo do Padre Lafosse, sacerdote e presidente da câmara de Saint-Louis, conhecido pelo seu empenho na luta contra a escravatura.<br>A sua sepultura é venerada por muitos habitantes da Reunião.</p>



<p>A 31 de outubro de 2009, foi inaugurada uma estela dos escravos, com a seguinte inscrição:</p>



<blockquote class="wp-block-quote is-layout-flow wp-block-quote-is-layout-flow">
<p>Centenas de milhares de crianças, mulheres e homens foram arrancados da sua terra natal para serem escravizados nesta ilha, desde finais do século XVII até à abolição de 1848. O Code Noir reduziu-os ao estatuto de «bens móveis». A escravatura colonial privou-os de sepultura e apagou qualquer vestígio da sua presença. Todo o ser humano tem o direito de ser recordado. Com este monumento, estamos a preencher essa lacuna. Prestamos homenagem às suas vidas, à sua coragem e ao seu legado.</p>
</blockquote>



<p>O muro do cemitério é decorado com frescos mostrando cenas da vida dos escravos.</p>



<figure class="wp-block-image"><img loading="lazy" decoding="async" width="650" height="433" src="https://www.portail-esclavage-reunion.fr/wp-content/uploads/2019/12/IMG_4367b.jpg" alt="" class="wp-image-2261" srcset="https://www.portail-esclavage-reunion.fr/wp-content/uploads/2019/12/IMG_4367b.jpg 650w, https://www.portail-esclavage-reunion.fr/wp-content/uploads/2019/12/IMG_4367b-300x200.jpg 300w" sizes="auto, (max-width: 650px) 100vw, 650px" /></figure>



<p class="has-text-align-center"></p>



<figure class="wp-block-image"><img loading="lazy" decoding="async" width="650" height="433" src="https://www.portail-esclavage-reunion.fr/wp-content/uploads/2019/12/IMG_4380b.jpg" alt="" class="wp-image-2265" srcset="https://www.portail-esclavage-reunion.fr/wp-content/uploads/2019/12/IMG_4380b.jpg 650w, https://www.portail-esclavage-reunion.fr/wp-content/uploads/2019/12/IMG_4380b-300x200.jpg 300w" sizes="auto, (max-width: 650px) 100vw, 650px" /></figure>



<p class="has-text-align-center"></p>



<figure class="wp-block-image"><img loading="lazy" decoding="async" width="650" height="433" src="https://www.portail-esclavage-reunion.fr/wp-content/uploads/2019/12/IMG_4373b.jpg" alt="" class="wp-image-2267" srcset="https://www.portail-esclavage-reunion.fr/wp-content/uploads/2019/12/IMG_4373b.jpg 650w, https://www.portail-esclavage-reunion.fr/wp-content/uploads/2019/12/IMG_4373b-300x200.jpg 300w" sizes="auto, (max-width: 650px) 100vw, 650px" /></figure>



<p class="has-text-align-center"></p>



<figure class="wp-block-image"><img loading="lazy" decoding="async" width="650" height="433" src="https://www.portail-esclavage-reunion.fr/wp-content/uploads/2019/12/IMG_4372b.jpg" alt="" class="wp-image-2269" srcset="https://www.portail-esclavage-reunion.fr/wp-content/uploads/2019/12/IMG_4372b.jpg 650w, https://www.portail-esclavage-reunion.fr/wp-content/uploads/2019/12/IMG_4372b-300x200.jpg 300w" sizes="auto, (max-width: 650px) 100vw, 650px" /></figure>



<p class="has-text-align-center"> </p>
