{"id":6725,"date":"2021-11-10T07:32:07","date_gmt":"2021-11-10T06:32:07","guid":{"rendered":"https:\/\/www.portail-esclavage-reunion.fr\/?post_type=lieu-de-memoire&#038;p=6725"},"modified":"2021-11-10T07:32:07","modified_gmt":"2021-11-10T06:32:07","slug":"monument-des-affranchis-o-jardim-da-memoria","status":"publish","type":"lieu-de-memoire","link":"https:\/\/www.portail-esclavage-reunion.fr\/pt-pt\/lieux-de-memoire\/monument-des-affranchis-o-jardim-da-memoria\/","title":{"rendered":"Monument des affranchis &#8211; O Jardim da Mem\u00f3ria"},"content":{"rendered":"<p>Localiza\u00e7\u00e3o: Saint-Andr\u00e9 &#8211; Lacaussade Park<br \/>\nData: 2010<br \/>\nArtista: David Imaho<br \/>\nEscultura<br \/>\nBasalto<\/p>\n<p>Este memorial foi inaugurado a 20 de dezembro de 2010. Consiste numa instala\u00e7\u00e3o composta por uma monumental est\u00e1tua de basalto de uma mulher, figura aleg\u00f3rica da liberdade, rodeada por dez pain\u00e9is de granito negro de \u00c1frica com os nomes de milhares de escravos libertados de Saint-Andr\u00e9 em 1848.<\/p>\n<p style=\"text-align: center;\"><strong>\u00a0<img loading=\"lazy\" decoding=\"async\" class=\"alignnone wp-image-923 size-large\" src=\"https:\/\/www.portail-esclavage-reunion.fr\/wp-content\/uploads\/2019\/07\/saint_andre02-1024x683.jpg\" alt=\"\" width=\"525\" height=\"350\" srcset=\"https:\/\/www.portail-esclavage-reunion.fr\/wp-content\/uploads\/2019\/07\/saint_andre02-1024x683.jpg 1024w, https:\/\/www.portail-esclavage-reunion.fr\/wp-content\/uploads\/2019\/07\/saint_andre02-300x200.jpg 300w, https:\/\/www.portail-esclavage-reunion.fr\/wp-content\/uploads\/2019\/07\/saint_andre02-768x512.jpg 768w, https:\/\/www.portail-esclavage-reunion.fr\/wp-content\/uploads\/2019\/07\/saint_andre02.jpg 1500w\" sizes=\"auto, (max-width: 525px) 100vw, 525px\" \/><\/strong><\/p>\n<p style=\"text-align: center;\"><img loading=\"lazy\" decoding=\"async\" class=\"alignnone wp-image-925 size-large\" src=\"https:\/\/www.portail-esclavage-reunion.fr\/wp-content\/uploads\/2019\/07\/saint_andre03-1024x512.jpg\" alt=\"\" width=\"525\" height=\"263\" srcset=\"https:\/\/www.portail-esclavage-reunion.fr\/wp-content\/uploads\/2019\/07\/saint_andre03-1024x512.jpg 1024w, https:\/\/www.portail-esclavage-reunion.fr\/wp-content\/uploads\/2019\/07\/saint_andre03-300x150.jpg 300w, https:\/\/www.portail-esclavage-reunion.fr\/wp-content\/uploads\/2019\/07\/saint_andre03-768x384.jpg 768w, https:\/\/www.portail-esclavage-reunion.fr\/wp-content\/uploads\/2019\/07\/saint_andre03.jpg 1500w\" sizes=\"auto, (max-width: 525px) 100vw, 525px\" \/><\/p>\n<p>&nbsp;<\/p>\n","protected":false},"author":5,"featured_media":6729,"parent":0,"menu_order":0,"template":"","class_list":["post-6725","lieu-de-memoire","type-lieu-de-memoire","status-publish","has-post-thumbnail","hentry"],"acf":[],"_links":{"self":[{"href":"https:\/\/www.portail-esclavage-reunion.fr\/pt-pt\/wp-json\/wp\/v2\/lieu-de-memoire\/6725","targetHints":{"allow":["GET"]}}],"collection":[{"href":"https:\/\/www.portail-esclavage-reunion.fr\/pt-pt\/wp-json\/wp\/v2\/lieu-de-memoire"}],"about":[{"href":"https:\/\/www.portail-esclavage-reunion.fr\/pt-pt\/wp-json\/wp\/v2\/types\/lieu-de-memoire"}],"author":[{"embeddable":true,"href":"https:\/\/www.portail-esclavage-reunion.fr\/pt-pt\/wp-json\/wp\/v2\/users\/5"}],"wp:featuredmedia":[{"embeddable":true,"href":"https:\/\/www.portail-esclavage-reunion.fr\/pt-pt\/wp-json\/wp\/v2\/media\/6729"}],"wp:attachment":[{"href":"https:\/\/www.portail-esclavage-reunion.fr\/pt-pt\/wp-json\/wp\/v2\/media?parent=6725"}],"curies":[{"name":"wp","href":"https:\/\/api.w.org\/{rel}","templated":true}]}}

Monument des affranchis &#8211; O Jardim da Memória

<p>Localização: Saint-André &#8211; Lacaussade Park<br />
Data: 2010<br />
Artista: David Imaho<br />
Escultura<br />
Basalto</p>
<p>Este memorial foi inaugurado a 20 de dezembro de 2010. Consiste numa instalação composta por uma monumental estátua de basalto de uma mulher, figura alegórica da liberdade, rodeada por dez painéis de granito negro de África com os nomes de milhares de escravos libertados de Saint-André em 1848.</p>
<p style="text-align: center;"><strong> <img loading="lazy" decoding="async" class="alignnone wp-image-923 size-large" src="https://www.portail-esclavage-reunion.fr/wp-content/uploads/2019/07/saint_andre02-1024x683.jpg" alt="" width="525" height="350" srcset="https://www.portail-esclavage-reunion.fr/wp-content/uploads/2019/07/saint_andre02-1024x683.jpg 1024w, https://www.portail-esclavage-reunion.fr/wp-content/uploads/2019/07/saint_andre02-300x200.jpg 300w, https://www.portail-esclavage-reunion.fr/wp-content/uploads/2019/07/saint_andre02-768x512.jpg 768w, https://www.portail-esclavage-reunion.fr/wp-content/uploads/2019/07/saint_andre02.jpg 1500w" sizes="auto, (max-width: 525px) 100vw, 525px" /></strong></p>
<p style="text-align: center;"><img loading="lazy" decoding="async" class="alignnone wp-image-925 size-large" src="https://www.portail-esclavage-reunion.fr/wp-content/uploads/2019/07/saint_andre03-1024x512.jpg" alt="" width="525" height="263" srcset="https://www.portail-esclavage-reunion.fr/wp-content/uploads/2019/07/saint_andre03-1024x512.jpg 1024w, https://www.portail-esclavage-reunion.fr/wp-content/uploads/2019/07/saint_andre03-300x150.jpg 300w, https://www.portail-esclavage-reunion.fr/wp-content/uploads/2019/07/saint_andre03-768x384.jpg 768w, https://www.portail-esclavage-reunion.fr/wp-content/uploads/2019/07/saint_andre03.jpg 1500w" sizes="auto, (max-width: 525px) 100vw, 525px" /></p>
<p>&nbsp;</p>
