{"id":6732,"date":"2021-11-10T07:34:43","date_gmt":"2021-11-10T06:34:43","guid":{"rendered":"https:\/\/www.portail-esclavage-reunion.fr\/?post_type=lieu-de-memoire&#038;p=6732"},"modified":"2021-11-10T07:34:43","modified_gmt":"2021-11-10T06:34:43","slug":"livre","status":"publish","type":"lieu-de-memoire","link":"https:\/\/www.portail-esclavage-reunion.fr\/pt-pt\/lieux-de-memoire\/livre\/","title":{"rendered":"LIVRE"},"content":{"rendered":"<p>Localiza\u00e7\u00e3o: Saint-Benoit -R\u00e9sidence Fragance<br \/>\nData: 2001<br \/>\nArtista: Thierry Fontaine<br \/>\nEscultura<br \/>\nMetal (a\u00e7o Corten)<\/p>\n<p>Criado pelo artista Thierry Fontaine por ocasi\u00e3o do 150\u00ba anivers\u00e1rio da aboli\u00e7\u00e3o da escravatura em 1998, este memorial foi inaugurado a 20 de dezembro de 2001.<br \/>\nEsta obra situa-se na entrada do centro da cidade, perto da Rivi\u00e8re des Marsouins.<br \/>\nO artista criou imagens que transportam mensagens, ou representam as cinco letras da palavra \u00abLivre\u00bb e gravou na obra, feita de a\u00e7o Corten, uma lista alfab\u00e9tica de cerca de duzentos nomes de escravos alforriados em 20 de maio de 1848 na Reuni\u00e3o. Uma vez alcan\u00e7ada a sua liberdade, os escravos, tanto homens como mulheres, tinham agora um nome patron\u00edmico. O artista presta homenagem a cada um deles e usa deliberadamente a palavra \u00abLivre\u00bb no singular. Para Thierry Fontaine, a palavra \u00ablivre\u00bb n\u00e3o \u00e9 um slogan republicano, mas uma oposi\u00e7\u00e3o direta \u00e0 escravatura. Refere-se igualmente \u00e0 liberdade que diz respeito a cada indiv\u00edduo. Tamb\u00e9m o artista deve ser livre no seu processo criativo.<\/p>\n<p style=\"text-align: center;\"><img loading=\"lazy\" decoding=\"async\" class=\"alignnone size-full wp-image-929\" src=\"https:\/\/www.portail-esclavage-reunion.fr\/wp-content\/uploads\/2019\/07\/saint_benoit02.jpg\" alt=\"\" width=\"1500\" height=\"1127\" \/><\/p>\n<p style=\"text-align: center;\"><a href=\"https:\/\/www.portail-esclavage-reunion.fr\/wp-content\/uploads\/2020\/11\/IMG_4146b.jpg\"><img loading=\"lazy\" decoding=\"async\" class=\"alignnone size-full wp-image-3823\" src=\"https:\/\/www.portail-esclavage-reunion.fr\/wp-content\/uploads\/2020\/11\/IMG_4146b.jpg\" alt=\"\" width=\"650\" height=\"433\" srcset=\"https:\/\/www.portail-esclavage-reunion.fr\/wp-content\/uploads\/2020\/11\/IMG_4146b.jpg 650w, https:\/\/www.portail-esclavage-reunion.fr\/wp-content\/uploads\/2020\/11\/IMG_4146b-300x200.jpg 300w\" sizes=\"auto, (max-width: 650px) 100vw, 650px\" \/><\/a><\/p>\n<p style=\"text-align: center;\"><a href=\"https:\/\/www.portail-esclavage-reunion.fr\/wp-content\/uploads\/2020\/11\/IMG_4203b.jpg\"><img loading=\"lazy\" decoding=\"async\" class=\"alignnone size-full wp-image-3821\" src=\"https:\/\/www.portail-esclavage-reunion.fr\/wp-content\/uploads\/2020\/11\/IMG_4203b.jpg\" alt=\"\" width=\"650\" height=\"433\" srcset=\"https:\/\/www.portail-esclavage-reunion.fr\/wp-content\/uploads\/2020\/11\/IMG_4203b.jpg 650w, https:\/\/www.portail-esclavage-reunion.fr\/wp-content\/uploads\/2020\/11\/IMG_4203b-300x200.jpg 300w\" sizes=\"auto, (max-width: 650px) 100vw, 650px\" \/><\/a><\/p>\n<p>&nbsp;<\/p>\n<p>&nbsp;<\/p>\n","protected":false},"author":5,"featured_media":6734,"parent":0,"menu_order":0,"template":"","class_list":["post-6732","lieu-de-memoire","type-lieu-de-memoire","status-publish","has-post-thumbnail","hentry"],"acf":[],"_links":{"self":[{"href":"https:\/\/www.portail-esclavage-reunion.fr\/pt-pt\/wp-json\/wp\/v2\/lieu-de-memoire\/6732","targetHints":{"allow":["GET"]}}],"collection":[{"href":"https:\/\/www.portail-esclavage-reunion.fr\/pt-pt\/wp-json\/wp\/v2\/lieu-de-memoire"}],"about":[{"href":"https:\/\/www.portail-esclavage-reunion.fr\/pt-pt\/wp-json\/wp\/v2\/types\/lieu-de-memoire"}],"author":[{"embeddable":true,"href":"https:\/\/www.portail-esclavage-reunion.fr\/pt-pt\/wp-json\/wp\/v2\/users\/5"}],"wp:featuredmedia":[{"embeddable":true,"href":"https:\/\/www.portail-esclavage-reunion.fr\/pt-pt\/wp-json\/wp\/v2\/media\/6734"}],"wp:attachment":[{"href":"https:\/\/www.portail-esclavage-reunion.fr\/pt-pt\/wp-json\/wp\/v2\/media?parent=6732"}],"curies":[{"name":"wp","href":"https:\/\/api.w.org\/{rel}","templated":true}]}}

<p>Localização: Saint-Benoit -Résidence Fragance<br />
Data: 2001<br />
Artista: Thierry Fontaine<br />
Escultura<br />
Metal (aço Corten)</p>
<p>Criado pelo artista Thierry Fontaine por ocasião do 150º aniversário da abolição da escravatura em 1998, este memorial foi inaugurado a 20 de dezembro de 2001.<br />
Esta obra situa-se na entrada do centro da cidade, perto da Rivière des Marsouins.<br />
O artista criou imagens que transportam mensagens, ou representam as cinco letras da palavra «Livre» e gravou na obra, feita de aço Corten, uma lista alfabética de cerca de duzentos nomes de escravos alforriados em 20 de maio de 1848 na Reunião. Uma vez alcançada a sua liberdade, os escravos, tanto homens como mulheres, tinham agora um nome patronímico. O artista presta homenagem a cada um deles e usa deliberadamente a palavra «Livre» no singular. Para Thierry Fontaine, a palavra «livre» não é um slogan republicano, mas uma oposição direta à escravatura. Refere-se igualmente à liberdade que diz respeito a cada indivíduo. Também o artista deve ser livre no seu processo criativo.</p>
<p style="text-align: center;"><img loading="lazy" decoding="async" class="alignnone size-full wp-image-929" src="https://www.portail-esclavage-reunion.fr/wp-content/uploads/2019/07/saint_benoit02.jpg" alt="" width="1500" height="1127" /></p>
<p style="text-align: center;"><a href="https://www.portail-esclavage-reunion.fr/wp-content/uploads/2020/11/IMG_4146b.jpg"><img loading="lazy" decoding="async" class="alignnone size-full wp-image-3823" src="https://www.portail-esclavage-reunion.fr/wp-content/uploads/2020/11/IMG_4146b.jpg" alt="" width="650" height="433" srcset="https://www.portail-esclavage-reunion.fr/wp-content/uploads/2020/11/IMG_4146b.jpg 650w, https://www.portail-esclavage-reunion.fr/wp-content/uploads/2020/11/IMG_4146b-300x200.jpg 300w" sizes="auto, (max-width: 650px) 100vw, 650px" /></a></p>
<p style="text-align: center;"><a href="https://www.portail-esclavage-reunion.fr/wp-content/uploads/2020/11/IMG_4203b.jpg"><img loading="lazy" decoding="async" class="alignnone size-full wp-image-3821" src="https://www.portail-esclavage-reunion.fr/wp-content/uploads/2020/11/IMG_4203b.jpg" alt="" width="650" height="433" srcset="https://www.portail-esclavage-reunion.fr/wp-content/uploads/2020/11/IMG_4203b.jpg 650w, https://www.portail-esclavage-reunion.fr/wp-content/uploads/2020/11/IMG_4203b-300x200.jpg 300w" sizes="auto, (max-width: 650px) 100vw, 650px" /></a></p>
<p>&nbsp;</p>
<p>&nbsp;</p>
