{"id":6786,"date":"2021-11-10T08:20:25","date_gmt":"2021-11-10T07:20:25","guid":{"rendered":"https:\/\/www.portail-esclavage-reunion.fr\/?post_type=lieu-de-memoire&#038;p=6786"},"modified":"2021-11-10T08:20:25","modified_gmt":"2021-11-10T07:20:25","slug":"anchaing","status":"publish","type":"lieu-de-memoire","link":"https:\/\/www.portail-esclavage-reunion.fr\/pt-pt\/lieux-de-memoire\/anchaing\/","title":{"rendered":"Anchaing"},"content":{"rendered":"<p>Localiza\u00e7\u00e3o: Salazie &#8211; entre a igreja e a C\u00e2mara Municipal de Grand-Ilet<br \/>\nData: 2016<br \/>\nArtista: Gilbert Clain<br \/>\nEscultura &#8211; Pedra<\/p>\n<p>A obra refere-se \u00e0 hist\u00f3ria de Anchaing, um escravo <em>marron<\/em> (fugitivo), o primeiro habitante de Salazie. Este her\u00f3i lend\u00e1rio refugiou-se com a sua companheira H\u00e9va no pico ep\u00f3nimo, o local onde viviam fugitivos.<br \/>\nA est\u00e1tua foi inaugurada a 20 de dezembro de 2016. \u00c9 um dos elementos de um tr\u00edptico juntamente com \u00abH\u00e9va\u00bb, exposta na pra\u00e7a de Hell-Bourg e \u00abH\u00e9va e a crian\u00e7a\u00bb apresentada na ponte de Escalier.<\/p>\n<p style=\"text-align: center;\"><img loading=\"lazy\" decoding=\"async\" class=\"alignnone size-full wp-image-2347\" src=\"https:\/\/www.portail-esclavage-reunion.fr\/wp-content\/uploads\/2019\/12\/IMG_6767b.jpg\" alt=\"\" width=\"650\" height=\"433\" srcset=\"https:\/\/www.portail-esclavage-reunion.fr\/wp-content\/uploads\/2019\/12\/IMG_6767b.jpg 650w, https:\/\/www.portail-esclavage-reunion.fr\/wp-content\/uploads\/2019\/12\/IMG_6767b-300x200.jpg 300w\" sizes=\"auto, (max-width: 650px) 100vw, 650px\" \/><\/p>\n<p style=\"text-align: center;\"><img loading=\"lazy\" decoding=\"async\" class=\"alignnone size-full wp-image-2349\" src=\"https:\/\/www.portail-esclavage-reunion.fr\/wp-content\/uploads\/2019\/12\/IMG_6792b.jpg\" alt=\"\" width=\"650\" height=\"433\" srcset=\"https:\/\/www.portail-esclavage-reunion.fr\/wp-content\/uploads\/2019\/12\/IMG_6792b.jpg 650w, https:\/\/www.portail-esclavage-reunion.fr\/wp-content\/uploads\/2019\/12\/IMG_6792b-300x200.jpg 300w\" sizes=\"auto, (max-width: 650px) 100vw, 650px\" \/><\/p>\n<p>&nbsp;<\/p>\n","protected":false},"author":5,"featured_media":6787,"parent":0,"menu_order":0,"template":"","class_list":["post-6786","lieu-de-memoire","type-lieu-de-memoire","status-publish","has-post-thumbnail","hentry"],"acf":[],"_links":{"self":[{"href":"https:\/\/www.portail-esclavage-reunion.fr\/pt-pt\/wp-json\/wp\/v2\/lieu-de-memoire\/6786","targetHints":{"allow":["GET"]}}],"collection":[{"href":"https:\/\/www.portail-esclavage-reunion.fr\/pt-pt\/wp-json\/wp\/v2\/lieu-de-memoire"}],"about":[{"href":"https:\/\/www.portail-esclavage-reunion.fr\/pt-pt\/wp-json\/wp\/v2\/types\/lieu-de-memoire"}],"author":[{"embeddable":true,"href":"https:\/\/www.portail-esclavage-reunion.fr\/pt-pt\/wp-json\/wp\/v2\/users\/5"}],"wp:featuredmedia":[{"embeddable":true,"href":"https:\/\/www.portail-esclavage-reunion.fr\/pt-pt\/wp-json\/wp\/v2\/media\/6787"}],"wp:attachment":[{"href":"https:\/\/www.portail-esclavage-reunion.fr\/pt-pt\/wp-json\/wp\/v2\/media?parent=6786"}],"curies":[{"name":"wp","href":"https:\/\/api.w.org\/{rel}","templated":true}]}}

<p>Localização: Salazie &#8211; entre a igreja e a Câmara Municipal de Grand-Ilet<br />
Data: 2016<br />
Artista: Gilbert Clain<br />
Escultura &#8211; Pedra</p>
<p>A obra refere-se à história de Anchaing, um escravo <em>marron</em> (fugitivo), o primeiro habitante de Salazie. Este herói lendário refugiou-se com a sua companheira Héva no pico epónimo, o local onde viviam fugitivos.<br />
A estátua foi inaugurada a 20 de dezembro de 2016. É um dos elementos de um tríptico juntamente com «Héva», exposta na praça de Hell-Bourg e «Héva e a criança» apresentada na ponte de Escalier.</p>
<p style="text-align: center;"><img loading="lazy" decoding="async" class="alignnone size-full wp-image-2347" src="https://www.portail-esclavage-reunion.fr/wp-content/uploads/2019/12/IMG_6767b.jpg" alt="" width="650" height="433" srcset="https://www.portail-esclavage-reunion.fr/wp-content/uploads/2019/12/IMG_6767b.jpg 650w, https://www.portail-esclavage-reunion.fr/wp-content/uploads/2019/12/IMG_6767b-300x200.jpg 300w" sizes="auto, (max-width: 650px) 100vw, 650px" /></p>
<p style="text-align: center;"><img loading="lazy" decoding="async" class="alignnone size-full wp-image-2349" src="https://www.portail-esclavage-reunion.fr/wp-content/uploads/2019/12/IMG_6792b.jpg" alt="" width="650" height="433" srcset="https://www.portail-esclavage-reunion.fr/wp-content/uploads/2019/12/IMG_6792b.jpg 650w, https://www.portail-esclavage-reunion.fr/wp-content/uploads/2019/12/IMG_6792b-300x200.jpg 300w" sizes="auto, (max-width: 650px) 100vw, 650px" /></p>
<p>&nbsp;</p>
