{"id":6790,"date":"2021-11-10T08:24:31","date_gmt":"2021-11-10T07:24:31","guid":{"rendered":"https:\/\/www.portail-esclavage-reunion.fr\/?post_type=lieu-de-memoire&#038;p=6790"},"modified":"2021-11-10T08:24:31","modified_gmt":"2021-11-10T07:24:31","slug":"heva","status":"publish","type":"lieu-de-memoire","link":"https:\/\/www.portail-esclavage-reunion.fr\/pt-pt\/lieux-de-memoire\/heva\/","title":{"rendered":"H\u00e9va"},"content":{"rendered":"<p>Localiza\u00e7\u00e3o: Salazie &#8211; Pra\u00e7a de Hell-Bourg<br \/>\nData: 2000<br \/>\nArtista: Gilbert Clain<br \/>\nEscultura &#8211; Pedra<\/p>\n<p>A est\u00e1tua representa H\u00e9va, companheira de Anchaing, o lend\u00e1rio escravo <em>marron<\/em> (fugitivo) que se refugiou no topo do pico que tem o seu nome.<br \/>\nA est\u00e1tua, que simboliza tanto a mulher original como a primeira hero\u00edna da Ilha Bourbon, est\u00e1 disposta sobre um pedestal no meio de um lago. Encontra-se virada para Grand Ilet, outro lugar de mem\u00f3ria onde foi erigida uma estela dedicada a Anchaing.<\/p>\n<img loading=\"lazy\" decoding=\"async\" class=\"alignnone size-full wp-image-2356\" src=\"https:\/\/www.portail-esclavage-reunion.fr\/wp-content\/uploads\/2019\/12\/IMG_6711b.jpg\" alt=\"\" width=\"433\" height=\"650\" srcset=\"https:\/\/www.portail-esclavage-reunion.fr\/wp-content\/uploads\/2019\/12\/IMG_6711b.jpg 433w, https:\/\/www.portail-esclavage-reunion.fr\/wp-content\/uploads\/2019\/12\/IMG_6711b-200x300.jpg 200w\" sizes=\"auto, (max-width: 433px) 100vw, 433px\" \/>\n<img loading=\"lazy\" decoding=\"async\" class=\"alignnone size-full wp-image-2358\" src=\"https:\/\/www.portail-esclavage-reunion.fr\/wp-content\/uploads\/2019\/12\/IMG_6714b.jpg\" alt=\"\" width=\"433\" height=\"650\" srcset=\"https:\/\/www.portail-esclavage-reunion.fr\/wp-content\/uploads\/2019\/12\/IMG_6714b.jpg 433w, https:\/\/www.portail-esclavage-reunion.fr\/wp-content\/uploads\/2019\/12\/IMG_6714b-200x300.jpg 200w\" sizes=\"auto, (max-width: 433px) 100vw, 433px\" \/>\n","protected":false},"author":5,"featured_media":6792,"parent":0,"menu_order":0,"template":"","class_list":["post-6790","lieu-de-memoire","type-lieu-de-memoire","status-publish","has-post-thumbnail","hentry"],"acf":[],"_links":{"self":[{"href":"https:\/\/www.portail-esclavage-reunion.fr\/pt-pt\/wp-json\/wp\/v2\/lieu-de-memoire\/6790","targetHints":{"allow":["GET"]}}],"collection":[{"href":"https:\/\/www.portail-esclavage-reunion.fr\/pt-pt\/wp-json\/wp\/v2\/lieu-de-memoire"}],"about":[{"href":"https:\/\/www.portail-esclavage-reunion.fr\/pt-pt\/wp-json\/wp\/v2\/types\/lieu-de-memoire"}],"author":[{"embeddable":true,"href":"https:\/\/www.portail-esclavage-reunion.fr\/pt-pt\/wp-json\/wp\/v2\/users\/5"}],"wp:featuredmedia":[{"embeddable":true,"href":"https:\/\/www.portail-esclavage-reunion.fr\/pt-pt\/wp-json\/wp\/v2\/media\/6792"}],"wp:attachment":[{"href":"https:\/\/www.portail-esclavage-reunion.fr\/pt-pt\/wp-json\/wp\/v2\/media?parent=6790"}],"curies":[{"name":"wp","href":"https:\/\/api.w.org\/{rel}","templated":true}]}}

Héva

<p>Localização: Salazie &#8211; Praça de Hell-Bourg<br />
Data: 2000<br />
Artista: Gilbert Clain<br />
Escultura &#8211; Pedra</p>
<p>A estátua representa Héva, companheira de Anchaing, o lendário escravo <em>marron</em> (fugitivo) que se refugiou no topo do pico que tem o seu nome.<br />
A estátua, que simboliza tanto a mulher original como a primeira heroína da Ilha Bourbon, está disposta sobre um pedestal no meio de um lago. Encontra-se virada para Grand Ilet, outro lugar de memória onde foi erigida uma estela dedicada a Anchaing.</p>
<img loading="lazy" decoding="async" class="alignnone size-full wp-image-2356" src="https://www.portail-esclavage-reunion.fr/wp-content/uploads/2019/12/IMG_6711b.jpg" alt="" width="433" height="650" srcset="https://www.portail-esclavage-reunion.fr/wp-content/uploads/2019/12/IMG_6711b.jpg 433w, https://www.portail-esclavage-reunion.fr/wp-content/uploads/2019/12/IMG_6711b-200x300.jpg 200w" sizes="auto, (max-width: 433px) 100vw, 433px" />
<img loading="lazy" decoding="async" class="alignnone size-full wp-image-2358" src="https://www.portail-esclavage-reunion.fr/wp-content/uploads/2019/12/IMG_6714b.jpg" alt="" width="433" height="650" srcset="https://www.portail-esclavage-reunion.fr/wp-content/uploads/2019/12/IMG_6714b.jpg 433w, https://www.portail-esclavage-reunion.fr/wp-content/uploads/2019/12/IMG_6714b-200x300.jpg 200w" sizes="auto, (max-width: 433px) 100vw, 433px" />
