{"id":6794,"date":"2021-11-10T08:26:32","date_gmt":"2021-11-10T07:26:32","guid":{"rendered":"https:\/\/www.portail-esclavage-reunion.fr\/?post_type=lieu-de-memoire&#038;p=6794"},"modified":"2021-11-10T08:26:32","modified_gmt":"2021-11-10T07:26:32","slug":"heva-e-a-crianca","status":"publish","type":"lieu-de-memoire","link":"https:\/\/www.portail-esclavage-reunion.fr\/pt-pt\/lieux-de-memoire\/heva-e-a-crianca\/","title":{"rendered":"H\u00e9va e a crian\u00e7a"},"content":{"rendered":"<p>Localiza\u00e7\u00e3o: Salazie &#8211; Pont de l&#8217;Escalier<br \/>\nData: 1999<br \/>\nData de instala\u00e7\u00e3o: entre 2008-2009<br \/>\nArtista: Gilbert Clain<br \/>\nEscultura<br \/>\nPedra<\/p>\n<p>Esta est\u00e1tua de pedra bas\u00e1ltica representa a escrava H\u00e9va com o seu filho nos bra\u00e7os.<br \/>\nA escultura, obra do artista Gilbert Clain, est\u00e1 instalada perto da Pont de l&#8217;escalier, na entrada de Salazie.<br \/>\nA companheira do grande chefe <em>marron<\/em> (fugitivo), Anchaing, est\u00e1 aqui representada fugindo da sua condi\u00e7\u00e3o de escrava com o seu filho no circo de Salazie, no topo de uma montanha quase inacess\u00edvel, conhecida hoje como \u00able Piton d&#8217;Anchaing\u00bb.<\/p>\n<p style=\"text-align: center;\"><img loading=\"lazy\" decoding=\"async\" class=\"alignnone size-full wp-image-2363\" src=\"https:\/\/www.portail-esclavage-reunion.fr\/wp-content\/uploads\/2019\/12\/IMG_4058b.jpg\" alt=\"\" width=\"433\" height=\"650\" srcset=\"https:\/\/www.portail-esclavage-reunion.fr\/wp-content\/uploads\/2019\/12\/IMG_4058b.jpg 433w, https:\/\/www.portail-esclavage-reunion.fr\/wp-content\/uploads\/2019\/12\/IMG_4058b-200x300.jpg 200w\" sizes=\"auto, (max-width: 433px) 100vw, 433px\" \/><\/p>\n<p style=\"text-align: center;\"><a href=\"https:\/\/www.portail-esclavage-reunion.fr\/wp-content\/uploads\/2019\/12\/IMG_4107b.jpg\"><img loading=\"lazy\" decoding=\"async\" class=\"alignnone size-full wp-image-4781\" src=\"https:\/\/www.portail-esclavage-reunion.fr\/wp-content\/uploads\/2019\/12\/IMG_4107b.jpg\" alt=\"\" width=\"650\" height=\"433\" srcset=\"https:\/\/www.portail-esclavage-reunion.fr\/wp-content\/uploads\/2019\/12\/IMG_4107b.jpg 650w, https:\/\/www.portail-esclavage-reunion.fr\/wp-content\/uploads\/2019\/12\/IMG_4107b-300x200.jpg 300w\" sizes=\"auto, (max-width: 650px) 100vw, 650px\" \/><\/a><\/p>\n<p>&nbsp;<\/p>\n","protected":false},"author":5,"featured_media":6795,"parent":0,"menu_order":0,"template":"","class_list":["post-6794","lieu-de-memoire","type-lieu-de-memoire","status-publish","has-post-thumbnail","hentry"],"acf":[],"_links":{"self":[{"href":"https:\/\/www.portail-esclavage-reunion.fr\/pt-pt\/wp-json\/wp\/v2\/lieu-de-memoire\/6794","targetHints":{"allow":["GET"]}}],"collection":[{"href":"https:\/\/www.portail-esclavage-reunion.fr\/pt-pt\/wp-json\/wp\/v2\/lieu-de-memoire"}],"about":[{"href":"https:\/\/www.portail-esclavage-reunion.fr\/pt-pt\/wp-json\/wp\/v2\/types\/lieu-de-memoire"}],"author":[{"embeddable":true,"href":"https:\/\/www.portail-esclavage-reunion.fr\/pt-pt\/wp-json\/wp\/v2\/users\/5"}],"wp:featuredmedia":[{"embeddable":true,"href":"https:\/\/www.portail-esclavage-reunion.fr\/pt-pt\/wp-json\/wp\/v2\/media\/6795"}],"wp:attachment":[{"href":"https:\/\/www.portail-esclavage-reunion.fr\/pt-pt\/wp-json\/wp\/v2\/media?parent=6794"}],"curies":[{"name":"wp","href":"https:\/\/api.w.org\/{rel}","templated":true}]}}

Héva e a criança

<p>Localização: Salazie &#8211; Pont de l&#8217;Escalier<br />
Data: 1999<br />
Data de instalação: entre 2008-2009<br />
Artista: Gilbert Clain<br />
Escultura<br />
Pedra</p>
<p>Esta estátua de pedra basáltica representa a escrava Héva com o seu filho nos braços.<br />
A escultura, obra do artista Gilbert Clain, está instalada perto da Pont de l&#8217;escalier, na entrada de Salazie.<br />
A companheira do grande chefe <em>marron</em> (fugitivo), Anchaing, está aqui representada fugindo da sua condição de escrava com o seu filho no circo de Salazie, no topo de uma montanha quase inacessível, conhecida hoje como «le Piton d&#8217;Anchaing».</p>
<p style="text-align: center;"><img loading="lazy" decoding="async" class="alignnone size-full wp-image-2363" src="https://www.portail-esclavage-reunion.fr/wp-content/uploads/2019/12/IMG_4058b.jpg" alt="" width="433" height="650" srcset="https://www.portail-esclavage-reunion.fr/wp-content/uploads/2019/12/IMG_4058b.jpg 433w, https://www.portail-esclavage-reunion.fr/wp-content/uploads/2019/12/IMG_4058b-200x300.jpg 200w" sizes="auto, (max-width: 433px) 100vw, 433px" /></p>
<p style="text-align: center;"><a href="https://www.portail-esclavage-reunion.fr/wp-content/uploads/2019/12/IMG_4107b.jpg"><img loading="lazy" decoding="async" class="alignnone size-full wp-image-4781" src="https://www.portail-esclavage-reunion.fr/wp-content/uploads/2019/12/IMG_4107b.jpg" alt="" width="650" height="433" srcset="https://www.portail-esclavage-reunion.fr/wp-content/uploads/2019/12/IMG_4107b.jpg 650w, https://www.portail-esclavage-reunion.fr/wp-content/uploads/2019/12/IMG_4107b-300x200.jpg 300w" sizes="auto, (max-width: 650px) 100vw, 650px" /></a></p>
<p>&nbsp;</p>
