{"id":16073,"date":"2026-03-03T10:56:28","date_gmt":"2026-03-03T06:56:28","guid":{"rendered":"https:\/\/www.portail-esclavage-reunion.fr\/?post_type=lieu-de-memoire&#038;p=16073"},"modified":"2026-03-03T10:56:29","modified_gmt":"2026-03-03T06:56:29","slug":"lestatu-la-route-lesklavaj","status":"publish","type":"lieu-de-memoire","link":"https:\/\/www.portail-esclavage-reunion.fr\/re\/lieux-de-memoire\/lestatu-la-route-lesklavaj\/","title":{"rendered":"L\u00e9stat\u00fc la route l\u00e9sklavaj"},"content":{"rendered":"\n<p>Landroi : Sin-Pol &#8211; Bordm\u00e8r<br>Lan\u00e9 2005<br>Lartist : C. Rabemanjara, Dolaine Courtis Fuma<br>Sk\u00fcltir<br>Bazalt<\/p>\n\n\n\n<p>Po lo proj\u00e9 \u00ab <em>Itin\u00e9raire de la m\u00e9moire, la route de l\u2019esclave<\/em> \u00bb, l\u2019UNESCO la-m\u00e8te an-plasse lan\u00e9 1994, lo 8 d\u00e9ssanm 2005, la-instale in lansanb l\u00e9stat\u00fc dessi fron-d\u2019m\u00e8r Sin-Pol, dessou pi\u00e9 filao, par kot\u00e9 la plasse lo d\u00e9barkad\u00e8r.<br>Bann l\u00ebv lartis malgash, C. Rabemananjara ansanm lartis r\u00e9nyon\u00e9 Dolaine Courtis Fuma, i rande in lomaj bann z\u00e9sklav Madagaskar la-d\u00e9barke an-poundiak at\u00e8rla. I p\u00eb voir bann fanm \u00e8k zot linj tradisyon\u00e8l, i prot\u00e8je zot zazak\u00e8l konm in bon monmon, \u00e9pila bann bononm deboute i tourne lo do la m\u00e8r, i tourne lo do zot p\u00e9i lorijine.<\/p>\n\n\n<div class=\"wp-block-image\">\n<figure class=\"aligncenter\"><img loading=\"lazy\" decoding=\"async\" width=\"433\" height=\"650\" src=\"https:\/\/www.portail-esclavage-reunion.fr\/wp-content\/uploads\/2019\/12\/IMG_7101.jpg\" alt=\"\" class=\"wp-image-2314\" srcset=\"https:\/\/www.portail-esclavage-reunion.fr\/wp-content\/uploads\/2019\/12\/IMG_7101.jpg 433w, https:\/\/www.portail-esclavage-reunion.fr\/wp-content\/uploads\/2019\/12\/IMG_7101-200x300.jpg 200w\" sizes=\"auto, (max-width: 433px) 100vw, 433px\" \/><\/figure><\/div>\n\n\n<p class=\"has-text-align-center\"><\/p>\n\n\n\n<p>&nbsp;<\/p>\n\n\n\n<figure class=\"wp-block-image\"><img loading=\"lazy\" decoding=\"async\" width=\"650\" height=\"433\" src=\"https:\/\/www.portail-esclavage-reunion.fr\/wp-content\/uploads\/2019\/12\/IMG_7121b.jpg\" alt=\"\" class=\"wp-image-2310\" srcset=\"https:\/\/www.portail-esclavage-reunion.fr\/wp-content\/uploads\/2019\/12\/IMG_7121b.jpg 650w, https:\/\/www.portail-esclavage-reunion.fr\/wp-content\/uploads\/2019\/12\/IMG_7121b-300x200.jpg 300w\" sizes=\"auto, (max-width: 650px) 100vw, 650px\" \/><\/figure>\n\n\n\n<p class=\"has-text-align-center\"><\/p>\n\n\n\n<p>&nbsp;<\/p>\n\n\n\n<figure class=\"wp-block-image\"><img loading=\"lazy\" decoding=\"async\" width=\"650\" height=\"433\" src=\"https:\/\/www.portail-esclavage-reunion.fr\/wp-content\/uploads\/2019\/12\/IMG_7125b.jpg\" alt=\"\" class=\"wp-image-2312\" srcset=\"https:\/\/www.portail-esclavage-reunion.fr\/wp-content\/uploads\/2019\/12\/IMG_7125b.jpg 650w, https:\/\/www.portail-esclavage-reunion.fr\/wp-content\/uploads\/2019\/12\/IMG_7125b-300x200.jpg 300w\" sizes=\"auto, (max-width: 650px) 100vw, 650px\" \/><\/figure>\n\n\n\n<p class=\"has-text-align-center\"><\/p>\n\n\n\n<p>\u00a0<\/p>\n","protected":false},"author":5,"featured_media":16074,"parent":0,"menu_order":0,"template":"","class_list":["post-16073","lieu-de-memoire","type-lieu-de-memoire","status-publish","has-post-thumbnail","hentry"],"acf":[],"_links":{"self":[{"href":"https:\/\/www.portail-esclavage-reunion.fr\/re\/wp-json\/wp\/v2\/lieu-de-memoire\/16073","targetHints":{"allow":["GET"]}}],"collection":[{"href":"https:\/\/www.portail-esclavage-reunion.fr\/re\/wp-json\/wp\/v2\/lieu-de-memoire"}],"about":[{"href":"https:\/\/www.portail-esclavage-reunion.fr\/re\/wp-json\/wp\/v2\/types\/lieu-de-memoire"}],"author":[{"embeddable":true,"href":"https:\/\/www.portail-esclavage-reunion.fr\/re\/wp-json\/wp\/v2\/users\/5"}],"wp:featuredmedia":[{"embeddable":true,"href":"https:\/\/www.portail-esclavage-reunion.fr\/re\/wp-json\/wp\/v2\/media\/16074"}],"wp:attachment":[{"href":"https:\/\/www.portail-esclavage-reunion.fr\/re\/wp-json\/wp\/v2\/media?parent=16073"}],"curies":[{"name":"wp","href":"https:\/\/api.w.org\/{rel}","templated":true}]}}

Léstatü la route lésklavaj

<p>Landroi : Sin-Pol &#8211; Bordmèr<br>Lané 2005<br>Lartist : C. Rabemanjara, Dolaine Courtis Fuma<br>Skültir<br>Bazalt</p>



<p>Po lo projé « <em>Itinéraire de la mémoire, la route de l’esclave</em> », l’UNESCO la-mète an-plasse lané 1994, lo 8 déssanm 2005, la-instale in lansanb léstatü dessi fron-d’mèr Sin-Pol, dessou pié filao, par koté la plasse lo débarkadèr.<br>Bann lëv lartis malgash, C. Rabemananjara ansanm lartis rényoné Dolaine Courtis Fuma, i rande in lomaj bann zésklav Madagaskar la-débarke an-poundiak atèrla. I pë voir bann fanm èk zot linj tradisyonèl, i protèje zot zazakèl konm in bon monmon, épila bann bononm deboute i tourne lo do la mèr, i tourne lo do zot péi lorijine.</p>


<div class="wp-block-image">
<figure class="aligncenter"><img loading="lazy" decoding="async" width="433" height="650" src="https://www.portail-esclavage-reunion.fr/wp-content/uploads/2019/12/IMG_7101.jpg" alt="" class="wp-image-2314" srcset="https://www.portail-esclavage-reunion.fr/wp-content/uploads/2019/12/IMG_7101.jpg 433w, https://www.portail-esclavage-reunion.fr/wp-content/uploads/2019/12/IMG_7101-200x300.jpg 200w" sizes="auto, (max-width: 433px) 100vw, 433px" /></figure></div>


<p class="has-text-align-center"></p>



<p>&nbsp;</p>



<figure class="wp-block-image"><img loading="lazy" decoding="async" width="650" height="433" src="https://www.portail-esclavage-reunion.fr/wp-content/uploads/2019/12/IMG_7121b.jpg" alt="" class="wp-image-2310" srcset="https://www.portail-esclavage-reunion.fr/wp-content/uploads/2019/12/IMG_7121b.jpg 650w, https://www.portail-esclavage-reunion.fr/wp-content/uploads/2019/12/IMG_7121b-300x200.jpg 300w" sizes="auto, (max-width: 650px) 100vw, 650px" /></figure>



<p class="has-text-align-center"></p>



<p>&nbsp;</p>



<figure class="wp-block-image"><img loading="lazy" decoding="async" width="650" height="433" src="https://www.portail-esclavage-reunion.fr/wp-content/uploads/2019/12/IMG_7125b.jpg" alt="" class="wp-image-2312" srcset="https://www.portail-esclavage-reunion.fr/wp-content/uploads/2019/12/IMG_7125b.jpg 650w, https://www.portail-esclavage-reunion.fr/wp-content/uploads/2019/12/IMG_7125b-300x200.jpg 300w" sizes="auto, (max-width: 650px) 100vw, 650px" /></figure>



<p class="has-text-align-center"></p>



<p> </p>
