{"id":16079,"date":"2026-03-03T11:07:21","date_gmt":"2026-03-03T07:07:21","guid":{"rendered":"https:\/\/www.portail-esclavage-reunion.fr\/?post_type=lieu-de-memoire&#038;p=16079"},"modified":"2026-03-03T11:16:58","modified_gmt":"2026-03-03T07:16:58","slug":"memorial-aux-ancetres-fondateurszetwal-la-souvnans","status":"publish","type":"lieu-de-memoire","link":"https:\/\/www.portail-esclavage-reunion.fr\/re\/lieux-de-memoire\/memorial-aux-ancetres-fondateurszetwal-la-souvnans\/","title":{"rendered":"<em>M\u00e9morial aux anc\u00eatres fondateurs<\/em><br>Zetwal la Souvenans"},"content":{"rendered":"\n<p>Landroi : Sin-Pol \u2013 Simeti\u00e8r marin<br>Lan\u00e9 2013<br>Lartist : Jack Beng Thi<br>Sk\u00fcltir<br>F\u00e8r-Bazalt<\/p>\n\n\n\n<p>L\u00ebv lo sk\u00fclt\u00ebr Jack Beng Thi, lo m\u00e9morial bann z\u00e9sklav i ap\u00e8le \u00ab <em>M\u00e9morial aux anc\u00eatres fondateurs<\/em> &#8211; Zetwal la Souvenans \u00bb t\u00e9 dr\u00e9ss\u00e9 lo moi d\u00e9ssanm 2013, kost\u00e9 \u00e8k lo simeti\u00e8r marin Sin-Pol, kot\u00e9 m\u00e8r.<br>Lo m\u00e9morial l\u00e9 f\u00e9 an-deu morso : 20 blok an-pi\u00e8r i sinbolize lo bann tonbo po lo bann l\u00e9skel\u00e8te la-trouv\u00e9 apr\u00e9 lo passaj siklone Gam\u00e8de lan\u00e9 2007 ; \u00e9pila in gran portik an-f\u00e8r. Dessi lo kot\u00e9 tourn\u00e9 v\u00e8r loss\u00e9an, n\u00e9na inn s\u00e8ne i ropr\u00e9zante bann z\u00e9sklav dessi in bato n\u00e9gri\u00e9. Dessi l\u2019ot kot\u00e9, tourn\u00e9 v\u00e8r la montagn , n\u00e9na in po\u00e8m lartis la-\u00e9krir po rande konte la soufrans bann z\u00e9sklav.<\/p>\n\n\n\n<figure class=\"wp-block-image\"><img loading=\"lazy\" decoding=\"async\" width=\"650\" height=\"433\" src=\"https:\/\/www.portail-esclavage-reunion.fr\/wp-content\/uploads\/2019\/12\/IMG_7141b.jpg\" alt=\"\" class=\"wp-image-2301\" srcset=\"https:\/\/www.portail-esclavage-reunion.fr\/wp-content\/uploads\/2019\/12\/IMG_7141b.jpg 650w, https:\/\/www.portail-esclavage-reunion.fr\/wp-content\/uploads\/2019\/12\/IMG_7141b-300x200.jpg 300w\" sizes=\"auto, (max-width: 650px) 100vw, 650px\" \/><\/figure>\n\n\n\n<p class=\"has-text-align-center\"><\/p>\n\n\n\n<figure class=\"wp-block-image\"><img loading=\"lazy\" decoding=\"async\" width=\"433\" height=\"650\" src=\"https:\/\/www.portail-esclavage-reunion.fr\/wp-content\/uploads\/2019\/12\/IMG_7171b.jpg\" alt=\"\" class=\"wp-image-2303\" srcset=\"https:\/\/www.portail-esclavage-reunion.fr\/wp-content\/uploads\/2019\/12\/IMG_7171b.jpg 433w, https:\/\/www.portail-esclavage-reunion.fr\/wp-content\/uploads\/2019\/12\/IMG_7171b-200x300.jpg 200w\" sizes=\"auto, (max-width: 433px) 100vw, 433px\" \/><\/figure>\n\n\n\n<p class=\"has-text-align-center\"><\/p>\n\n\n\n<figure class=\"wp-block-image\"><img loading=\"lazy\" decoding=\"async\" width=\"433\" height=\"650\" src=\"https:\/\/www.portail-esclavage-reunion.fr\/wp-content\/uploads\/2019\/12\/IMG_7181b.jpg\" alt=\"\" class=\"wp-image-2305\" srcset=\"https:\/\/www.portail-esclavage-reunion.fr\/wp-content\/uploads\/2019\/12\/IMG_7181b.jpg 433w, https:\/\/www.portail-esclavage-reunion.fr\/wp-content\/uploads\/2019\/12\/IMG_7181b-200x300.jpg 200w\" sizes=\"auto, (max-width: 433px) 100vw, 433px\" \/><\/figure>\n\n\n\n<p class=\"has-text-align-center\">&nbsp;<\/p>\n","protected":false},"author":5,"featured_media":16080,"parent":0,"menu_order":0,"template":"","class_list":["post-16079","lieu-de-memoire","type-lieu-de-memoire","status-publish","has-post-thumbnail","hentry"],"acf":[],"_links":{"self":[{"href":"https:\/\/www.portail-esclavage-reunion.fr\/re\/wp-json\/wp\/v2\/lieu-de-memoire\/16079","targetHints":{"allow":["GET"]}}],"collection":[{"href":"https:\/\/www.portail-esclavage-reunion.fr\/re\/wp-json\/wp\/v2\/lieu-de-memoire"}],"about":[{"href":"https:\/\/www.portail-esclavage-reunion.fr\/re\/wp-json\/wp\/v2\/types\/lieu-de-memoire"}],"author":[{"embeddable":true,"href":"https:\/\/www.portail-esclavage-reunion.fr\/re\/wp-json\/wp\/v2\/users\/5"}],"wp:featuredmedia":[{"embeddable":true,"href":"https:\/\/www.portail-esclavage-reunion.fr\/re\/wp-json\/wp\/v2\/media\/16080"}],"wp:attachment":[{"href":"https:\/\/www.portail-esclavage-reunion.fr\/re\/wp-json\/wp\/v2\/media?parent=16079"}],"curies":[{"name":"wp","href":"https:\/\/api.w.org\/{rel}","templated":true}]}}

<em>Mémorial aux ancêtres fondateurs</em><br>Zetwal la Souvenans

<p>Landroi : Sin-Pol – Simetièr marin<br>Lané 2013<br>Lartist : Jack Beng Thi<br>Skültir<br>Fèr-Bazalt</p>



<p>Lëv lo skültër Jack Beng Thi, lo mémorial bann zésklav i apèle « <em>Mémorial aux ancêtres fondateurs</em> &#8211; Zetwal la Souvenans » té dréssé lo moi déssanm 2013, kosté èk lo simetièr marin Sin-Pol, koté mèr.<br>Lo mémorial lé fé an-deu morso : 20 blok an-pièr i sinbolize lo bann tonbo po lo bann léskelète la-trouvé apré lo passaj siklone Gamède lané 2007 ; épila in gran portik an-fèr. Dessi lo koté tourné vèr losséan, néna inn sène i roprézante bann zésklav dessi in bato négrié. Dessi l’ot koté, tourné vèr la montagn , néna in poèm lartis la-ékrir po rande konte la soufrans bann zésklav.</p>



<figure class="wp-block-image"><img loading="lazy" decoding="async" width="650" height="433" src="https://www.portail-esclavage-reunion.fr/wp-content/uploads/2019/12/IMG_7141b.jpg" alt="" class="wp-image-2301" srcset="https://www.portail-esclavage-reunion.fr/wp-content/uploads/2019/12/IMG_7141b.jpg 650w, https://www.portail-esclavage-reunion.fr/wp-content/uploads/2019/12/IMG_7141b-300x200.jpg 300w" sizes="auto, (max-width: 650px) 100vw, 650px" /></figure>



<p class="has-text-align-center"></p>



<figure class="wp-block-image"><img loading="lazy" decoding="async" width="433" height="650" src="https://www.portail-esclavage-reunion.fr/wp-content/uploads/2019/12/IMG_7171b.jpg" alt="" class="wp-image-2303" srcset="https://www.portail-esclavage-reunion.fr/wp-content/uploads/2019/12/IMG_7171b.jpg 433w, https://www.portail-esclavage-reunion.fr/wp-content/uploads/2019/12/IMG_7171b-200x300.jpg 200w" sizes="auto, (max-width: 433px) 100vw, 433px" /></figure>



<p class="has-text-align-center"></p>



<figure class="wp-block-image"><img loading="lazy" decoding="async" width="433" height="650" src="https://www.portail-esclavage-reunion.fr/wp-content/uploads/2019/12/IMG_7181b.jpg" alt="" class="wp-image-2305" srcset="https://www.portail-esclavage-reunion.fr/wp-content/uploads/2019/12/IMG_7181b.jpg 433w, https://www.portail-esclavage-reunion.fr/wp-content/uploads/2019/12/IMG_7181b-200x300.jpg 200w" sizes="auto, (max-width: 433px) 100vw, 433px" /></figure>



<p class="has-text-align-center">&nbsp;</p>
