{"id":16085,"date":"2026-03-03T11:22:34","date_gmt":"2026-03-03T07:22:34","guid":{"rendered":"https:\/\/www.portail-esclavage-reunion.fr\/?post_type=lieu-de-memoire&#038;p=16085"},"modified":"2026-03-03T11:22:34","modified_gmt":"2026-03-03T07:22:34","slug":"po-la-marone-ek-lo-marron-inkonu","status":"publish","type":"lieu-de-memoire","link":"https:\/\/www.portail-esclavage-reunion.fr\/re\/lieux-de-memoire\/po-la-marone-ek-lo-marron-inkonu\/","title":{"rendered":"Po la marone \u00e8k lo marron inkon\u00fc"},"content":{"rendered":"\n<p>Landroi : Sin-Pol &#8211; La plasse la M\u00e8ri<br>Zan\u00e9 2010-2011<br>Lartist : Dolaine Courtis Fuma<br>Sk\u00fcltir<br>Bazalt<\/p>\n\n\n\n<p>N\u00e9na deu st\u00e8l lartist Dolaine Courtis Fuma la-sk\u00fclt\u00e9, l\u00e9 dress\u00e9 shak kot\u00e9 la grann porte lantr\u00e9 la m\u00e9ri Sin-Pol. I rande in lomaj toute bann maron ansanm marone inkon\u00fc. Konm lartist i di : \u00ab c\u00e9 in rokon\u00e9ssans po toute bann z\u00e9sklav la niabou shap\u00e9 \u00e9pila la jam\u00e9 rotrouve zot trasse \u00bb.<\/p>\n\n\n\n<p>Dr\u00e9ss\u00e9 lan\u00e9 2010, \u00ab Po la marone inkon\u00fc \u00bb i ropr\u00e9zante inn l\u00e9sklav la niabou kons\u00e8rve son domounit\u00e9 malgr\u00e9 lo bann sh\u00e8ne, \u00e8l i done lamour \u00e8k la prot\u00e8ksyon. Mom\u00fcman-la l\u00e9 f\u00e9 \u00e8k la rosh volkan, inn rosh i grafine, i rap\u00e8le lo mal\u00e9r\u00e9 sor bann z\u00e9sklav \u00e9pila la koul\u00ebr zot po.<\/p>\n\n\n\n<p>Inog\u00fcr\u00e9 mois d\u00e9ssanm lan\u00e9 2011, lo deuzi\u00e8m morso, lo bononm, i ap\u00e8le \u00ab Po lo maron inkon\u00fc \u00bb, l\u00e9 sk\u00fclt\u00e9 an-bazalt par\u00e8y m\u00e8m.<\/p>\n\n\n\n<figure class=\"wp-block-image\"><img loading=\"lazy\" decoding=\"async\" width=\"433\" height=\"650\" src=\"https:\/\/www.portail-esclavage-reunion.fr\/wp-content\/uploads\/2019\/12\/IMG_6999b.jpg\" alt=\"\" class=\"wp-image-2283\" srcset=\"https:\/\/www.portail-esclavage-reunion.fr\/wp-content\/uploads\/2019\/12\/IMG_6999b.jpg 433w, https:\/\/www.portail-esclavage-reunion.fr\/wp-content\/uploads\/2019\/12\/IMG_6999b-200x300.jpg 200w\" sizes=\"auto, (max-width: 433px) 100vw, 433px\" \/><\/figure>\n\n\n\n<p><\/p>\n\n\n\n<figure class=\"wp-block-image\"><img loading=\"lazy\" decoding=\"async\" width=\"433\" height=\"650\" src=\"https:\/\/www.portail-esclavage-reunion.fr\/wp-content\/uploads\/2019\/12\/IMG_7012b.jpg\" alt=\"\" class=\"wp-image-2285\" srcset=\"https:\/\/www.portail-esclavage-reunion.fr\/wp-content\/uploads\/2019\/12\/IMG_7012b.jpg 433w, https:\/\/www.portail-esclavage-reunion.fr\/wp-content\/uploads\/2019\/12\/IMG_7012b-200x300.jpg 200w\" sizes=\"auto, (max-width: 433px) 100vw, 433px\" \/><\/figure>\n","protected":false},"author":5,"featured_media":16087,"parent":0,"menu_order":0,"template":"","class_list":["post-16085","lieu-de-memoire","type-lieu-de-memoire","status-publish","has-post-thumbnail","hentry"],"acf":[],"_links":{"self":[{"href":"https:\/\/www.portail-esclavage-reunion.fr\/re\/wp-json\/wp\/v2\/lieu-de-memoire\/16085","targetHints":{"allow":["GET"]}}],"collection":[{"href":"https:\/\/www.portail-esclavage-reunion.fr\/re\/wp-json\/wp\/v2\/lieu-de-memoire"}],"about":[{"href":"https:\/\/www.portail-esclavage-reunion.fr\/re\/wp-json\/wp\/v2\/types\/lieu-de-memoire"}],"author":[{"embeddable":true,"href":"https:\/\/www.portail-esclavage-reunion.fr\/re\/wp-json\/wp\/v2\/users\/5"}],"wp:featuredmedia":[{"embeddable":true,"href":"https:\/\/www.portail-esclavage-reunion.fr\/re\/wp-json\/wp\/v2\/media\/16087"}],"wp:attachment":[{"href":"https:\/\/www.portail-esclavage-reunion.fr\/re\/wp-json\/wp\/v2\/media?parent=16085"}],"curies":[{"name":"wp","href":"https:\/\/api.w.org\/{rel}","templated":true}]}}

Po la marone èk lo marron inkonü

<p>Landroi : Sin-Pol &#8211; La plasse la Mèri<br>Zané 2010-2011<br>Lartist : Dolaine Courtis Fuma<br>Skültir<br>Bazalt</p>



<p>Néna deu stèl lartist Dolaine Courtis Fuma la-skülté, lé dressé shak koté la grann porte lantré la méri Sin-Pol. I rande in lomaj toute bann maron ansanm marone inkonü. Konm lartist i di : « cé in rokonéssans po toute bann zésklav la niabou shapé épila la jamé rotrouve zot trasse ».</p>



<p>Dréssé lané 2010, « Po la marone inkonü » i roprézante inn lésklav la niabou konsèrve son domounité malgré lo bann shène, èl i done lamour èk la protèksyon. Momüman-la lé fé èk la rosh volkan, inn rosh i grafine, i rapèle lo maléré sor bann zésklav épila la koulër zot po.</p>



<p>Inogüré mois déssanm lané 2011, lo deuzièm morso, lo bononm, i apèle « Po lo maron inkonü », lé skülté an-bazalt parèy mèm.</p>



<figure class="wp-block-image"><img loading="lazy" decoding="async" width="433" height="650" src="https://www.portail-esclavage-reunion.fr/wp-content/uploads/2019/12/IMG_6999b.jpg" alt="" class="wp-image-2283" srcset="https://www.portail-esclavage-reunion.fr/wp-content/uploads/2019/12/IMG_6999b.jpg 433w, https://www.portail-esclavage-reunion.fr/wp-content/uploads/2019/12/IMG_6999b-200x300.jpg 200w" sizes="auto, (max-width: 433px) 100vw, 433px" /></figure>



<p></p>



<figure class="wp-block-image"><img loading="lazy" decoding="async" width="433" height="650" src="https://www.portail-esclavage-reunion.fr/wp-content/uploads/2019/12/IMG_7012b.jpg" alt="" class="wp-image-2285" srcset="https://www.portail-esclavage-reunion.fr/wp-content/uploads/2019/12/IMG_7012b.jpg 433w, https://www.portail-esclavage-reunion.fr/wp-content/uploads/2019/12/IMG_7012b-200x300.jpg 200w" sizes="auto, (max-width: 433px) 100vw, 433px" /></figure>
