{"id":16090,"date":"2026-03-03T11:24:53","date_gmt":"2026-03-03T07:24:53","guid":{"rendered":"https:\/\/www.portail-esclavage-reunion.fr\/?post_type=lieu-de-memoire&#038;p=16090"},"modified":"2026-03-03T11:24:53","modified_gmt":"2026-03-03T07:24:53","slug":"lo-kolie-lesklav","status":"publish","type":"lieu-de-memoire","link":"https:\/\/www.portail-esclavage-reunion.fr\/re\/lieux-de-memoire\/lo-kolie-lesklav\/","title":{"rendered":"Lo koli\u00e9 l\u00e9sklav"},"content":{"rendered":"\n<p>Landroi : Sin-Pol &#8211; Bordm\u00e8r<br>Lan\u00e9 1999<br>Lartist : Alain Louis Padeau<br>Sk\u00fcltir <br>F\u00e8r<\/p>\n\n\n\n<p>Lo sk\u00fcltir lartis Alain Padeau i ap\u00e8le \u00ab Lo koli\u00e9 l\u00e9sklav \u00bb, l\u00e9t\u00e9 inog\u00fcr\u00e9 lo 20 d\u00e9ssanm 1999.<br>L\u00e9 dr\u00e9ss\u00e9 an-fasse la m\u00e8r ou\u00e7a bann z\u00e9sklav l\u00e9t\u00e9 dessi bato n\u00e9gri\u00e9 t\u00e9 i d\u00e9barke. Landroi l\u00e9 sinbolik, konm lasp\u00e9 mon\u00fcmantal lo koli\u00e9 rouv\u00e8r po ropr\u00e9zante la lib\u00e8rt\u00e9 la-rande bann z\u00e9slkav. N\u00e9na six blok r\u00e9ktang\u00fcl\u00e8r, konm bann pi\u00e8r tonbal, l\u00e9 plant\u00e9 otour la sk\u00fcltir m\u00e9talik, dessi l\u00e9 \u00e9kri lo nom bann z\u00e9sklav afranshi apr\u00e9 labolisyon. <\/p>\n\n\n\n<p>&nbsp;<\/p>\n\n\n\n<figure class=\"wp-block-image\"><img loading=\"lazy\" decoding=\"async\" width=\"650\" height=\"433\" src=\"https:\/\/www.portail-esclavage-reunion.fr\/wp-content\/uploads\/2019\/12\/IMG_4236b.jpg\" alt=\"\" class=\"wp-image-2294\" srcset=\"https:\/\/www.portail-esclavage-reunion.fr\/wp-content\/uploads\/2019\/12\/IMG_4236b.jpg 650w, https:\/\/www.portail-esclavage-reunion.fr\/wp-content\/uploads\/2019\/12\/IMG_4236b-300x200.jpg 300w\" sizes=\"auto, (max-width: 650px) 100vw, 650px\" \/><\/figure>\n\n\n\n<p class=\"has-text-align-center\"><\/p>\n\n\n\n<figure class=\"wp-block-image\"><img loading=\"lazy\" decoding=\"async\" width=\"650\" height=\"433\" src=\"https:\/\/www.portail-esclavage-reunion.fr\/wp-content\/uploads\/2020\/11\/IMG_4248b.jpg\" alt=\"\" class=\"wp-image-3681\" srcset=\"https:\/\/www.portail-esclavage-reunion.fr\/wp-content\/uploads\/2020\/11\/IMG_4248b.jpg 650w, https:\/\/www.portail-esclavage-reunion.fr\/wp-content\/uploads\/2020\/11\/IMG_4248b-300x200.jpg 300w\" sizes=\"auto, (max-width: 650px) 100vw, 650px\" \/><\/figure>\n\n\n\n<p class=\"has-text-align-center\">\u00a0<\/p>\n","protected":false},"author":5,"featured_media":16091,"parent":0,"menu_order":0,"template":"","class_list":["post-16090","lieu-de-memoire","type-lieu-de-memoire","status-publish","has-post-thumbnail","hentry"],"acf":[],"_links":{"self":[{"href":"https:\/\/www.portail-esclavage-reunion.fr\/re\/wp-json\/wp\/v2\/lieu-de-memoire\/16090","targetHints":{"allow":["GET"]}}],"collection":[{"href":"https:\/\/www.portail-esclavage-reunion.fr\/re\/wp-json\/wp\/v2\/lieu-de-memoire"}],"about":[{"href":"https:\/\/www.portail-esclavage-reunion.fr\/re\/wp-json\/wp\/v2\/types\/lieu-de-memoire"}],"author":[{"embeddable":true,"href":"https:\/\/www.portail-esclavage-reunion.fr\/re\/wp-json\/wp\/v2\/users\/5"}],"wp:featuredmedia":[{"embeddable":true,"href":"https:\/\/www.portail-esclavage-reunion.fr\/re\/wp-json\/wp\/v2\/media\/16091"}],"wp:attachment":[{"href":"https:\/\/www.portail-esclavage-reunion.fr\/re\/wp-json\/wp\/v2\/media?parent=16090"}],"curies":[{"name":"wp","href":"https:\/\/api.w.org\/{rel}","templated":true}]}}

Lo kolié lésklav

<p>Landroi : Sin-Pol &#8211; Bordmèr<br>Lané 1999<br>Lartist : Alain Louis Padeau<br>Skültir <br>Fèr</p>



<p>Lo skültir lartis Alain Padeau i apèle « Lo kolié lésklav », lété inogüré lo 20 déssanm 1999.<br>Lé dréssé an-fasse la mèr ouça bann zésklav lété dessi bato négrié té i débarke. Landroi lé sinbolik, konm laspé monümantal lo kolié rouvèr po roprézante la libèrté la-rande bann zéslkav. Néna six blok réktangülèr, konm bann pièr tonbal, lé planté otour la skültir métalik, dessi lé ékri lo nom bann zésklav afranshi apré labolisyon. </p>



<p>&nbsp;</p>



<figure class="wp-block-image"><img loading="lazy" decoding="async" width="650" height="433" src="https://www.portail-esclavage-reunion.fr/wp-content/uploads/2019/12/IMG_4236b.jpg" alt="" class="wp-image-2294" srcset="https://www.portail-esclavage-reunion.fr/wp-content/uploads/2019/12/IMG_4236b.jpg 650w, https://www.portail-esclavage-reunion.fr/wp-content/uploads/2019/12/IMG_4236b-300x200.jpg 300w" sizes="auto, (max-width: 650px) 100vw, 650px" /></figure>



<p class="has-text-align-center"></p>



<figure class="wp-block-image"><img loading="lazy" decoding="async" width="650" height="433" src="https://www.portail-esclavage-reunion.fr/wp-content/uploads/2020/11/IMG_4248b.jpg" alt="" class="wp-image-3681" srcset="https://www.portail-esclavage-reunion.fr/wp-content/uploads/2020/11/IMG_4248b.jpg 650w, https://www.portail-esclavage-reunion.fr/wp-content/uploads/2020/11/IMG_4248b-300x200.jpg 300w" sizes="auto, (max-width: 650px) 100vw, 650px" /></figure>



<p class="has-text-align-center"> </p>
