{"id":16104,"date":"2026-03-03T11:39:48","date_gmt":"2026-03-03T07:39:48","guid":{"rendered":"https:\/\/www.portail-esclavage-reunion.fr\/?post_type=lieu-de-memoire&#038;p=16104"},"modified":"2026-03-03T11:39:49","modified_gmt":"2026-03-03T07:39:49","slug":"memorial-bann-zesklav","status":"publish","type":"lieu-de-memoire","link":"https:\/\/www.portail-esclavage-reunion.fr\/re\/lieux-de-memoire\/memorial-bann-zesklav\/","title":{"rendered":"M\u00e9morial bann z\u00e9sklav"},"content":{"rendered":"\n<p>Landroi : Lantre-Deu \u2013 La plasse la M\u00e9ri<br>Lan\u00e9 2000<br>Lartist : Eric Pong\u00e9rard<br>Sk\u00fcltir<br>Bazalt<\/p>\n\n\n\n<p>Inog\u00fcr\u00e9 lo 20 d\u00e9sanm 2000, kr\u00e9asyon-la i ropr\u00e9zante lo promi\u00e9 anparmi lo 7 sk\u00fcltir po f\u00e9 in gran m\u00e9morial bann z\u00e9sklav. C\u00e9 lo promi\u00e9 l\u00e9tap in shomin i sava jiska anl\u00e8r Dimitile, landroi lo pl\u00fcs inportan po lo maronaj, in landroi la m\u00e9moir, in landroi sharj\u00e9 \u00e8k nout listoir.<br>\u00c9ric Pong\u00e9rard la-r\u00e9alize sk\u00fcltir-la. Lo nom bann z\u00e9sklav l\u00e9 grav\u00e9 dessi in soubasman orizontal an-granit. Par an-dessi n\u00e9na in kolone \u00e8k pl\u00fczi\u00e8r koush bazalt anpil\u00e9 kol\u00e9 \u00e8k morti\u00e9. In l\u00e9str\u00e9 lo po\u00e8te Boris Gamaleya &#8220;Le chant des roches essuie son premier vol hors des manchys quelconques&#8221;, l\u00e9 sk\u00fclt\u00e9 dann in gro rosh poz\u00e9 par-anba.<\/p>\n\n\n\n<figure class=\"wp-block-image\"><img loading=\"lazy\" decoding=\"async\" width=\"433\" height=\"650\" src=\"https:\/\/www.portail-esclavage-reunion.fr\/wp-content\/uploads\/2019\/12\/IMG_6927b-1.jpg\" alt=\"\" class=\"wp-image-2024\" srcset=\"https:\/\/www.portail-esclavage-reunion.fr\/wp-content\/uploads\/2019\/12\/IMG_6927b-1.jpg 433w, https:\/\/www.portail-esclavage-reunion.fr\/wp-content\/uploads\/2019\/12\/IMG_6927b-1-200x300.jpg 200w\" sizes=\"auto, (max-width: 433px) 100vw, 433px\" \/><\/figure>\n\n\n\n<p class=\"has-text-align-center\">\u00a0<\/p>\n","protected":false},"author":5,"featured_media":16107,"parent":0,"menu_order":0,"template":"","class_list":["post-16104","lieu-de-memoire","type-lieu-de-memoire","status-publish","has-post-thumbnail","hentry"],"acf":[],"_links":{"self":[{"href":"https:\/\/www.portail-esclavage-reunion.fr\/re\/wp-json\/wp\/v2\/lieu-de-memoire\/16104","targetHints":{"allow":["GET"]}}],"collection":[{"href":"https:\/\/www.portail-esclavage-reunion.fr\/re\/wp-json\/wp\/v2\/lieu-de-memoire"}],"about":[{"href":"https:\/\/www.portail-esclavage-reunion.fr\/re\/wp-json\/wp\/v2\/types\/lieu-de-memoire"}],"author":[{"embeddable":true,"href":"https:\/\/www.portail-esclavage-reunion.fr\/re\/wp-json\/wp\/v2\/users\/5"}],"wp:featuredmedia":[{"embeddable":true,"href":"https:\/\/www.portail-esclavage-reunion.fr\/re\/wp-json\/wp\/v2\/media\/16107"}],"wp:attachment":[{"href":"https:\/\/www.portail-esclavage-reunion.fr\/re\/wp-json\/wp\/v2\/media?parent=16104"}],"curies":[{"name":"wp","href":"https:\/\/api.w.org\/{rel}","templated":true}]}}

Mémorial bann zésklav

<p>Landroi : Lantre-Deu – La plasse la Méri<br>Lané 2000<br>Lartist : Eric Pongérard<br>Skültir<br>Bazalt</p>



<p>Inogüré lo 20 désanm 2000, kréasyon-la i roprézante lo promié anparmi lo 7 skültir po fé in gran mémorial bann zésklav. Cé lo promié létap in shomin i sava jiska anlèr Dimitile, landroi lo plüs inportan po lo maronaj, in landroi la mémoir, in landroi sharjé èk nout listoir.<br>Éric Pongérard la-réalize skültir-la. Lo nom bann zésklav lé gravé dessi in soubasman orizontal an-granit. Par an-dessi néna in kolone èk plüzièr koush bazalt anpilé kolé èk mortié. In léstré lo poète Boris Gamaleya &#8220;Le chant des roches essuie son premier vol hors des manchys quelconques&#8221;, lé skülté dann in gro rosh pozé par-anba.</p>



<figure class="wp-block-image"><img loading="lazy" decoding="async" width="433" height="650" src="https://www.portail-esclavage-reunion.fr/wp-content/uploads/2019/12/IMG_6927b-1.jpg" alt="" class="wp-image-2024" srcset="https://www.portail-esclavage-reunion.fr/wp-content/uploads/2019/12/IMG_6927b-1.jpg 433w, https://www.portail-esclavage-reunion.fr/wp-content/uploads/2019/12/IMG_6927b-1-200x300.jpg 200w" sizes="auto, (max-width: 433px) 100vw, 433px" /></figure>



<p class="has-text-align-center"> </p>
