{"id":16118,"date":"2026-03-03T12:09:21","date_gmt":"2026-03-03T08:09:21","guid":{"rendered":"https:\/\/www.portail-esclavage-reunion.fr\/?post_type=lieu-de-memoire&#038;p=16118"},"modified":"2026-03-03T12:09:22","modified_gmt":"2026-03-03T08:09:22","slug":"memorial-edmond-albius","status":"publish","type":"lieu-de-memoire","link":"https:\/\/www.portail-esclavage-reunion.fr\/re\/lieux-de-memoire\/memorial-edmond-albius\/","title":{"rendered":"M\u00e9morial Edmond Albius"},"content":{"rendered":"\n<p>Landroi : Sinte-S\u00fczane &#8211; Lo Bokaj<br>Lan\u00e9 2004<br>Lartist : Jack Beng-Thi<br>Sk\u00fcltir<br>Bronze<\/p>\n\n\n\n<p>Lo 10 m\u00e9 2004, in m\u00e9morial an-lon\u00ebr Edmond Albius l\u00e9 dr\u00e9ss\u00e9 dann jardin Lo Bokaj. In lomaj po l\u00e9sklav la-d\u00e9kouve, laj 12 an, lo mani\u00e8r-f\u00e9 gondaj la vaniy. L\u00fc tienbo inn liane la vaniy dann son min. L\u00e9stat\u00fc l\u00e9 poz\u00e9 dann in landroi f\u00e8rm\u00e9 \u00e8k un m\u00fcr moilon an-ron, dessi n\u00e9na in bann pano po rakonte la tr\u00e8te \u00e8k l\u00e9sklavaj.<\/p>\n\n\n\n<figure class=\"wp-block-image\"><img loading=\"lazy\" decoding=\"async\" width=\"650\" height=\"433\" src=\"https:\/\/www.portail-esclavage-reunion.fr\/wp-content\/uploads\/2019\/12\/IMG_3841b.jpg\" alt=\"\" class=\"wp-image-2367\" srcset=\"https:\/\/www.portail-esclavage-reunion.fr\/wp-content\/uploads\/2019\/12\/IMG_3841b.jpg 650w, https:\/\/www.portail-esclavage-reunion.fr\/wp-content\/uploads\/2019\/12\/IMG_3841b-300x200.jpg 300w\" sizes=\"auto, (max-width: 650px) 100vw, 650px\" \/><\/figure>\n\n\n\n<p class=\"has-text-align-center\"><\/p>\n\n\n\n<figure class=\"wp-block-image\"><img loading=\"lazy\" decoding=\"async\" width=\"400\" height=\"600\" src=\"https:\/\/www.portail-esclavage-reunion.fr\/wp-content\/uploads\/2019\/12\/IMG_3885b.jpg\" alt=\"\" class=\"wp-image-2097\" srcset=\"https:\/\/www.portail-esclavage-reunion.fr\/wp-content\/uploads\/2019\/12\/IMG_3885b.jpg 400w, https:\/\/www.portail-esclavage-reunion.fr\/wp-content\/uploads\/2019\/12\/IMG_3885b-200x300.jpg 200w\" sizes=\"auto, (max-width: 400px) 100vw, 400px\" \/><\/figure>\n\n\n\n<p class=\"has-text-align-center\"><\/p>\n\n\n\n<figure class=\"wp-block-image\"><a href=\"https:\/\/www.portail-esclavage-reunion.fr\/wp-content\/uploads\/2020\/11\/IMG_3843b.jpg\"><img loading=\"lazy\" decoding=\"async\" width=\"650\" height=\"433\" src=\"https:\/\/www.portail-esclavage-reunion.fr\/wp-content\/uploads\/2020\/11\/IMG_3843b.jpg\" alt=\"\" class=\"wp-image-3781\" srcset=\"https:\/\/www.portail-esclavage-reunion.fr\/wp-content\/uploads\/2020\/11\/IMG_3843b.jpg 650w, https:\/\/www.portail-esclavage-reunion.fr\/wp-content\/uploads\/2020\/11\/IMG_3843b-300x200.jpg 300w\" sizes=\"auto, (max-width: 650px) 100vw, 650px\" \/><\/a><\/figure>\n\n\n\n<p class=\"has-text-align-center\"><\/p>\n","protected":false},"author":5,"featured_media":16119,"parent":0,"menu_order":0,"template":"","class_list":["post-16118","lieu-de-memoire","type-lieu-de-memoire","status-publish","has-post-thumbnail","hentry"],"acf":[],"_links":{"self":[{"href":"https:\/\/www.portail-esclavage-reunion.fr\/re\/wp-json\/wp\/v2\/lieu-de-memoire\/16118","targetHints":{"allow":["GET"]}}],"collection":[{"href":"https:\/\/www.portail-esclavage-reunion.fr\/re\/wp-json\/wp\/v2\/lieu-de-memoire"}],"about":[{"href":"https:\/\/www.portail-esclavage-reunion.fr\/re\/wp-json\/wp\/v2\/types\/lieu-de-memoire"}],"author":[{"embeddable":true,"href":"https:\/\/www.portail-esclavage-reunion.fr\/re\/wp-json\/wp\/v2\/users\/5"}],"wp:featuredmedia":[{"embeddable":true,"href":"https:\/\/www.portail-esclavage-reunion.fr\/re\/wp-json\/wp\/v2\/media\/16119"}],"wp:attachment":[{"href":"https:\/\/www.portail-esclavage-reunion.fr\/re\/wp-json\/wp\/v2\/media?parent=16118"}],"curies":[{"name":"wp","href":"https:\/\/api.w.org\/{rel}","templated":true}]}}

Mémorial Edmond Albius

<p>Landroi : Sinte-Süzane &#8211; Lo Bokaj<br>Lané 2004<br>Lartist : Jack Beng-Thi<br>Skültir<br>Bronze</p>



<p>Lo 10 mé 2004, in mémorial an-lonër Edmond Albius lé dréssé dann jardin Lo Bokaj. In lomaj po lésklav la-dékouve, laj 12 an, lo manièr-fé gondaj la vaniy. Lü tienbo inn liane la vaniy dann son min. Léstatü lé pozé dann in landroi fèrmé èk un mür moilon an-ron, dessi néna in bann pano po rakonte la trète èk lésklavaj.</p>



<figure class="wp-block-image"><img loading="lazy" decoding="async" width="650" height="433" src="https://www.portail-esclavage-reunion.fr/wp-content/uploads/2019/12/IMG_3841b.jpg" alt="" class="wp-image-2367" srcset="https://www.portail-esclavage-reunion.fr/wp-content/uploads/2019/12/IMG_3841b.jpg 650w, https://www.portail-esclavage-reunion.fr/wp-content/uploads/2019/12/IMG_3841b-300x200.jpg 300w" sizes="auto, (max-width: 650px) 100vw, 650px" /></figure>



<p class="has-text-align-center"></p>



<figure class="wp-block-image"><img loading="lazy" decoding="async" width="400" height="600" src="https://www.portail-esclavage-reunion.fr/wp-content/uploads/2019/12/IMG_3885b.jpg" alt="" class="wp-image-2097" srcset="https://www.portail-esclavage-reunion.fr/wp-content/uploads/2019/12/IMG_3885b.jpg 400w, https://www.portail-esclavage-reunion.fr/wp-content/uploads/2019/12/IMG_3885b-200x300.jpg 200w" sizes="auto, (max-width: 400px) 100vw, 400px" /></figure>



<p class="has-text-align-center"></p>



<figure class="wp-block-image"><a href="https://www.portail-esclavage-reunion.fr/wp-content/uploads/2020/11/IMG_3843b.jpg"><img loading="lazy" decoding="async" width="650" height="433" src="https://www.portail-esclavage-reunion.fr/wp-content/uploads/2020/11/IMG_3843b.jpg" alt="" class="wp-image-3781" srcset="https://www.portail-esclavage-reunion.fr/wp-content/uploads/2020/11/IMG_3843b.jpg 650w, https://www.portail-esclavage-reunion.fr/wp-content/uploads/2020/11/IMG_3843b-300x200.jpg 300w" sizes="auto, (max-width: 650px) 100vw, 650px" /></a></figure>



<p class="has-text-align-center"></p>
