{"id":16123,"date":"2026-03-03T12:08:00","date_gmt":"2026-03-03T08:08:00","guid":{"rendered":"https:\/\/www.portail-esclavage-reunion.fr\/?post_type=lieu-de-memoire&#038;p=16123"},"modified":"2026-03-04T09:41:32","modified_gmt":"2026-03-04T05:41:32","slug":"stel-lesklavaj","status":"publish","type":"lieu-de-memoire","link":"https:\/\/www.portail-esclavage-reunion.fr\/re\/lieux-de-memoire\/stel-lesklavaj\/","title":{"rendered":"St\u00e8l L\u00e9sklavaj"},"content":{"rendered":"\n<p>Landroi : Sin-Pol \u2013 Jardin Lap\u00e8l lo 18 juin<br>Lan\u00e9 2012<br>Lartist : Nelson Boyer<br>Sk\u00fcltir<br>Bazalt<\/p>\n\n\n\n<p>Inog\u00fcr\u00e9 lo 15 avriy 2012, sk\u00fcltir-la i rande in lomaj la r\u00e9zistans l\u00e9sklavaj. I rap\u00e8le anou, apr\u00e9 100 an, lo s\u00ebl grann r\u00e9volte z\u00e9sklav dann Bourbon. Nelson Boyer la-f\u00e9 sk\u00fcltir-la, dress\u00e9 dan lo jardin Lap\u00e8l lo 18 juin.<br>L\u00ebv-la, b\u00e8l-b\u00e8l, \u00e9p\u00e9, sk\u00fclt\u00e9 dann in s\u00ebl blok, i ropr\u00e9zante lo personnaj Elie \u00e8k son bann fr\u00e8r la r\u00e9volte, kapay\u00e9, \u00e9pila kondan\u00e9, po fini \u00e9gz\u00e9k\u00fct\u00e9 lan\u00e9 1812, akot zot la-m\u00e8ne la r\u00e9volte Sin-Leu.<\/p>\n\n\n\n<figure class=\"wp-block-image\"><img loading=\"lazy\" decoding=\"async\" width=\"433\" height=\"650\" src=\"https:\/\/www.portail-esclavage-reunion.fr\/wp-content\/uploads\/2019\/12\/IMG_6964b.jpg\" alt=\"\" class=\"wp-image-2325\" srcset=\"https:\/\/www.portail-esclavage-reunion.fr\/wp-content\/uploads\/2019\/12\/IMG_6964b.jpg 433w, https:\/\/www.portail-esclavage-reunion.fr\/wp-content\/uploads\/2019\/12\/IMG_6964b-200x300.jpg 200w\" sizes=\"auto, (max-width: 433px) 100vw, 433px\" \/><\/figure>\n\n\n\n<p class=\"has-text-align-center\"><\/p>\n\n\n\n<figure class=\"wp-block-image\"><img loading=\"lazy\" decoding=\"async\" width=\"650\" height=\"433\" src=\"https:\/\/www.portail-esclavage-reunion.fr\/wp-content\/uploads\/2019\/12\/IMG_6981b.jpg\" alt=\"\" class=\"wp-image-2327\" srcset=\"https:\/\/www.portail-esclavage-reunion.fr\/wp-content\/uploads\/2019\/12\/IMG_6981b.jpg 650w, https:\/\/www.portail-esclavage-reunion.fr\/wp-content\/uploads\/2019\/12\/IMG_6981b-300x200.jpg 300w\" sizes=\"auto, (max-width: 650px) 100vw, 650px\" \/><\/figure>\n\n\n\n<p class=\"has-text-align-center\"><\/p>\n\n\n\n<figure class=\"wp-block-image\"><img loading=\"lazy\" decoding=\"async\" width=\"433\" height=\"650\" src=\"https:\/\/www.portail-esclavage-reunion.fr\/wp-content\/uploads\/2019\/12\/IMG_6978b.jpg\" alt=\"\" class=\"wp-image-2329\" srcset=\"https:\/\/www.portail-esclavage-reunion.fr\/wp-content\/uploads\/2019\/12\/IMG_6978b.jpg 433w, https:\/\/www.portail-esclavage-reunion.fr\/wp-content\/uploads\/2019\/12\/IMG_6978b-200x300.jpg 200w\" sizes=\"auto, (max-width: 433px) 100vw, 433px\" \/><\/figure>\n\n\n\n<p class=\"has-text-align-center\"><\/p>\n\n\n\n<figure class=\"wp-block-image\"><a href=\"https:\/\/www.portail-esclavage-reunion.fr\/wp-content\/uploads\/2020\/11\/IMG_6966b.jpg\"><img loading=\"lazy\" decoding=\"async\" width=\"433\" height=\"650\" src=\"https:\/\/www.portail-esclavage-reunion.fr\/wp-content\/uploads\/2020\/11\/IMG_6966b.jpg\" alt=\"\" class=\"wp-image-3806\" srcset=\"https:\/\/www.portail-esclavage-reunion.fr\/wp-content\/uploads\/2020\/11\/IMG_6966b.jpg 433w, https:\/\/www.portail-esclavage-reunion.fr\/wp-content\/uploads\/2020\/11\/IMG_6966b-200x300.jpg 200w\" sizes=\"auto, (max-width: 433px) 100vw, 433px\" \/><\/a><\/figure>\n\n\n\n<p class=\"has-text-align-center\"><\/p>\n\n\n\n<figure class=\"wp-block-image\"><a href=\"https:\/\/www.portail-esclavage-reunion.fr\/wp-content\/uploads\/2020\/11\/IMG_6970b.jpg\"><img loading=\"lazy\" decoding=\"async\" width=\"433\" height=\"650\" src=\"https:\/\/www.portail-esclavage-reunion.fr\/wp-content\/uploads\/2020\/11\/IMG_6970b.jpg\" alt=\"\" class=\"wp-image-3808\" srcset=\"https:\/\/www.portail-esclavage-reunion.fr\/wp-content\/uploads\/2020\/11\/IMG_6970b.jpg 433w, https:\/\/www.portail-esclavage-reunion.fr\/wp-content\/uploads\/2020\/11\/IMG_6970b-200x300.jpg 200w\" sizes=\"auto, (max-width: 433px) 100vw, 433px\" \/><\/a><\/figure>\n\n\n\n<p class=\"has-text-align-center\"><\/p>\n\n\n\n<figure class=\"wp-block-image\"><a href=\"https:\/\/www.portail-esclavage-reunion.fr\/wp-content\/uploads\/2020\/11\/IMG_6969b.jpg\"><img loading=\"lazy\" decoding=\"async\" width=\"433\" height=\"650\" src=\"https:\/\/www.portail-esclavage-reunion.fr\/wp-content\/uploads\/2020\/11\/IMG_6969b.jpg\" alt=\"\" class=\"wp-image-3810\" srcset=\"https:\/\/www.portail-esclavage-reunion.fr\/wp-content\/uploads\/2020\/11\/IMG_6969b.jpg 433w, https:\/\/www.portail-esclavage-reunion.fr\/wp-content\/uploads\/2020\/11\/IMG_6969b-200x300.jpg 200w\" sizes=\"auto, (max-width: 433px) 100vw, 433px\" \/><\/a><\/figure>\n\n\n\n<p class=\"has-text-align-center\">\u00a0<\/p>\n","protected":false},"author":5,"featured_media":16124,"parent":0,"menu_order":0,"template":"","class_list":["post-16123","lieu-de-memoire","type-lieu-de-memoire","status-publish","has-post-thumbnail","hentry"],"acf":[],"_links":{"self":[{"href":"https:\/\/www.portail-esclavage-reunion.fr\/re\/wp-json\/wp\/v2\/lieu-de-memoire\/16123","targetHints":{"allow":["GET"]}}],"collection":[{"href":"https:\/\/www.portail-esclavage-reunion.fr\/re\/wp-json\/wp\/v2\/lieu-de-memoire"}],"about":[{"href":"https:\/\/www.portail-esclavage-reunion.fr\/re\/wp-json\/wp\/v2\/types\/lieu-de-memoire"}],"author":[{"embeddable":true,"href":"https:\/\/www.portail-esclavage-reunion.fr\/re\/wp-json\/wp\/v2\/users\/5"}],"wp:featuredmedia":[{"embeddable":true,"href":"https:\/\/www.portail-esclavage-reunion.fr\/re\/wp-json\/wp\/v2\/media\/16124"}],"wp:attachment":[{"href":"https:\/\/www.portail-esclavage-reunion.fr\/re\/wp-json\/wp\/v2\/media?parent=16123"}],"curies":[{"name":"wp","href":"https:\/\/api.w.org\/{rel}","templated":true}]}}

Stèl Lésklavaj

<p>Landroi : Sin-Pol – Jardin Lapèl lo 18 juin<br>Lané 2012<br>Lartist : Nelson Boyer<br>Skültir<br>Bazalt</p>



<p>Inogüré lo 15 avriy 2012, skültir-la i rande in lomaj la rézistans lésklavaj. I rapèle anou, apré 100 an, lo sël grann révolte zésklav dann Bourbon. Nelson Boyer la-fé skültir-la, dressé dan lo jardin Lapèl lo 18 juin.<br>Lëv-la, bèl-bèl, épé, skülté dann in sël blok, i roprézante lo personnaj Elie èk son bann frèr la révolte, kapayé, épila kondané, po fini égzéküté lané 1812, akot zot la-mène la révolte Sin-Leu.</p>



<figure class="wp-block-image"><img loading="lazy" decoding="async" width="433" height="650" src="https://www.portail-esclavage-reunion.fr/wp-content/uploads/2019/12/IMG_6964b.jpg" alt="" class="wp-image-2325" srcset="https://www.portail-esclavage-reunion.fr/wp-content/uploads/2019/12/IMG_6964b.jpg 433w, https://www.portail-esclavage-reunion.fr/wp-content/uploads/2019/12/IMG_6964b-200x300.jpg 200w" sizes="auto, (max-width: 433px) 100vw, 433px" /></figure>



<p class="has-text-align-center"></p>



<figure class="wp-block-image"><img loading="lazy" decoding="async" width="650" height="433" src="https://www.portail-esclavage-reunion.fr/wp-content/uploads/2019/12/IMG_6981b.jpg" alt="" class="wp-image-2327" srcset="https://www.portail-esclavage-reunion.fr/wp-content/uploads/2019/12/IMG_6981b.jpg 650w, https://www.portail-esclavage-reunion.fr/wp-content/uploads/2019/12/IMG_6981b-300x200.jpg 300w" sizes="auto, (max-width: 650px) 100vw, 650px" /></figure>



<p class="has-text-align-center"></p>



<figure class="wp-block-image"><img loading="lazy" decoding="async" width="433" height="650" src="https://www.portail-esclavage-reunion.fr/wp-content/uploads/2019/12/IMG_6978b.jpg" alt="" class="wp-image-2329" srcset="https://www.portail-esclavage-reunion.fr/wp-content/uploads/2019/12/IMG_6978b.jpg 433w, https://www.portail-esclavage-reunion.fr/wp-content/uploads/2019/12/IMG_6978b-200x300.jpg 200w" sizes="auto, (max-width: 433px) 100vw, 433px" /></figure>



<p class="has-text-align-center"></p>



<figure class="wp-block-image"><a href="https://www.portail-esclavage-reunion.fr/wp-content/uploads/2020/11/IMG_6966b.jpg"><img loading="lazy" decoding="async" width="433" height="650" src="https://www.portail-esclavage-reunion.fr/wp-content/uploads/2020/11/IMG_6966b.jpg" alt="" class="wp-image-3806" srcset="https://www.portail-esclavage-reunion.fr/wp-content/uploads/2020/11/IMG_6966b.jpg 433w, https://www.portail-esclavage-reunion.fr/wp-content/uploads/2020/11/IMG_6966b-200x300.jpg 200w" sizes="auto, (max-width: 433px) 100vw, 433px" /></a></figure>



<p class="has-text-align-center"></p>



<figure class="wp-block-image"><a href="https://www.portail-esclavage-reunion.fr/wp-content/uploads/2020/11/IMG_6970b.jpg"><img loading="lazy" decoding="async" width="433" height="650" src="https://www.portail-esclavage-reunion.fr/wp-content/uploads/2020/11/IMG_6970b.jpg" alt="" class="wp-image-3808" srcset="https://www.portail-esclavage-reunion.fr/wp-content/uploads/2020/11/IMG_6970b.jpg 433w, https://www.portail-esclavage-reunion.fr/wp-content/uploads/2020/11/IMG_6970b-200x300.jpg 200w" sizes="auto, (max-width: 433px) 100vw, 433px" /></a></figure>



<p class="has-text-align-center"></p>



<figure class="wp-block-image"><a href="https://www.portail-esclavage-reunion.fr/wp-content/uploads/2020/11/IMG_6969b.jpg"><img loading="lazy" decoding="async" width="433" height="650" src="https://www.portail-esclavage-reunion.fr/wp-content/uploads/2020/11/IMG_6969b.jpg" alt="" class="wp-image-3810" srcset="https://www.portail-esclavage-reunion.fr/wp-content/uploads/2020/11/IMG_6969b.jpg 433w, https://www.portail-esclavage-reunion.fr/wp-content/uploads/2020/11/IMG_6969b-200x300.jpg 200w" sizes="auto, (max-width: 433px) 100vw, 433px" /></a></figure>



<p class="has-text-align-center"> </p>
