{"id":16136,"date":"2026-03-03T15:22:58","date_gmt":"2026-03-03T11:22:58","guid":{"rendered":"https:\/\/www.portail-esclavage-reunion.fr\/?post_type=lieu-de-memoire&#038;p=16136"},"modified":"2026-03-03T15:25:52","modified_gmt":"2026-03-03T11:25:52","slug":"anshin","status":"publish","type":"lieu-de-memoire","link":"https:\/\/www.portail-esclavage-reunion.fr\/re\/lieux-de-memoire\/anshin\/","title":{"rendered":"Anshin"},"content":{"rendered":"\n<p>Landroi : Salazi \u2013 rantr\u2019 l\u00e9gliz \u00e8k la m\u00e9ri Grantil\u00e8te<br>Lan\u00e9 2016<br>Lartist : Gilbert Clain<br>Sk\u00fcltir<br>Bazalt<\/p>\n\n\n\n<p>L\u00ebv-la i rakonte listoir Anshin, in l\u00e9sklav maron, promi\u00e9 zabitan Salazi. Lo p\u00e8rsonaj, \u00e9ro l\u00e9jand\u00e8r la-r\u00e9f\u00fcji\u00e9 ansanm son t\u00e9gorine H\u00e9va dessi lo piton i porte son nom, landroi ou\u00e7a zot la-parti maron.<br>Inog\u00fcr\u00e9 lo 20 d\u00e9sanm 2016, l\u00e9stat\u00fc l\u00e9 inn lo troi morso ansanm \u00e7at H\u00e9va dessi la plasse \u00c8lbour,<br>\u00e9pila H\u00e9va \u00e8k son zanfan parkot\u00e9 lo Pon L\u00e9skali\u00e9.<\/p>\n\n\n\n<figure class=\"wp-block-image\"><img loading=\"lazy\" decoding=\"async\" width=\"650\" height=\"433\" src=\"https:\/\/www.portail-esclavage-reunion.fr\/wp-content\/uploads\/2019\/12\/IMG_6767b.jpg\" alt=\"\" class=\"wp-image-2347\" srcset=\"https:\/\/www.portail-esclavage-reunion.fr\/wp-content\/uploads\/2019\/12\/IMG_6767b.jpg 650w, https:\/\/www.portail-esclavage-reunion.fr\/wp-content\/uploads\/2019\/12\/IMG_6767b-300x200.jpg 300w\" sizes=\"auto, (max-width: 650px) 100vw, 650px\" \/><\/figure>\n\n\n\n<p class=\"has-text-align-center\"><\/p>\n\n\n\n<figure class=\"wp-block-image\"><img loading=\"lazy\" decoding=\"async\" width=\"650\" height=\"433\" src=\"https:\/\/www.portail-esclavage-reunion.fr\/wp-content\/uploads\/2019\/12\/IMG_6792b.jpg\" alt=\"\" class=\"wp-image-2349\" srcset=\"https:\/\/www.portail-esclavage-reunion.fr\/wp-content\/uploads\/2019\/12\/IMG_6792b.jpg 650w, https:\/\/www.portail-esclavage-reunion.fr\/wp-content\/uploads\/2019\/12\/IMG_6792b-300x200.jpg 300w\" sizes=\"auto, (max-width: 650px) 100vw, 650px\" \/><\/figure>\n\n\n\n<p class=\"has-text-align-center\">&nbsp;<\/p>\n","protected":false},"author":5,"featured_media":16137,"parent":0,"menu_order":0,"template":"","class_list":["post-16136","lieu-de-memoire","type-lieu-de-memoire","status-publish","has-post-thumbnail","hentry"],"acf":[],"_links":{"self":[{"href":"https:\/\/www.portail-esclavage-reunion.fr\/re\/wp-json\/wp\/v2\/lieu-de-memoire\/16136","targetHints":{"allow":["GET"]}}],"collection":[{"href":"https:\/\/www.portail-esclavage-reunion.fr\/re\/wp-json\/wp\/v2\/lieu-de-memoire"}],"about":[{"href":"https:\/\/www.portail-esclavage-reunion.fr\/re\/wp-json\/wp\/v2\/types\/lieu-de-memoire"}],"author":[{"embeddable":true,"href":"https:\/\/www.portail-esclavage-reunion.fr\/re\/wp-json\/wp\/v2\/users\/5"}],"wp:featuredmedia":[{"embeddable":true,"href":"https:\/\/www.portail-esclavage-reunion.fr\/re\/wp-json\/wp\/v2\/media\/16137"}],"wp:attachment":[{"href":"https:\/\/www.portail-esclavage-reunion.fr\/re\/wp-json\/wp\/v2\/media?parent=16136"}],"curies":[{"name":"wp","href":"https:\/\/api.w.org\/{rel}","templated":true}]}}

<p>Landroi : Salazi – rantr’ légliz èk la méri Grantilète<br>Lané 2016<br>Lartist : Gilbert Clain<br>Skültir<br>Bazalt</p>



<p>Lëv-la i rakonte listoir Anshin, in lésklav maron, promié zabitan Salazi. Lo pèrsonaj, éro léjandèr la-réfüjié ansanm son tégorine Héva dessi lo piton i porte son nom, landroi ouça zot la-parti maron.<br>Inogüré lo 20 désanm 2016, léstatü lé inn lo troi morso ansanm çat Héva dessi la plasse Èlbour,<br>épila Héva èk son zanfan parkoté lo Pon Léskalié.</p>



<figure class="wp-block-image"><img loading="lazy" decoding="async" width="650" height="433" src="https://www.portail-esclavage-reunion.fr/wp-content/uploads/2019/12/IMG_6767b.jpg" alt="" class="wp-image-2347" srcset="https://www.portail-esclavage-reunion.fr/wp-content/uploads/2019/12/IMG_6767b.jpg 650w, https://www.portail-esclavage-reunion.fr/wp-content/uploads/2019/12/IMG_6767b-300x200.jpg 300w" sizes="auto, (max-width: 650px) 100vw, 650px" /></figure>



<p class="has-text-align-center"></p>



<figure class="wp-block-image"><img loading="lazy" decoding="async" width="650" height="433" src="https://www.portail-esclavage-reunion.fr/wp-content/uploads/2019/12/IMG_6792b.jpg" alt="" class="wp-image-2349" srcset="https://www.portail-esclavage-reunion.fr/wp-content/uploads/2019/12/IMG_6792b.jpg 650w, https://www.portail-esclavage-reunion.fr/wp-content/uploads/2019/12/IMG_6792b-300x200.jpg 300w" sizes="auto, (max-width: 650px) 100vw, 650px" /></figure>



<p class="has-text-align-center">&nbsp;</p>
