{"id":16140,"date":"2026-03-03T15:25:15","date_gmt":"2026-03-03T11:25:15","guid":{"rendered":"https:\/\/www.portail-esclavage-reunion.fr\/?post_type=lieu-de-memoire&#038;p=16140"},"modified":"2026-03-03T15:25:16","modified_gmt":"2026-03-03T11:25:16","slug":"heva","status":"publish","type":"lieu-de-memoire","link":"https:\/\/www.portail-esclavage-reunion.fr\/re\/lieux-de-memoire\/heva\/","title":{"rendered":"H\u00e9va"},"content":{"rendered":"\n<p>Landroi : Salazi &#8211; Plasse \u00c8lbour<br>Lan\u00e9 2000<br>Lartist : Gilbert Clain<br>Sk\u00fcltir<br>Bazalt<\/p>\n\n\n\n<p>L\u00e9stat\u00fc-la i ropr\u00e9zante H\u00e9va, lo t\u00e9gorine Anshin, l\u00e9sklav maron l\u00e9jand\u00e8r la-r\u00e9f\u00fcji\u00e9 anl\u00e8r piton i porte son nom. \u00c8I i sinbolize m\u00e8m tan la fanm orijin\u00e8l \u00e9pila lo promi\u00e9 \u00e9ro\u00efne lil Bourbon.<br>L\u00e9stat\u00fc l\u00e9 dr\u00e9ss\u00e9 dessi in soubasman dann mili\u00eb in bassin. \u00c8l l\u00e9 tourn\u00e9 par kot\u00e9 Grantil\u00e8t, l\u2019ot landroi la m\u00e9moir mark\u00e9 \u00e8k inn st\u00e8l d\u00e9di\u00e9 po Anshin.<\/p>\n\n\n\n<figure class=\"wp-block-image\"><img loading=\"lazy\" decoding=\"async\" width=\"433\" height=\"650\" src=\"https:\/\/www.portail-esclavage-reunion.fr\/wp-content\/uploads\/2019\/12\/IMG_6711b.jpg\" alt=\"\" class=\"wp-image-2356\" srcset=\"https:\/\/www.portail-esclavage-reunion.fr\/wp-content\/uploads\/2019\/12\/IMG_6711b.jpg 433w, https:\/\/www.portail-esclavage-reunion.fr\/wp-content\/uploads\/2019\/12\/IMG_6711b-200x300.jpg 200w\" sizes=\"auto, (max-width: 433px) 100vw, 433px\" \/><\/figure>\n\n\n\n<p><\/p>\n\n\n\n<figure class=\"wp-block-image\"><img loading=\"lazy\" decoding=\"async\" width=\"433\" height=\"650\" src=\"https:\/\/www.portail-esclavage-reunion.fr\/wp-content\/uploads\/2019\/12\/IMG_6714b.jpg\" alt=\"\" class=\"wp-image-2358\" srcset=\"https:\/\/www.portail-esclavage-reunion.fr\/wp-content\/uploads\/2019\/12\/IMG_6714b.jpg 433w, https:\/\/www.portail-esclavage-reunion.fr\/wp-content\/uploads\/2019\/12\/IMG_6714b-200x300.jpg 200w\" sizes=\"auto, (max-width: 433px) 100vw, 433px\" \/><\/figure>\n","protected":false},"author":5,"featured_media":16142,"parent":0,"menu_order":0,"template":"","class_list":["post-16140","lieu-de-memoire","type-lieu-de-memoire","status-publish","has-post-thumbnail","hentry"],"acf":[],"_links":{"self":[{"href":"https:\/\/www.portail-esclavage-reunion.fr\/re\/wp-json\/wp\/v2\/lieu-de-memoire\/16140","targetHints":{"allow":["GET"]}}],"collection":[{"href":"https:\/\/www.portail-esclavage-reunion.fr\/re\/wp-json\/wp\/v2\/lieu-de-memoire"}],"about":[{"href":"https:\/\/www.portail-esclavage-reunion.fr\/re\/wp-json\/wp\/v2\/types\/lieu-de-memoire"}],"author":[{"embeddable":true,"href":"https:\/\/www.portail-esclavage-reunion.fr\/re\/wp-json\/wp\/v2\/users\/5"}],"wp:featuredmedia":[{"embeddable":true,"href":"https:\/\/www.portail-esclavage-reunion.fr\/re\/wp-json\/wp\/v2\/media\/16142"}],"wp:attachment":[{"href":"https:\/\/www.portail-esclavage-reunion.fr\/re\/wp-json\/wp\/v2\/media?parent=16140"}],"curies":[{"name":"wp","href":"https:\/\/api.w.org\/{rel}","templated":true}]}}

Héva

<p>Landroi : Salazi &#8211; Plasse Èlbour<br>Lané 2000<br>Lartist : Gilbert Clain<br>Skültir<br>Bazalt</p>



<p>Léstatü-la i roprézante Héva, lo tégorine Anshin, lésklav maron léjandèr la-réfüjié anlèr piton i porte son nom. ÈI i sinbolize mèm tan la fanm orijinèl épila lo promié éroïne lil Bourbon.<br>Léstatü lé dréssé dessi in soubasman dann milië in bassin. Èl lé tourné par koté Grantilèt, l’ot landroi la mémoir marké èk inn stèl dédié po Anshin.</p>



<figure class="wp-block-image"><img loading="lazy" decoding="async" width="433" height="650" src="https://www.portail-esclavage-reunion.fr/wp-content/uploads/2019/12/IMG_6711b.jpg" alt="" class="wp-image-2356" srcset="https://www.portail-esclavage-reunion.fr/wp-content/uploads/2019/12/IMG_6711b.jpg 433w, https://www.portail-esclavage-reunion.fr/wp-content/uploads/2019/12/IMG_6711b-200x300.jpg 200w" sizes="auto, (max-width: 433px) 100vw, 433px" /></figure>



<p></p>



<figure class="wp-block-image"><img loading="lazy" decoding="async" width="433" height="650" src="https://www.portail-esclavage-reunion.fr/wp-content/uploads/2019/12/IMG_6714b.jpg" alt="" class="wp-image-2358" srcset="https://www.portail-esclavage-reunion.fr/wp-content/uploads/2019/12/IMG_6714b.jpg 433w, https://www.portail-esclavage-reunion.fr/wp-content/uploads/2019/12/IMG_6714b-200x300.jpg 200w" sizes="auto, (max-width: 433px) 100vw, 433px" /></figure>
