{"id":16144,"date":"2026-03-03T15:28:30","date_gmt":"2026-03-03T11:28:30","guid":{"rendered":"https:\/\/www.portail-esclavage-reunion.fr\/?post_type=lieu-de-memoire&#038;p=16144"},"modified":"2026-03-04T09:36:29","modified_gmt":"2026-03-04T05:36:29","slug":"stel-po-bann-martir-lesklavaj","status":"publish","type":"lieu-de-memoire","link":"https:\/\/www.portail-esclavage-reunion.fr\/re\/lieux-de-memoire\/stel-po-bann-martir-lesklavaj\/","title":{"rendered":"St\u00e8l po bann martir l\u00e9sklavaj"},"content":{"rendered":"\n<p>Landroi : Sin-Lwi<br>Lan\u00e9 : 2000<br>Lartist : Gilbert Clain<br>Sk\u00fcltir<br>Bazalt<\/p>\n\n\n\n<p>Inog\u00fcr\u00e9 lo 10 m\u00e9 2011, la st\u00e8l po bann martir l\u00e9klavaj, sk\u00fclt\u00e9 par Gilbert Clain l\u00e9 dress\u00e9 dessi l\u00e9splanad la ZAC Avenir, Sin-Lwi. I pr\u00e9zante konm in gro blok bazalt \u00e8k in sinp linskripsyon : \u00ab\u00a0<em>st\u00e8le m\u00e9moire de l\u2019esclavage<\/em> \u00bb.<\/p>\n\n\n\n<figure class=\"wp-block-image\"><img loading=\"lazy\" decoding=\"async\" width=\"650\" height=\"433\" src=\"https:\/\/www.portail-esclavage-reunion.fr\/wp-content\/uploads\/2019\/12\/IMG_6555b.jpg\" alt=\"\" class=\"wp-image-2276\" srcset=\"https:\/\/www.portail-esclavage-reunion.fr\/wp-content\/uploads\/2019\/12\/IMG_6555b.jpg 650w, https:\/\/www.portail-esclavage-reunion.fr\/wp-content\/uploads\/2019\/12\/IMG_6555b-300x200.jpg 300w\" sizes=\"auto, (max-width: 650px) 100vw, 650px\" \/><\/figure>\n\n\n\n<p class=\"has-text-align-center\">&nbsp;<\/p>\n","protected":false},"author":5,"featured_media":16146,"parent":0,"menu_order":0,"template":"","class_list":["post-16144","lieu-de-memoire","type-lieu-de-memoire","status-publish","has-post-thumbnail","hentry"],"acf":[],"_links":{"self":[{"href":"https:\/\/www.portail-esclavage-reunion.fr\/re\/wp-json\/wp\/v2\/lieu-de-memoire\/16144","targetHints":{"allow":["GET"]}}],"collection":[{"href":"https:\/\/www.portail-esclavage-reunion.fr\/re\/wp-json\/wp\/v2\/lieu-de-memoire"}],"about":[{"href":"https:\/\/www.portail-esclavage-reunion.fr\/re\/wp-json\/wp\/v2\/types\/lieu-de-memoire"}],"author":[{"embeddable":true,"href":"https:\/\/www.portail-esclavage-reunion.fr\/re\/wp-json\/wp\/v2\/users\/5"}],"wp:featuredmedia":[{"embeddable":true,"href":"https:\/\/www.portail-esclavage-reunion.fr\/re\/wp-json\/wp\/v2\/media\/16146"}],"wp:attachment":[{"href":"https:\/\/www.portail-esclavage-reunion.fr\/re\/wp-json\/wp\/v2\/media?parent=16144"}],"curies":[{"name":"wp","href":"https:\/\/api.w.org\/{rel}","templated":true}]}}

Stèl po bann martir lésklavaj

<p>Landroi : Sin-Lwi<br>Lané : 2000<br>Lartist : Gilbert Clain<br>Skültir<br>Bazalt</p>



<p>Inogüré lo 10 mé 2011, la stèl po bann martir léklavaj, skülté par Gilbert Clain lé dressé dessi lésplanad la ZAC Avenir, Sin-Lwi. I prézante konm in gro blok bazalt èk in sinp linskripsyon : « <em>stèle mémoire de l’esclavage</em> ».</p>



<figure class="wp-block-image"><img loading="lazy" decoding="async" width="650" height="433" src="https://www.portail-esclavage-reunion.fr/wp-content/uploads/2019/12/IMG_6555b.jpg" alt="" class="wp-image-2276" srcset="https://www.portail-esclavage-reunion.fr/wp-content/uploads/2019/12/IMG_6555b.jpg 650w, https://www.portail-esclavage-reunion.fr/wp-content/uploads/2019/12/IMG_6555b-300x200.jpg 300w" sizes="auto, (max-width: 650px) 100vw, 650px" /></figure>



<p class="has-text-align-center">&nbsp;</p>
