{"id":16165,"date":"2026-03-03T15:54:04","date_gmt":"2026-03-03T11:54:04","guid":{"rendered":"https:\/\/www.portail-esclavage-reunion.fr\/?post_type=lieu-de-memoire&#038;p=16165"},"modified":"2026-03-03T15:54:04","modified_gmt":"2026-03-03T11:54:04","slug":"la-pieta-lo-maronaj","status":"publish","type":"lieu-de-memoire","link":"https:\/\/www.portail-esclavage-reunion.fr\/re\/lieux-de-memoire\/la-pieta-lo-maronaj\/","title":{"rendered":"La Piet\u00e0 lo Maronaj"},"content":{"rendered":"\n<p>Landroi : Rivi\u00e8r d\u00e9 Plui &#8211; Lo ronpoin Pont-Neuf<br>Lan\u00e9 2017<br>Lartist : Marco Ah-Kiem<br>Sk\u00fcltir<br>Bazalt<\/p>\n\n\n\n<p>Inog\u00fcr\u00e9 lo 19 f\u00e9vri\u00e9 2017, sk\u00fcltir bazalt-la i ropr\u00e9zante H\u00e9va \u00e8k Anshin, z\u00e9sklav maron la-r\u00e9f\u00fcji\u00e9 dann sirk Salazi. Lartist la-ropr\u00e9zante H\u00e9va l\u00e9 po soingne lo boubou Anshin.<\/p>\n\n\n\n<p>Marco Ah-Kiem la-prande 5 mois po taye l\u00ebv-la dann in blok bazalt in s\u00ebl tenan. Lartist 65 an i \u00e9splike : \u00ab T\u00e9 in lon\u00ebr po mwin kan mwin la-r\u00e9alize Pi\u00e9ta-la. Mwin t\u00e9 v\u00eb m\u00e8te anl\u00e8r lamour \u00e8k lo maronaj. H\u00e9va \u00e8k Anshin la-\u00e8me azot pl\u00fcs 25 an. T\u00e9 in d\u00e9fi akoz promi\u00e9 foi mi f\u00e9 in sk\u00fcltir grand\u00ebr-la \u00e8k in s\u00ebl rosh. L\u00e9t\u00e9 pa fassil po p\u00e8rse lo bazalt. Par kouple mitik-la, in morso la l\u00e9jann i m\u00e9lanje \u00e8k listoir. M\u00e8mtan mwin t\u00e9 i sou\u00e8te rande in lomaj bann fanm \u00e9pila zot rol dann maronaj. \u00bb<\/p>\n\n\n\n<figure class=\"wp-block-image\"><img loading=\"lazy\" decoding=\"async\" width=\"433\" height=\"650\" src=\"https:\/\/www.portail-esclavage-reunion.fr\/wp-content\/uploads\/2019\/12\/IMG_7512b.jpg\" alt=\"\" class=\"wp-image-2219\" srcset=\"https:\/\/www.portail-esclavage-reunion.fr\/wp-content\/uploads\/2019\/12\/IMG_7512b.jpg 433w, https:\/\/www.portail-esclavage-reunion.fr\/wp-content\/uploads\/2019\/12\/IMG_7512b-200x300.jpg 200w\" sizes=\"auto, (max-width: 433px) 100vw, 433px\" \/><\/figure>\n\n\n\n<p class=\"has-text-align-center\"><\/p>\n\n\n\n<figure class=\"wp-block-image\"><a href=\"https:\/\/www.portail-esclavage-reunion.fr\/wp-content\/uploads\/2020\/11\/IMG_7530b.jpg\"><img loading=\"lazy\" decoding=\"async\" width=\"650\" height=\"433\" src=\"https:\/\/www.portail-esclavage-reunion.fr\/wp-content\/uploads\/2020\/11\/IMG_7530b.jpg\" alt=\"\" class=\"wp-image-3799\" srcset=\"https:\/\/www.portail-esclavage-reunion.fr\/wp-content\/uploads\/2020\/11\/IMG_7530b.jpg 650w, https:\/\/www.portail-esclavage-reunion.fr\/wp-content\/uploads\/2020\/11\/IMG_7530b-300x200.jpg 300w\" sizes=\"auto, (max-width: 650px) 100vw, 650px\" \/><\/a><\/figure>\n\n\n\n<p class=\"has-text-align-center\"><\/p>\n\n\n\n<figure class=\"wp-block-image\"><a href=\"https:\/\/www.portail-esclavage-reunion.fr\/wp-content\/uploads\/2020\/11\/IMG_7521b.jpg\"><img loading=\"lazy\" decoding=\"async\" width=\"433\" height=\"650\" src=\"https:\/\/www.portail-esclavage-reunion.fr\/wp-content\/uploads\/2020\/11\/IMG_7521b.jpg\" alt=\"\" class=\"wp-image-3803\" srcset=\"https:\/\/www.portail-esclavage-reunion.fr\/wp-content\/uploads\/2020\/11\/IMG_7521b.jpg 433w, https:\/\/www.portail-esclavage-reunion.fr\/wp-content\/uploads\/2020\/11\/IMG_7521b-200x300.jpg 200w\" sizes=\"auto, (max-width: 433px) 100vw, 433px\" \/><\/a><\/figure>\n\n\n\n<p class=\"has-text-align-center\"><\/p>\n\n\n\n<figure class=\"wp-block-image\"><a href=\"https:\/\/www.portail-esclavage-reunion.fr\/wp-content\/uploads\/2020\/11\/IMG_7526b.jpg\"><img loading=\"lazy\" decoding=\"async\" width=\"650\" height=\"433\" src=\"https:\/\/www.portail-esclavage-reunion.fr\/wp-content\/uploads\/2020\/11\/IMG_7526b.jpg\" alt=\"\" class=\"wp-image-3801\" srcset=\"https:\/\/www.portail-esclavage-reunion.fr\/wp-content\/uploads\/2020\/11\/IMG_7526b.jpg 650w, https:\/\/www.portail-esclavage-reunion.fr\/wp-content\/uploads\/2020\/11\/IMG_7526b-300x200.jpg 300w\" sizes=\"auto, (max-width: 650px) 100vw, 650px\" \/><\/a><\/figure>\n\n\n\n<p class=\"has-text-align-center\">\u00a0<\/p>\n","protected":false},"author":5,"featured_media":16168,"parent":0,"menu_order":0,"template":"","class_list":["post-16165","lieu-de-memoire","type-lieu-de-memoire","status-publish","has-post-thumbnail","hentry"],"acf":[],"_links":{"self":[{"href":"https:\/\/www.portail-esclavage-reunion.fr\/re\/wp-json\/wp\/v2\/lieu-de-memoire\/16165","targetHints":{"allow":["GET"]}}],"collection":[{"href":"https:\/\/www.portail-esclavage-reunion.fr\/re\/wp-json\/wp\/v2\/lieu-de-memoire"}],"about":[{"href":"https:\/\/www.portail-esclavage-reunion.fr\/re\/wp-json\/wp\/v2\/types\/lieu-de-memoire"}],"author":[{"embeddable":true,"href":"https:\/\/www.portail-esclavage-reunion.fr\/re\/wp-json\/wp\/v2\/users\/5"}],"wp:featuredmedia":[{"embeddable":true,"href":"https:\/\/www.portail-esclavage-reunion.fr\/re\/wp-json\/wp\/v2\/media\/16168"}],"wp:attachment":[{"href":"https:\/\/www.portail-esclavage-reunion.fr\/re\/wp-json\/wp\/v2\/media?parent=16165"}],"curies":[{"name":"wp","href":"https:\/\/api.w.org\/{rel}","templated":true}]}}

La Pietà lo Maronaj

<p>Landroi : Rivièr dé Plui &#8211; Lo ronpoin Pont-Neuf<br>Lané 2017<br>Lartist : Marco Ah-Kiem<br>Skültir<br>Bazalt</p>



<p>Inogüré lo 19 févrié 2017, skültir bazalt-la i roprézante Héva èk Anshin, zésklav maron la-réfüjié dann sirk Salazi. Lartist la-roprézante Héva lé po soingne lo boubou Anshin.</p>



<p>Marco Ah-Kiem la-prande 5 mois po taye lëv-la dann in blok bazalt in sël tenan. Lartist 65 an i ésplike : « Té in lonër po mwin kan mwin la-réalize Piéta-la. Mwin té vë mète anlèr lamour èk lo maronaj. Héva èk Anshin la-ème azot plüs 25 an. Té in défi akoz promié foi mi fé in skültir grandër-la èk in sël rosh. Lété pa fassil po pèrse lo bazalt. Par kouple mitik-la, in morso la léjann i mélanje èk listoir. Mèmtan mwin té i souète rande in lomaj bann fanm épila zot rol dann maronaj. »</p>



<figure class="wp-block-image"><img loading="lazy" decoding="async" width="433" height="650" src="https://www.portail-esclavage-reunion.fr/wp-content/uploads/2019/12/IMG_7512b.jpg" alt="" class="wp-image-2219" srcset="https://www.portail-esclavage-reunion.fr/wp-content/uploads/2019/12/IMG_7512b.jpg 433w, https://www.portail-esclavage-reunion.fr/wp-content/uploads/2019/12/IMG_7512b-200x300.jpg 200w" sizes="auto, (max-width: 433px) 100vw, 433px" /></figure>



<p class="has-text-align-center"></p>



<figure class="wp-block-image"><a href="https://www.portail-esclavage-reunion.fr/wp-content/uploads/2020/11/IMG_7530b.jpg"><img loading="lazy" decoding="async" width="650" height="433" src="https://www.portail-esclavage-reunion.fr/wp-content/uploads/2020/11/IMG_7530b.jpg" alt="" class="wp-image-3799" srcset="https://www.portail-esclavage-reunion.fr/wp-content/uploads/2020/11/IMG_7530b.jpg 650w, https://www.portail-esclavage-reunion.fr/wp-content/uploads/2020/11/IMG_7530b-300x200.jpg 300w" sizes="auto, (max-width: 650px) 100vw, 650px" /></a></figure>



<p class="has-text-align-center"></p>



<figure class="wp-block-image"><a href="https://www.portail-esclavage-reunion.fr/wp-content/uploads/2020/11/IMG_7521b.jpg"><img loading="lazy" decoding="async" width="433" height="650" src="https://www.portail-esclavage-reunion.fr/wp-content/uploads/2020/11/IMG_7521b.jpg" alt="" class="wp-image-3803" srcset="https://www.portail-esclavage-reunion.fr/wp-content/uploads/2020/11/IMG_7521b.jpg 433w, https://www.portail-esclavage-reunion.fr/wp-content/uploads/2020/11/IMG_7521b-200x300.jpg 200w" sizes="auto, (max-width: 433px) 100vw, 433px" /></a></figure>



<p class="has-text-align-center"></p>



<figure class="wp-block-image"><a href="https://www.portail-esclavage-reunion.fr/wp-content/uploads/2020/11/IMG_7526b.jpg"><img loading="lazy" decoding="async" width="650" height="433" src="https://www.portail-esclavage-reunion.fr/wp-content/uploads/2020/11/IMG_7526b.jpg" alt="" class="wp-image-3801" srcset="https://www.portail-esclavage-reunion.fr/wp-content/uploads/2020/11/IMG_7526b.jpg 650w, https://www.portail-esclavage-reunion.fr/wp-content/uploads/2020/11/IMG_7526b-300x200.jpg 300w" sizes="auto, (max-width: 650px) 100vw, 650px" /></a></figure>



<p class="has-text-align-center"> </p>
