{"id":16173,"date":"2026-03-03T15:57:29","date_gmt":"2026-03-03T11:57:29","guid":{"rendered":"https:\/\/www.portail-esclavage-reunion.fr\/?post_type=lieu-de-memoire&#038;p=16173"},"modified":"2026-03-03T15:57:30","modified_gmt":"2026-03-03T11:57:30","slug":"famiy-maronsimandef-ek-mariane","status":"publish","type":"lieu-de-memoire","link":"https:\/\/www.portail-esclavage-reunion.fr\/re\/lieux-de-memoire\/famiy-maronsimandef-ek-mariane\/","title":{"rendered":"Famiy maron<br\/>Simand\u00e8f \u00e8k Mariane"},"content":{"rendered":"\n<p>Landroi : Sin-Dni &#8211; Barashoi<br>Lartist : Marco Ah-Kiem<br>Sk\u00fcltir<br>Bazalt<\/p>\n\n\n\n<p>Simand\u00e8f l\u00e9 in l\u00e9sklav maron s\u00e9l\u00e8b i sorte Madagaskar. L\u00fc la-prande lo nom Simand\u00e8f inn foi l\u00fc t\u00e9 lib, in nom malgash (Tsi, non pa, \u00e9pila Mandevi, l\u00e9sklav). Dapr\u00e9 deu-troi l\u00e9jande l\u00fc t\u00e9 in l\u00e9sklav rob\u00e9lion, l\u00fc la-sov\u00e9 po vive lib ansanm son madanm Mariane dann k\u00ebr d\u2019lil. L\u00fc la-kale dann sirk Mafate, \u00e9pila l\u00fc la-organize in kom\u00fcnot\u00e9 maron. <br>Lan\u00e9 1752 parla, lo shass\u00ebr z\u00e9sklav Fran\u00e7ois Mussard la-t\u00fc\u00e9 Simand\u00e8f ansanm Mariane. Zot deu la-l\u00e8sse zot nom dann lil. Lo Simand\u00e8f i arive 2228 m an-ot\u00ebr, l\u00fc s\u00e9pare lo sirk Salazie \u00e8k Mafate, \u00e9pila l\u00fc ash\u00e8ve par la kr\u00e8te la Mariane.<br>T\u00e8rla, lo sk\u00fclt\u00ebr Marco Ah-Khiem i amontre lo kouple i ropr\u00e9zante lo maronaj, i tienbo la min deu marmay, lo sinbol in famiy ref\u00e9 dann in t\u00e9ritoir lib.<\/p>\n\n\n\n<figure class=\"wp-block-image\"><img loading=\"lazy\" decoding=\"async\" width=\"650\" height=\"433\" src=\"https:\/\/www.portail-esclavage-reunion.fr\/wp-content\/uploads\/2019\/12\/IMG_7483b.jpg\" alt=\"\" class=\"wp-image-2228\" srcset=\"https:\/\/www.portail-esclavage-reunion.fr\/wp-content\/uploads\/2019\/12\/IMG_7483b.jpg 650w, https:\/\/www.portail-esclavage-reunion.fr\/wp-content\/uploads\/2019\/12\/IMG_7483b-300x200.jpg 300w\" sizes=\"auto, (max-width: 650px) 100vw, 650px\" \/><\/figure>\n\n\n\n<p class=\"has-text-align-center\"><\/p>\n\n\n<div class=\"wp-block-image\">\n<figure class=\"aligncenter\"><img loading=\"lazy\" decoding=\"async\" width=\"433\" height=\"650\" src=\"https:\/\/www.portail-esclavage-reunion.fr\/wp-content\/uploads\/2019\/12\/IMG_7500b.jpg\" alt=\"\" class=\"wp-image-2226\" srcset=\"https:\/\/www.portail-esclavage-reunion.fr\/wp-content\/uploads\/2019\/12\/IMG_7500b.jpg 433w, https:\/\/www.portail-esclavage-reunion.fr\/wp-content\/uploads\/2019\/12\/IMG_7500b-200x300.jpg 200w\" sizes=\"auto, (max-width: 433px) 100vw, 433px\" \/><\/figure><\/div>\n\n\n<p class=\"has-text-align-center\"><\/p>\n\n\n\n<figure class=\"wp-block-image\"><img loading=\"lazy\" decoding=\"async\" width=\"650\" height=\"433\" src=\"https:\/\/www.portail-esclavage-reunion.fr\/wp-content\/uploads\/2019\/12\/IMG_7488b.jpg\" alt=\"\" class=\"wp-image-2230\" srcset=\"https:\/\/www.portail-esclavage-reunion.fr\/wp-content\/uploads\/2019\/12\/IMG_7488b.jpg 650w, https:\/\/www.portail-esclavage-reunion.fr\/wp-content\/uploads\/2019\/12\/IMG_7488b-300x200.jpg 300w\" sizes=\"auto, (max-width: 650px) 100vw, 650px\" \/><\/figure>\n\n\n\n<p class=\"has-text-align-center\">\u00a0<\/p>\n","protected":false},"author":5,"featured_media":16175,"parent":0,"menu_order":0,"template":"","class_list":["post-16173","lieu-de-memoire","type-lieu-de-memoire","status-publish","has-post-thumbnail","hentry"],"acf":[],"_links":{"self":[{"href":"https:\/\/www.portail-esclavage-reunion.fr\/re\/wp-json\/wp\/v2\/lieu-de-memoire\/16173","targetHints":{"allow":["GET"]}}],"collection":[{"href":"https:\/\/www.portail-esclavage-reunion.fr\/re\/wp-json\/wp\/v2\/lieu-de-memoire"}],"about":[{"href":"https:\/\/www.portail-esclavage-reunion.fr\/re\/wp-json\/wp\/v2\/types\/lieu-de-memoire"}],"author":[{"embeddable":true,"href":"https:\/\/www.portail-esclavage-reunion.fr\/re\/wp-json\/wp\/v2\/users\/5"}],"wp:featuredmedia":[{"embeddable":true,"href":"https:\/\/www.portail-esclavage-reunion.fr\/re\/wp-json\/wp\/v2\/media\/16175"}],"wp:attachment":[{"href":"https:\/\/www.portail-esclavage-reunion.fr\/re\/wp-json\/wp\/v2\/media?parent=16173"}],"curies":[{"name":"wp","href":"https:\/\/api.w.org\/{rel}","templated":true}]}}

Famiy maron<br/>Simandèf èk Mariane

<p>Landroi : Sin-Dni &#8211; Barashoi<br>Lartist : Marco Ah-Kiem<br>Skültir<br>Bazalt</p>



<p>Simandèf lé in lésklav maron sélèb i sorte Madagaskar. Lü la-prande lo nom Simandèf inn foi lü té lib, in nom malgash (Tsi, non pa, épila Mandevi, lésklav). Dapré deu-troi léjande lü té in lésklav robélion, lü la-sové po vive lib ansanm son madanm Mariane dann kër d’lil. Lü la-kale dann sirk Mafate, épila lü la-organize in komünoté maron. <br>Lané 1752 parla, lo shassër zésklav François Mussard la-tüé Simandèf ansanm Mariane. Zot deu la-lèsse zot nom dann lil. Lo Simandèf i arive 2228 m an-otër, lü sépare lo sirk Salazie èk Mafate, épila lü ashève par la krète la Mariane.<br>Tèrla, lo skültër Marco Ah-Khiem i amontre lo kouple i roprézante lo maronaj, i tienbo la min deu marmay, lo sinbol in famiy refé dann in téritoir lib.</p>



<figure class="wp-block-image"><img loading="lazy" decoding="async" width="650" height="433" src="https://www.portail-esclavage-reunion.fr/wp-content/uploads/2019/12/IMG_7483b.jpg" alt="" class="wp-image-2228" srcset="https://www.portail-esclavage-reunion.fr/wp-content/uploads/2019/12/IMG_7483b.jpg 650w, https://www.portail-esclavage-reunion.fr/wp-content/uploads/2019/12/IMG_7483b-300x200.jpg 300w" sizes="auto, (max-width: 650px) 100vw, 650px" /></figure>



<p class="has-text-align-center"></p>


<div class="wp-block-image">
<figure class="aligncenter"><img loading="lazy" decoding="async" width="433" height="650" src="https://www.portail-esclavage-reunion.fr/wp-content/uploads/2019/12/IMG_7500b.jpg" alt="" class="wp-image-2226" srcset="https://www.portail-esclavage-reunion.fr/wp-content/uploads/2019/12/IMG_7500b.jpg 433w, https://www.portail-esclavage-reunion.fr/wp-content/uploads/2019/12/IMG_7500b-200x300.jpg 200w" sizes="auto, (max-width: 433px) 100vw, 433px" /></figure></div>


<p class="has-text-align-center"></p>



<figure class="wp-block-image"><img loading="lazy" decoding="async" width="650" height="433" src="https://www.portail-esclavage-reunion.fr/wp-content/uploads/2019/12/IMG_7488b.jpg" alt="" class="wp-image-2230" srcset="https://www.portail-esclavage-reunion.fr/wp-content/uploads/2019/12/IMG_7488b.jpg 650w, https://www.portail-esclavage-reunion.fr/wp-content/uploads/2019/12/IMG_7488b-300x200.jpg 300w" sizes="auto, (max-width: 650px) 100vw, 650px" /></figure>



<p class="has-text-align-center"> </p>
