{"id":16178,"date":"2026-03-04T08:53:48","date_gmt":"2026-03-04T04:53:48","guid":{"rendered":"https:\/\/www.portail-esclavage-reunion.fr\/?post_type=lieu-de-memoire&#038;p=16178"},"modified":"2026-03-04T08:53:49","modified_gmt":"2026-03-04T04:53:49","slug":"stel-jereon-ek-jasmin","status":"publish","type":"lieu-de-memoire","link":"https:\/\/www.portail-esclavage-reunion.fr\/re\/lieux-de-memoire\/stel-jereon-ek-jasmin\/","title":{"rendered":"St\u00e8l J\u00e9r\u00e9on \u00e8k Jasmin"},"content":{"rendered":"\n<p>Landroi : Sin-Dni &#8211; Barashoi<br>Lan\u00e9 2013<br>Lartist : Henri Maillot<br>Sk\u00fcltir<br>Bronz<\/p>\n\n\n\n<p>Lan\u00e9 1811, po r\u00e9klame zot lib\u00e8rt\u00e9, bann z\u00e9sklav Sin-Leu i r\u00e9volte kontr\u2019 lo sist\u00e8m l\u00e9sklavaj. La-kapaye 145 rantr\u2019 zot, la-m\u00e8te azot la jol Sin-Dni, la-kondane 25 a-mor. J\u00e9r\u00e9on \u00e8k Jasmin l\u00e9 anparmi lo bann r\u00e9volt\u00e9 kondan\u00e9, \u00e9pila d\u00e9kapit\u00e9 Barashoi lo 10 avriy 1812.<\/p>\n\n\n\n<p>La ville Sin-Dni la-komande trava\u00efy-la po onore la m\u00e9moir bann z\u00e9sklav la-bataye po zot lib\u00e8rt\u00e9, po f\u00e9 rap\u00e8le anou zot linportanse dann listoir La R\u00e9nyon.<\/p>\n\n\n\n<p>&nbsp;<\/p>\n\n\n\n<figure class=\"wp-block-image\"><a href=\"https:\/\/www.portail-esclavage-reunion.fr\/wp-content\/uploads\/2019\/12\/IMG_6638b-2.jpg\" target=\"_blank\" rel=\"noopener\"><img loading=\"lazy\" decoding=\"async\" width=\"850\" height=\"567\" src=\"https:\/\/www.portail-esclavage-reunion.fr\/wp-content\/uploads\/2019\/12\/IMG_6638b-2.jpg\" alt=\"\" class=\"wp-image-8390\" srcset=\"https:\/\/www.portail-esclavage-reunion.fr\/wp-content\/uploads\/2019\/12\/IMG_6638b-2.jpg 850w, https:\/\/www.portail-esclavage-reunion.fr\/wp-content\/uploads\/2019\/12\/IMG_6638b-2-300x200.jpg 300w, https:\/\/www.portail-esclavage-reunion.fr\/wp-content\/uploads\/2019\/12\/IMG_6638b-2-768x512.jpg 768w\" sizes=\"auto, (max-width: 767px) 89vw, (max-width: 1000px) 54vw, (max-width: 1071px) 543px, 580px\" \/><\/a><\/figure>\n\n\n\n<p class=\"has-text-align-center\"><\/p>\n\n\n\n<p>&nbsp;<\/p>\n\n\n\n<p><span style=\"font-size: 1rem;\">Lo sk\u00fclt\u00ebr portoi Henri Maillot la-f\u00e9 l\u00e9stat\u00fc bronz-la, i ropr\u00e9zante in s\u00ebl l\u00e9sklav.<\/span><\/p>\n\n\n\n<blockquote class=\"wp-block-quote is-layout-flow wp-block-quote-is-layout-flow\">\n<blockquote class=\"wp-block-quote is-layout-flow wp-block-quote-is-layout-flow\">\n<p>\u00a0L\u00fc deboute, lo deu janm r\u00e8d an-bar, kosto \u00e8k son fi\u00e8rt\u00e9. L\u00fc porte, konm in trof\u00e9, son prop t\u00e8te i vienn koup\u00e9. Konm in j\u00e8st sinbolik, malgr\u00e9 son s\u00fcplisse, l\u00fc v\u00eb amontre son konba la-pa s\u00e8rve po rien, i fo nou ansouvien.<br>Repr\u00e9zantasyon-la l\u00e9 vr\u00e9man t\u00e9rib, soman zot i kroi l\u00e9 pl\u00fcs for \u00e7at bann kr\u00fcssifi dann kroiz\u00e9 d\u2019shomin ? Listoir, nout listoir la-bezoin bann rep\u00e8r. Mwin t\u00e9 v\u00eb f\u00e9 in mon\u00fcman d\u00e9finitif, parlf\u00e8te, ko\u00e7a ou i p\u00eb dire ankor apr\u00e9\u00e7a ? Lo soubasman par\u00e8y in kone i f\u00e9 majine lil dessi la m\u00e8r, l\u00e9-O, la t\u00e8r la lib\u00e8rt\u00e9, lo ref\u00fcj bann z\u00e9sklav maron. In bann roz an-bronz l\u00e9 d\u00e9poz\u00e9 dovan lo pi\u00e9 lo s\u00fcplissi\u00e9.<br>Deu landormi i trav\u00e8rse dessi lo bann fl\u00ebr. Zot i rap\u00e8le nout latashman \u00e9t\u00e8rn\u00e8l \u00e8k la nat\u00fcre, \u00e9pila i sinbolize linosanse.<\/p>\n<\/blockquote>\n<\/blockquote>\n\n\n\n<p>&nbsp;<\/p>\n\n\n\n<figure class=\"wp-block-image\"><a href=\"https:\/\/www.portail-esclavage-reunion.fr\/wp-content\/uploads\/2019\/12\/IMG_6567b-1.jpg\" target=\"_blank\" rel=\"noopener\"><img loading=\"lazy\" decoding=\"async\" width=\"850\" height=\"567\" src=\"https:\/\/www.portail-esclavage-reunion.fr\/wp-content\/uploads\/2019\/12\/IMG_6567b-1.jpg\" alt=\"\" class=\"wp-image-8393\" srcset=\"https:\/\/www.portail-esclavage-reunion.fr\/wp-content\/uploads\/2019\/12\/IMG_6567b-1.jpg 850w, https:\/\/www.portail-esclavage-reunion.fr\/wp-content\/uploads\/2019\/12\/IMG_6567b-1-300x200.jpg 300w, https:\/\/www.portail-esclavage-reunion.fr\/wp-content\/uploads\/2019\/12\/IMG_6567b-1-768x512.jpg 768w\" sizes=\"auto, (max-width: 767px) 89vw, (max-width: 1000px) 54vw, (max-width: 1071px) 543px, 580px\" \/><\/a><\/figure>\n\n\n\n<p class=\"has-text-align-center\"><\/p>\n\n\n\n<p>&nbsp;<\/p>\n\n\n\n<blockquote class=\"wp-block-quote is-layout-flow wp-block-quote-is-layout-flow\">\n<blockquote class=\"wp-block-quote is-layout-flow wp-block-quote-is-layout-flow\">\n<p>Dann la Gr\u00e8ce antik lo sinbol (sumbolon), dann son sens prop dorijine, l\u00e9t\u00e9 in morso potri kass\u00e9 an-deu, \u00e9pila partaj\u00e9 rantr\u2019 l\u00e9 deu ki tonbe dakor, po tashe mani\u00e8r rakorde l\u00e9 deu morso po f\u00e9 la pr\u00ebv zot m\u00e8m rassine, konm in signe rokon\u00e9ssanse. Parlf\u00e8te J\u00e9r\u00e9on i porte \u00e9pila i rekole son prop t\u00e8te, in signe konm-de-koi l\u00fc l\u00e9 anti\u00e9. Lo trava\u00efy l\u00e9 brute \u00e9ksepr\u00e9, konm in lamorse. I f\u00e9 majin\u00e9. La mati\u00e8r, par\u00e8y la lav, l\u00e9 an-mouvman. <\/p>\n<\/blockquote>\n<\/blockquote>\n\n\n\n<p>&nbsp;<\/p>\n\n\n\n<figure class=\"wp-block-image\"><img loading=\"lazy\" decoding=\"async\" width=\"433\" height=\"650\" src=\"https:\/\/www.portail-esclavage-reunion.fr\/wp-content\/uploads\/2019\/12\/IMG_6580b.jpg\" alt=\"\" class=\"wp-image-2240\" srcset=\"https:\/\/www.portail-esclavage-reunion.fr\/wp-content\/uploads\/2019\/12\/IMG_6580b.jpg 433w, https:\/\/www.portail-esclavage-reunion.fr\/wp-content\/uploads\/2019\/12\/IMG_6580b-200x300.jpg 200w\" sizes=\"auto, (max-width: 433px) 100vw, 433px\" \/><\/figure>\n\n\n\n<p><\/p>\n\n\n\n<figure class=\"wp-block-image\"><img loading=\"lazy\" decoding=\"async\" width=\"433\" height=\"650\" src=\"https:\/\/www.portail-esclavage-reunion.fr\/wp-content\/uploads\/2019\/12\/IMG_6575b.jpg\" alt=\"\" class=\"wp-image-2242\" srcset=\"https:\/\/www.portail-esclavage-reunion.fr\/wp-content\/uploads\/2019\/12\/IMG_6575b.jpg 433w, https:\/\/www.portail-esclavage-reunion.fr\/wp-content\/uploads\/2019\/12\/IMG_6575b-200x300.jpg 200w\" sizes=\"auto, (max-width: 433px) 100vw, 433px\" \/><\/figure>\n\n\n\n<p><\/p>\n\n\n\n<p><span style=\"color: #0000ff;\"><a style=\"color: #0000ff;\" href=\"https:\/\/www.portail-esclavage-reunion.fr\/re\/documentaires\/lesklavaj\/rezistanse-kontr-lesklavaj\/lo-soulevman-bann-zesklav-sin-leu-mois-dnovanm-1811\/\">En savoir plus<\/a><\/span><\/p>\n","protected":false},"author":5,"featured_media":16179,"parent":0,"menu_order":0,"template":"","class_list":["post-16178","lieu-de-memoire","type-lieu-de-memoire","status-publish","has-post-thumbnail","hentry"],"acf":[],"_links":{"self":[{"href":"https:\/\/www.portail-esclavage-reunion.fr\/re\/wp-json\/wp\/v2\/lieu-de-memoire\/16178","targetHints":{"allow":["GET"]}}],"collection":[{"href":"https:\/\/www.portail-esclavage-reunion.fr\/re\/wp-json\/wp\/v2\/lieu-de-memoire"}],"about":[{"href":"https:\/\/www.portail-esclavage-reunion.fr\/re\/wp-json\/wp\/v2\/types\/lieu-de-memoire"}],"author":[{"embeddable":true,"href":"https:\/\/www.portail-esclavage-reunion.fr\/re\/wp-json\/wp\/v2\/users\/5"}],"wp:featuredmedia":[{"embeddable":true,"href":"https:\/\/www.portail-esclavage-reunion.fr\/re\/wp-json\/wp\/v2\/media\/16179"}],"wp:attachment":[{"href":"https:\/\/www.portail-esclavage-reunion.fr\/re\/wp-json\/wp\/v2\/media?parent=16178"}],"curies":[{"name":"wp","href":"https:\/\/api.w.org\/{rel}","templated":true}]}}

Stèl Jéréon èk Jasmin

<p>Landroi : Sin-Dni &#8211; Barashoi<br>Lané 2013<br>Lartist : Henri Maillot<br>Skültir<br>Bronz</p>



<p>Lané 1811, po réklame zot libèrté, bann zésklav Sin-Leu i révolte kontr’ lo sistèm lésklavaj. La-kapaye 145 rantr’ zot, la-mète azot la jol Sin-Dni, la-kondane 25 a-mor. Jéréon èk Jasmin lé anparmi lo bann révolté kondané, épila dékapité Barashoi lo 10 avriy 1812.</p>



<p>La ville Sin-Dni la-komande travaïy-la po onore la mémoir bann zésklav la-bataye po zot libèrté, po fé rapèle anou zot linportanse dann listoir La Rényon.</p>



<p>&nbsp;</p>



<figure class="wp-block-image"><a href="https://www.portail-esclavage-reunion.fr/wp-content/uploads/2019/12/IMG_6638b-2.jpg" target="_blank" rel="noopener"><img loading="lazy" decoding="async" width="850" height="567" src="https://www.portail-esclavage-reunion.fr/wp-content/uploads/2019/12/IMG_6638b-2.jpg" alt="" class="wp-image-8390" srcset="https://www.portail-esclavage-reunion.fr/wp-content/uploads/2019/12/IMG_6638b-2.jpg 850w, https://www.portail-esclavage-reunion.fr/wp-content/uploads/2019/12/IMG_6638b-2-300x200.jpg 300w, https://www.portail-esclavage-reunion.fr/wp-content/uploads/2019/12/IMG_6638b-2-768x512.jpg 768w" sizes="auto, (max-width: 767px) 89vw, (max-width: 1000px) 54vw, (max-width: 1071px) 543px, 580px" /></a></figure>



<p class="has-text-align-center"></p>



<p>&nbsp;</p>



<p><span style="font-size: 1rem;">Lo skültër portoi Henri Maillot la-fé léstatü bronz-la, i roprézante in sël lésklav.</span></p>



<blockquote class="wp-block-quote is-layout-flow wp-block-quote-is-layout-flow">
<blockquote class="wp-block-quote is-layout-flow wp-block-quote-is-layout-flow">
<p> Lü deboute, lo deu janm rèd an-bar, kosto èk son fièrté. Lü porte, konm in trofé, son prop tète i vienn koupé. Konm in jèst sinbolik, malgré son süplisse, lü vë amontre son konba la-pa sèrve po rien, i fo nou ansouvien.<br>Reprézantasyon-la lé vréman térib, soman zot i kroi lé plüs for çat bann krüssifi dann kroizé d’shomin ? Listoir, nout listoir la-bezoin bann repèr. Mwin té vë fé in monüman définitif, parlfète, koça ou i pë dire ankor apréça ? Lo soubasman parèy in kone i fé majine lil dessi la mèr, lé-O, la tèr la libèrté, lo refüj bann zésklav maron. In bann roz an-bronz lé dépozé dovan lo pié lo süplissié.<br>Deu landormi i travèrse dessi lo bann flër. Zot i rapèle nout latashman étèrnèl èk la natüre, épila i sinbolize linosanse.</p>
</blockquote>
</blockquote>



<p>&nbsp;</p>



<figure class="wp-block-image"><a href="https://www.portail-esclavage-reunion.fr/wp-content/uploads/2019/12/IMG_6567b-1.jpg" target="_blank" rel="noopener"><img loading="lazy" decoding="async" width="850" height="567" src="https://www.portail-esclavage-reunion.fr/wp-content/uploads/2019/12/IMG_6567b-1.jpg" alt="" class="wp-image-8393" srcset="https://www.portail-esclavage-reunion.fr/wp-content/uploads/2019/12/IMG_6567b-1.jpg 850w, https://www.portail-esclavage-reunion.fr/wp-content/uploads/2019/12/IMG_6567b-1-300x200.jpg 300w, https://www.portail-esclavage-reunion.fr/wp-content/uploads/2019/12/IMG_6567b-1-768x512.jpg 768w" sizes="auto, (max-width: 767px) 89vw, (max-width: 1000px) 54vw, (max-width: 1071px) 543px, 580px" /></a></figure>



<p class="has-text-align-center"></p>



<p>&nbsp;</p>



<blockquote class="wp-block-quote is-layout-flow wp-block-quote-is-layout-flow">
<blockquote class="wp-block-quote is-layout-flow wp-block-quote-is-layout-flow">
<p>Dann la Grèce antik lo sinbol (sumbolon), dann son sens prop dorijine, lété in morso potri kassé an-deu, épila partajé rantr’ lé deu ki tonbe dakor, po tashe manièr rakorde lé deu morso po fé la prëv zot mèm rassine, konm in signe rokonéssanse. Parlfète Jéréon i porte épila i rekole son prop tète, in signe konm-de-koi lü lé antié. Lo travaïy lé brute éksepré, konm in lamorse. I fé majiné. La matièr, parèy la lav, lé an-mouvman. </p>
</blockquote>
</blockquote>



<p>&nbsp;</p>



<figure class="wp-block-image"><img loading="lazy" decoding="async" width="433" height="650" src="https://www.portail-esclavage-reunion.fr/wp-content/uploads/2019/12/IMG_6580b.jpg" alt="" class="wp-image-2240" srcset="https://www.portail-esclavage-reunion.fr/wp-content/uploads/2019/12/IMG_6580b.jpg 433w, https://www.portail-esclavage-reunion.fr/wp-content/uploads/2019/12/IMG_6580b-200x300.jpg 200w" sizes="auto, (max-width: 433px) 100vw, 433px" /></figure>



<p></p>



<figure class="wp-block-image"><img loading="lazy" decoding="async" width="433" height="650" src="https://www.portail-esclavage-reunion.fr/wp-content/uploads/2019/12/IMG_6575b.jpg" alt="" class="wp-image-2242" srcset="https://www.portail-esclavage-reunion.fr/wp-content/uploads/2019/12/IMG_6575b.jpg 433w, https://www.portail-esclavage-reunion.fr/wp-content/uploads/2019/12/IMG_6575b-200x300.jpg 200w" sizes="auto, (max-width: 433px) 100vw, 433px" /></figure>



<p></p>



<p><span style="color: #0000ff;"><a style="color: #0000ff;" href="https://www.portail-esclavage-reunion.fr/re/documentaires/lesklavaj/rezistanse-kontr-lesklavaj/lo-soulevman-bann-zesklav-sin-leu-mois-dnovanm-1811/">En savoir plus</a></span></p>
