{"id":16188,"date":"2026-03-04T08:55:40","date_gmt":"2026-03-04T04:55:40","guid":{"rendered":"https:\/\/www.portail-esclavage-reunion.fr\/?post_type=lieu-de-memoire&#038;p=16188"},"modified":"2026-03-04T08:55:40","modified_gmt":"2026-03-04T04:55:40","slug":"stel-lo-debarkman-sarda-gariga","status":"publish","type":"lieu-de-memoire","link":"https:\/\/www.portail-esclavage-reunion.fr\/re\/lieux-de-memoire\/stel-lo-debarkman-sarda-gariga\/","title":{"rendered":"St\u00e8l lo d\u00e9barkman Sarda Gariga"},"content":{"rendered":"\n<p>Landroi : Sin-Dni &#8211; Barashoi<br>Zan\u00e9 60-70<br>Sk\u00fcltir<br>Bronz &#8211; la-pi\u00e8r<\/p>\n\n\n\n<p>St\u00e8l-la i kom\u00e9more lariv\u00e9 lo <em>commissaire la R\u00e9publique<\/em> Sarda Garriga, \u00e9sp\u00e9ssialman son d\u00e9barkman Barashoi lo 14 oktob 1848.<\/p>\n\n\n\n<figure class=\"wp-block-image\"><img loading=\"lazy\" decoding=\"async\" width=\"650\" height=\"433\" src=\"https:\/\/www.portail-esclavage-reunion.fr\/wp-content\/uploads\/2019\/12\/IMG_7382.jpg\" alt=\"\" class=\"wp-image-2237\" srcset=\"https:\/\/www.portail-esclavage-reunion.fr\/wp-content\/uploads\/2019\/12\/IMG_7382.jpg 650w, https:\/\/www.portail-esclavage-reunion.fr\/wp-content\/uploads\/2019\/12\/IMG_7382-300x200.jpg 300w\" sizes=\"auto, (max-width: 650px) 100vw, 650px\" \/><\/figure>\n\n\n\n<p class=\"has-text-align-center\"><\/p>\n\n\n\n<p>&nbsp;<\/p>\n","protected":false},"author":5,"featured_media":16189,"parent":0,"menu_order":0,"template":"","class_list":["post-16188","lieu-de-memoire","type-lieu-de-memoire","status-publish","has-post-thumbnail","hentry"],"acf":[],"_links":{"self":[{"href":"https:\/\/www.portail-esclavage-reunion.fr\/re\/wp-json\/wp\/v2\/lieu-de-memoire\/16188","targetHints":{"allow":["GET"]}}],"collection":[{"href":"https:\/\/www.portail-esclavage-reunion.fr\/re\/wp-json\/wp\/v2\/lieu-de-memoire"}],"about":[{"href":"https:\/\/www.portail-esclavage-reunion.fr\/re\/wp-json\/wp\/v2\/types\/lieu-de-memoire"}],"author":[{"embeddable":true,"href":"https:\/\/www.portail-esclavage-reunion.fr\/re\/wp-json\/wp\/v2\/users\/5"}],"wp:featuredmedia":[{"embeddable":true,"href":"https:\/\/www.portail-esclavage-reunion.fr\/re\/wp-json\/wp\/v2\/media\/16189"}],"wp:attachment":[{"href":"https:\/\/www.portail-esclavage-reunion.fr\/re\/wp-json\/wp\/v2\/media?parent=16188"}],"curies":[{"name":"wp","href":"https:\/\/api.w.org\/{rel}","templated":true}]}}

Stèl lo débarkman Sarda Gariga

<p>Landroi : Sin-Dni &#8211; Barashoi<br>Zané 60-70<br>Skültir<br>Bronz &#8211; la-pièr</p>



<p>Stèl-la i komémore larivé lo <em>commissaire la République</em> Sarda Garriga, éspéssialman son débarkman Barashoi lo 14 oktob 1848.</p>



<figure class="wp-block-image"><img loading="lazy" decoding="async" width="650" height="433" src="https://www.portail-esclavage-reunion.fr/wp-content/uploads/2019/12/IMG_7382.jpg" alt="" class="wp-image-2237" srcset="https://www.portail-esclavage-reunion.fr/wp-content/uploads/2019/12/IMG_7382.jpg 650w, https://www.portail-esclavage-reunion.fr/wp-content/uploads/2019/12/IMG_7382-300x200.jpg 300w" sizes="auto, (max-width: 650px) 100vw, 650px" /></figure>



<p class="has-text-align-center"></p>



<p>&nbsp;</p>
