{"id":16191,"date":"2026-03-04T08:57:50","date_gmt":"2026-03-04T04:57:50","guid":{"rendered":"https:\/\/www.portail-esclavage-reunion.fr\/?post_type=lieu-de-memoire&#038;p=16191"},"modified":"2026-03-04T09:33:55","modified_gmt":"2026-03-04T05:33:55","slug":"bann-jardin-lo-20-desanm","status":"publish","type":"lieu-de-memoire","link":"https:\/\/www.portail-esclavage-reunion.fr\/re\/lieux-de-memoire\/bann-jardin-lo-20-desanm\/","title":{"rendered":"Bann jardin lo 20 d\u00e9ssanm"},"content":{"rendered":"\n<p>Landroi : Sin-Joz\u00e8f &#8211; Lo Butor<br>Lan\u00e9 2011<\/p>\n\n\n\n<p>Depi lo 20 d\u00e9ssanm 2011, dann landroi-la n\u00e9na inn st\u00e8l po rande in lomaj Joseph Fandiova, lo d\u00e8rni\u00e9 angaj\u00e9 la-vive Sin-Joz\u00e8f. L\u00e9stat\u00fc l\u00e9 plass\u00e9 kost\u00e9 \u00e8k in \u00ab m\u00fcr bann z\u00e9sklav \u00bb ou\u00e7a l\u00e9 mark\u00e9 lo nom 1335 z\u00e9sklav la-vive dan la kom\u00fcne.<\/p>\n\n\n\n<figure class=\"wp-block-image\"><a href=\"https:\/\/www.portail-esclavage-reunion.fr\/wp-content\/uploads\/2020\/11\/IMG_6514b-1.jpg\"><img loading=\"lazy\" decoding=\"async\" width=\"650\" height=\"433\" src=\"https:\/\/www.portail-esclavage-reunion.fr\/wp-content\/uploads\/2020\/11\/IMG_6514b-1.jpg\" alt=\"\" class=\"wp-image-3778\" srcset=\"https:\/\/www.portail-esclavage-reunion.fr\/wp-content\/uploads\/2020\/11\/IMG_6514b-1.jpg 650w, https:\/\/www.portail-esclavage-reunion.fr\/wp-content\/uploads\/2020\/11\/IMG_6514b-1-300x200.jpg 300w\" sizes=\"auto, (max-width: 650px) 100vw, 650px\" \/><\/a><\/figure>\n\n\n\n<p class=\"has-text-align-center\"><\/p>\n\n\n\n<figure class=\"wp-block-image\"><img loading=\"lazy\" decoding=\"async\" width=\"650\" height=\"433\" src=\"https:\/\/www.portail-esclavage-reunion.fr\/wp-content\/uploads\/2019\/12\/IMG_6508b.jpg\" alt=\"\" class=\"wp-image-2365\" srcset=\"https:\/\/www.portail-esclavage-reunion.fr\/wp-content\/uploads\/2019\/12\/IMG_6508b.jpg 650w, https:\/\/www.portail-esclavage-reunion.fr\/wp-content\/uploads\/2019\/12\/IMG_6508b-300x200.jpg 300w\" sizes=\"auto, (max-width: 650px) 100vw, 650px\" \/><\/figure>\n\n\n\n<p class=\"has-text-align-center\"><\/p>\n\n\n\n<figure class=\"wp-block-image\"><a href=\"https:\/\/www.portail-esclavage-reunion.fr\/wp-content\/uploads\/2020\/11\/IMG_6504b.jpg\"><img loading=\"lazy\" decoding=\"async\" width=\"650\" height=\"433\" src=\"https:\/\/www.portail-esclavage-reunion.fr\/wp-content\/uploads\/2020\/11\/IMG_6504b.jpg\" alt=\"\" class=\"wp-image-3776\" srcset=\"https:\/\/www.portail-esclavage-reunion.fr\/wp-content\/uploads\/2020\/11\/IMG_6504b.jpg 650w, https:\/\/www.portail-esclavage-reunion.fr\/wp-content\/uploads\/2020\/11\/IMG_6504b-300x200.jpg 300w\" sizes=\"auto, (max-width: 650px) 100vw, 650px\" \/><\/a><\/figure>\n\n\n\n<p class=\"has-text-align-center\"><\/p>\n\n\n\n<figure class=\"wp-block-image\"><img loading=\"lazy\" decoding=\"async\" width=\"650\" height=\"433\" src=\"https:\/\/www.portail-esclavage-reunion.fr\/wp-content\/uploads\/2019\/12\/IMG_6487b.jpg\" alt=\"\" class=\"wp-image-2116\" srcset=\"https:\/\/www.portail-esclavage-reunion.fr\/wp-content\/uploads\/2019\/12\/IMG_6487b.jpg 650w, https:\/\/www.portail-esclavage-reunion.fr\/wp-content\/uploads\/2019\/12\/IMG_6487b-300x200.jpg 300w\" sizes=\"auto, (max-width: 650px) 100vw, 650px\" \/><\/figure>\n\n\n\n<p class=\"has-text-align-center\"><\/p>\n\n\n\n<figure class=\"wp-block-image\"><a href=\"https:\/\/www.portail-esclavage-reunion.fr\/wp-content\/uploads\/2020\/11\/IMG_6490c-1.jpg\"><img loading=\"lazy\" decoding=\"async\" width=\"650\" height=\"434\" src=\"https:\/\/www.portail-esclavage-reunion.fr\/wp-content\/uploads\/2020\/11\/IMG_6490c-1.jpg\" alt=\"\" class=\"wp-image-3774\" srcset=\"https:\/\/www.portail-esclavage-reunion.fr\/wp-content\/uploads\/2020\/11\/IMG_6490c-1.jpg 650w, https:\/\/www.portail-esclavage-reunion.fr\/wp-content\/uploads\/2020\/11\/IMG_6490c-1-300x200.jpg 300w\" sizes=\"auto, (max-width: 650px) 100vw, 650px\" \/><\/a><\/figure>\n\n\n\n<p class=\"has-text-align-center\"><\/p>\n","protected":false},"author":5,"featured_media":16192,"parent":0,"menu_order":0,"template":"","class_list":["post-16191","lieu-de-memoire","type-lieu-de-memoire","status-publish","has-post-thumbnail","hentry"],"acf":[],"_links":{"self":[{"href":"https:\/\/www.portail-esclavage-reunion.fr\/re\/wp-json\/wp\/v2\/lieu-de-memoire\/16191","targetHints":{"allow":["GET"]}}],"collection":[{"href":"https:\/\/www.portail-esclavage-reunion.fr\/re\/wp-json\/wp\/v2\/lieu-de-memoire"}],"about":[{"href":"https:\/\/www.portail-esclavage-reunion.fr\/re\/wp-json\/wp\/v2\/types\/lieu-de-memoire"}],"author":[{"embeddable":true,"href":"https:\/\/www.portail-esclavage-reunion.fr\/re\/wp-json\/wp\/v2\/users\/5"}],"wp:featuredmedia":[{"embeddable":true,"href":"https:\/\/www.portail-esclavage-reunion.fr\/re\/wp-json\/wp\/v2\/media\/16192"}],"wp:attachment":[{"href":"https:\/\/www.portail-esclavage-reunion.fr\/re\/wp-json\/wp\/v2\/media?parent=16191"}],"curies":[{"name":"wp","href":"https:\/\/api.w.org\/{rel}","templated":true}]}}

Bann jardin lo 20 déssanm

<p>Landroi : Sin-Jozèf &#8211; Lo Butor<br>Lané 2011</p>



<p>Depi lo 20 déssanm 2011, dann landroi-la néna inn stèl po rande in lomaj Joseph Fandiova, lo dèrnié angajé la-vive Sin-Jozèf. Léstatü lé plassé kosté èk in « mür bann zésklav » ouça lé marké lo nom 1335 zésklav la-vive dan la komüne.</p>



<figure class="wp-block-image"><a href="https://www.portail-esclavage-reunion.fr/wp-content/uploads/2020/11/IMG_6514b-1.jpg"><img loading="lazy" decoding="async" width="650" height="433" src="https://www.portail-esclavage-reunion.fr/wp-content/uploads/2020/11/IMG_6514b-1.jpg" alt="" class="wp-image-3778" srcset="https://www.portail-esclavage-reunion.fr/wp-content/uploads/2020/11/IMG_6514b-1.jpg 650w, https://www.portail-esclavage-reunion.fr/wp-content/uploads/2020/11/IMG_6514b-1-300x200.jpg 300w" sizes="auto, (max-width: 650px) 100vw, 650px" /></a></figure>



<p class="has-text-align-center"></p>



<figure class="wp-block-image"><img loading="lazy" decoding="async" width="650" height="433" src="https://www.portail-esclavage-reunion.fr/wp-content/uploads/2019/12/IMG_6508b.jpg" alt="" class="wp-image-2365" srcset="https://www.portail-esclavage-reunion.fr/wp-content/uploads/2019/12/IMG_6508b.jpg 650w, https://www.portail-esclavage-reunion.fr/wp-content/uploads/2019/12/IMG_6508b-300x200.jpg 300w" sizes="auto, (max-width: 650px) 100vw, 650px" /></figure>



<p class="has-text-align-center"></p>



<figure class="wp-block-image"><a href="https://www.portail-esclavage-reunion.fr/wp-content/uploads/2020/11/IMG_6504b.jpg"><img loading="lazy" decoding="async" width="650" height="433" src="https://www.portail-esclavage-reunion.fr/wp-content/uploads/2020/11/IMG_6504b.jpg" alt="" class="wp-image-3776" srcset="https://www.portail-esclavage-reunion.fr/wp-content/uploads/2020/11/IMG_6504b.jpg 650w, https://www.portail-esclavage-reunion.fr/wp-content/uploads/2020/11/IMG_6504b-300x200.jpg 300w" sizes="auto, (max-width: 650px) 100vw, 650px" /></a></figure>



<p class="has-text-align-center"></p>



<figure class="wp-block-image"><img loading="lazy" decoding="async" width="650" height="433" src="https://www.portail-esclavage-reunion.fr/wp-content/uploads/2019/12/IMG_6487b.jpg" alt="" class="wp-image-2116" srcset="https://www.portail-esclavage-reunion.fr/wp-content/uploads/2019/12/IMG_6487b.jpg 650w, https://www.portail-esclavage-reunion.fr/wp-content/uploads/2019/12/IMG_6487b-300x200.jpg 300w" sizes="auto, (max-width: 650px) 100vw, 650px" /></figure>



<p class="has-text-align-center"></p>



<figure class="wp-block-image"><a href="https://www.portail-esclavage-reunion.fr/wp-content/uploads/2020/11/IMG_6490c-1.jpg"><img loading="lazy" decoding="async" width="650" height="434" src="https://www.portail-esclavage-reunion.fr/wp-content/uploads/2020/11/IMG_6490c-1.jpg" alt="" class="wp-image-3774" srcset="https://www.portail-esclavage-reunion.fr/wp-content/uploads/2020/11/IMG_6490c-1.jpg 650w, https://www.portail-esclavage-reunion.fr/wp-content/uploads/2020/11/IMG_6490c-1-300x200.jpg 300w" sizes="auto, (max-width: 650px) 100vw, 650px" /></a></figure>



<p class="has-text-align-center"></p>
