{"id":16205,"date":"2026-03-04T08:59:44","date_gmt":"2026-03-04T04:59:44","guid":{"rendered":"https:\/\/www.portail-esclavage-reunion.fr\/?post_type=lieu-de-memoire&#038;p=16205"},"modified":"2026-03-04T08:59:45","modified_gmt":"2026-03-04T04:59:45","slug":"lesklav-lo-sekre","status":"publish","type":"lieu-de-memoire","link":"https:\/\/www.portail-esclavage-reunion.fr\/re\/lieux-de-memoire\/lesklav-lo-sekre\/","title":{"rendered":"L\u00e9sklav ; lo s\u00ebkr\u00e9"},"content":{"rendered":"\n<p>Landroi : Sint-Pi\u00e8r &#8211; M\u00e9diat\u00e8k Rapha\u00ebl Barquisseau<br>Kr\u00e9asyon lan\u00e9 1996<br>Linstalasyon : rantr\u2019 2008-2009<br>Lartist : Gilbert Clain<br>Sk\u00fcltir<br>Bazalt<\/p>\n\n\n\n<p>Bann p\u00e8rsonaj ropr\u00e9zant\u00e9 i done pa in m\u00e9ssaj partik\u00fcli\u00e9, sinon\u00e7a in sekr\u00e9, parlf\u00e8te i gaingne pa \u00e9splik\u00e9. Lartis i m\u00e8te an-s\u00e8ne le ladilaf\u00e9 sinon\u00e7a la d\u00e9lasyon ? L\u00e9 ankor a-demand\u00e9\u2026<\/p>\n\n\n\n<figure class=\"wp-block-image\"><img loading=\"lazy\" decoding=\"async\" width=\"433\" height=\"650\" src=\"https:\/\/www.portail-esclavage-reunion.fr\/wp-content\/uploads\/2019\/12\/IMG_4431b.jpg\" alt=\"\" class=\"wp-image-2338\" srcset=\"https:\/\/www.portail-esclavage-reunion.fr\/wp-content\/uploads\/2019\/12\/IMG_4431b.jpg 433w, https:\/\/www.portail-esclavage-reunion.fr\/wp-content\/uploads\/2019\/12\/IMG_4431b-200x300.jpg 200w\" sizes=\"auto, (max-width: 433px) 100vw, 433px\" \/><\/figure>\n\n\n\n<p><\/p>\n\n\n\n<figure class=\"wp-block-image\"><img loading=\"lazy\" decoding=\"async\" width=\"433\" height=\"650\" src=\"https:\/\/www.portail-esclavage-reunion.fr\/wp-content\/uploads\/2019\/12\/IMG_4474b.jpg\" alt=\"\" class=\"wp-image-2340\" srcset=\"https:\/\/www.portail-esclavage-reunion.fr\/wp-content\/uploads\/2019\/12\/IMG_4474b.jpg 433w, https:\/\/www.portail-esclavage-reunion.fr\/wp-content\/uploads\/2019\/12\/IMG_4474b-200x300.jpg 200w\" sizes=\"auto, (max-width: 433px) 100vw, 433px\" \/><\/figure>\n","protected":false},"author":5,"featured_media":16206,"parent":0,"menu_order":0,"template":"","class_list":["post-16205","lieu-de-memoire","type-lieu-de-memoire","status-publish","has-post-thumbnail","hentry"],"acf":[],"_links":{"self":[{"href":"https:\/\/www.portail-esclavage-reunion.fr\/re\/wp-json\/wp\/v2\/lieu-de-memoire\/16205","targetHints":{"allow":["GET"]}}],"collection":[{"href":"https:\/\/www.portail-esclavage-reunion.fr\/re\/wp-json\/wp\/v2\/lieu-de-memoire"}],"about":[{"href":"https:\/\/www.portail-esclavage-reunion.fr\/re\/wp-json\/wp\/v2\/types\/lieu-de-memoire"}],"author":[{"embeddable":true,"href":"https:\/\/www.portail-esclavage-reunion.fr\/re\/wp-json\/wp\/v2\/users\/5"}],"wp:featuredmedia":[{"embeddable":true,"href":"https:\/\/www.portail-esclavage-reunion.fr\/re\/wp-json\/wp\/v2\/media\/16206"}],"wp:attachment":[{"href":"https:\/\/www.portail-esclavage-reunion.fr\/re\/wp-json\/wp\/v2\/media?parent=16205"}],"curies":[{"name":"wp","href":"https:\/\/api.w.org\/{rel}","templated":true}]}}

Lésklav ; lo sëkré

<p>Landroi : Sint-Pièr &#8211; Médiatèk Raphaël Barquisseau<br>Kréasyon lané 1996<br>Linstalasyon : rantr’ 2008-2009<br>Lartist : Gilbert Clain<br>Skültir<br>Bazalt</p>



<p>Bann pèrsonaj roprézanté i done pa in méssaj partikülié, sinonça in sekré, parlfète i gaingne pa éspliké. Lartis i mète an-sène le ladilafé sinonça la délasyon ? Lé ankor a-demandé…</p>



<figure class="wp-block-image"><img loading="lazy" decoding="async" width="433" height="650" src="https://www.portail-esclavage-reunion.fr/wp-content/uploads/2019/12/IMG_4431b.jpg" alt="" class="wp-image-2338" srcset="https://www.portail-esclavage-reunion.fr/wp-content/uploads/2019/12/IMG_4431b.jpg 433w, https://www.portail-esclavage-reunion.fr/wp-content/uploads/2019/12/IMG_4431b-200x300.jpg 200w" sizes="auto, (max-width: 433px) 100vw, 433px" /></figure>



<p></p>



<figure class="wp-block-image"><img loading="lazy" decoding="async" width="433" height="650" src="https://www.portail-esclavage-reunion.fr/wp-content/uploads/2019/12/IMG_4474b.jpg" alt="" class="wp-image-2340" srcset="https://www.portail-esclavage-reunion.fr/wp-content/uploads/2019/12/IMG_4474b.jpg 433w, https://www.portail-esclavage-reunion.fr/wp-content/uploads/2019/12/IMG_4474b-200x300.jpg 200w" sizes="auto, (max-width: 433px) 100vw, 433px" /></figure>
