{"id":16209,"date":"2026-03-04T09:02:58","date_gmt":"2026-03-04T05:02:58","guid":{"rendered":"https:\/\/www.portail-esclavage-reunion.fr\/?post_type=lieu-de-memoire&#038;p=16209"},"modified":"2026-03-04T09:02:59","modified_gmt":"2026-03-04T05:02:59","slug":"in-lomaj-po-lo-maronaj","status":"publish","type":"lieu-de-memoire","link":"https:\/\/www.portail-esclavage-reunion.fr\/re\/lieux-de-memoire\/in-lomaj-po-lo-maronaj\/","title":{"rendered":"In lomaj po lo maronaj"},"content":{"rendered":"\n<p>Landroi : Sin &#8211; Piton Rouj<br>Lan\u00e9 1990<br>Lartist : Gilbert Clain<br>Sk\u00fcltir<br>Bazalt<\/p>\n\n\n\n<p>Lo site nat\u00fcr\u00e8l Piton Rouj, in kone volkanik i arive 2397 m, l\u00e9 in lansien landroi maronaj.<br>Dessi piton-la n\u00e9na \u00ab <em>la place du Bicentenaire<\/em> \u00bb, in landroi la m\u00fcnissipalit\u00e9 Sin-Leu la-am\u00e9naje lan\u00e9 1990. Pl\u00fczi\u00e8r sk\u00fcltir Gilbert Clain i rande in lomaj bann z\u00e9sklav maron i trouve p\u00fc la trasse jordi.<\/p>\n\n\n\n<figure class=\"wp-block-image\"><img loading=\"lazy\" decoding=\"async\" width=\"650\" height=\"433\" src=\"https:\/\/www.portail-esclavage-reunion.fr\/wp-content\/uploads\/2019\/12\/IMG_7272b.jpg\" alt=\"\" class=\"wp-image-2248\" srcset=\"https:\/\/www.portail-esclavage-reunion.fr\/wp-content\/uploads\/2019\/12\/IMG_7272b.jpg 650w, https:\/\/www.portail-esclavage-reunion.fr\/wp-content\/uploads\/2019\/12\/IMG_7272b-300x200.jpg 300w\" sizes=\"auto, (max-width: 650px) 100vw, 650px\" \/><\/figure>\n\n\n\n<p class=\"has-text-align-center\"><\/p>\n\n\n\n<figure class=\"wp-block-image\"><img loading=\"lazy\" decoding=\"async\" width=\"650\" height=\"433\" src=\"https:\/\/www.portail-esclavage-reunion.fr\/wp-content\/uploads\/2019\/12\/IMG_7218b.jpg\" alt=\"\" class=\"wp-image-2250\" srcset=\"https:\/\/www.portail-esclavage-reunion.fr\/wp-content\/uploads\/2019\/12\/IMG_7218b.jpg 650w, https:\/\/www.portail-esclavage-reunion.fr\/wp-content\/uploads\/2019\/12\/IMG_7218b-300x200.jpg 300w\" sizes=\"auto, (max-width: 650px) 100vw, 650px\" \/><\/figure>\n\n\n\n<p class=\"has-text-align-center\"><\/p>\n\n\n\n<figure class=\"wp-block-image\"><img loading=\"lazy\" decoding=\"async\" width=\"650\" height=\"433\" src=\"https:\/\/www.portail-esclavage-reunion.fr\/wp-content\/uploads\/2019\/12\/IMG_7286b.jpg\" alt=\"\" class=\"wp-image-2254\" srcset=\"https:\/\/www.portail-esclavage-reunion.fr\/wp-content\/uploads\/2019\/12\/IMG_7286b.jpg 650w, https:\/\/www.portail-esclavage-reunion.fr\/wp-content\/uploads\/2019\/12\/IMG_7286b-300x200.jpg 300w\" sizes=\"auto, (max-width: 650px) 100vw, 650px\" \/><\/figure>\n\n\n\n<p class=\"has-text-align-center\">\u00a0<\/p>\n","protected":false},"author":5,"featured_media":16210,"parent":0,"menu_order":0,"template":"","class_list":["post-16209","lieu-de-memoire","type-lieu-de-memoire","status-publish","has-post-thumbnail","hentry"],"acf":[],"_links":{"self":[{"href":"https:\/\/www.portail-esclavage-reunion.fr\/re\/wp-json\/wp\/v2\/lieu-de-memoire\/16209","targetHints":{"allow":["GET"]}}],"collection":[{"href":"https:\/\/www.portail-esclavage-reunion.fr\/re\/wp-json\/wp\/v2\/lieu-de-memoire"}],"about":[{"href":"https:\/\/www.portail-esclavage-reunion.fr\/re\/wp-json\/wp\/v2\/types\/lieu-de-memoire"}],"author":[{"embeddable":true,"href":"https:\/\/www.portail-esclavage-reunion.fr\/re\/wp-json\/wp\/v2\/users\/5"}],"wp:featuredmedia":[{"embeddable":true,"href":"https:\/\/www.portail-esclavage-reunion.fr\/re\/wp-json\/wp\/v2\/media\/16210"}],"wp:attachment":[{"href":"https:\/\/www.portail-esclavage-reunion.fr\/re\/wp-json\/wp\/v2\/media?parent=16209"}],"curies":[{"name":"wp","href":"https:\/\/api.w.org\/{rel}","templated":true}]}}

<p>Landroi : Sin &#8211; Piton Rouj<br>Lané 1990<br>Lartist : Gilbert Clain<br>Skültir<br>Bazalt</p>



<p>Lo site natürèl Piton Rouj, in kone volkanik i arive 2397 m, lé in lansien landroi maronaj.<br>Dessi piton-la néna « <em>la place du Bicentenaire</em> », in landroi la münissipalité Sin-Leu la-aménaje lané 1990. Plüzièr skültir Gilbert Clain i rande in lomaj bann zésklav maron i trouve pü la trasse jordi.</p>



<figure class="wp-block-image"><img loading="lazy" decoding="async" width="650" height="433" src="https://www.portail-esclavage-reunion.fr/wp-content/uploads/2019/12/IMG_7272b.jpg" alt="" class="wp-image-2248" srcset="https://www.portail-esclavage-reunion.fr/wp-content/uploads/2019/12/IMG_7272b.jpg 650w, https://www.portail-esclavage-reunion.fr/wp-content/uploads/2019/12/IMG_7272b-300x200.jpg 300w" sizes="auto, (max-width: 650px) 100vw, 650px" /></figure>



<p class="has-text-align-center"></p>



<figure class="wp-block-image"><img loading="lazy" decoding="async" width="650" height="433" src="https://www.portail-esclavage-reunion.fr/wp-content/uploads/2019/12/IMG_7218b.jpg" alt="" class="wp-image-2250" srcset="https://www.portail-esclavage-reunion.fr/wp-content/uploads/2019/12/IMG_7218b.jpg 650w, https://www.portail-esclavage-reunion.fr/wp-content/uploads/2019/12/IMG_7218b-300x200.jpg 300w" sizes="auto, (max-width: 650px) 100vw, 650px" /></figure>



<p class="has-text-align-center"></p>



<figure class="wp-block-image"><img loading="lazy" decoding="async" width="650" height="433" src="https://www.portail-esclavage-reunion.fr/wp-content/uploads/2019/12/IMG_7286b.jpg" alt="" class="wp-image-2254" srcset="https://www.portail-esclavage-reunion.fr/wp-content/uploads/2019/12/IMG_7286b.jpg 650w, https://www.portail-esclavage-reunion.fr/wp-content/uploads/2019/12/IMG_7286b-300x200.jpg 300w" sizes="auto, (max-width: 650px) 100vw, 650px" /></figure>



<p class="has-text-align-center"> </p>
