{"id":16242,"date":"2026-03-04T09:26:11","date_gmt":"2026-03-04T05:26:11","guid":{"rendered":"https:\/\/www.portail-esclavage-reunion.fr\/?post_type=lieu-de-memoire&#038;p=16242"},"modified":"2026-03-04T09:32:35","modified_gmt":"2026-03-04T05:32:35","slug":"monuman-bann-zafranshi-lo-jardin-la-memoir","status":"publish","type":"lieu-de-memoire","link":"https:\/\/www.portail-esclavage-reunion.fr\/re\/lieux-de-memoire\/monuman-bann-zafranshi-lo-jardin-la-memoir\/","title":{"rendered":"Mon\u00fcman bann zafranshi \u2014 Lo Jardin la m\u00e9moir"},"content":{"rendered":"\n<p>Landroi : Sint-Andr\u00e9 &#8211; Park Lacaussade<br>Lan\u00e9 2010<br>Lartist : David Imaho<br>Sk\u00fcltir<br>Bazalt &#8211; granit<\/p>\n\n\n\n<p>M\u00e9morial-la l\u00e9t\u00e9 inog\u00fcr\u00e9 lo 20 d\u00e9ssanm 2010. C\u00e9 in linstalasyon apartir inn gran-gran stat\u00fc an-bazalt in madanm, in fig\u00fcr al\u00e9gorik la lib\u00e8rt\u00e9, antour\u00e9 \u00e8k 10 pano granit noir Lafrik, ou\u00e7a l\u00e9 mark\u00e9 lo nom bann mili\u00e9 z\u00e9sklav Sint-Andr\u00e9 afranshi lan\u00e9 1848.<\/p>\n\n\n\n<figure class=\"wp-block-image\"><img loading=\"lazy\" decoding=\"async\" width=\"1024\" height=\"683\" src=\"https:\/\/www.portail-esclavage-reunion.fr\/wp-content\/uploads\/2019\/07\/saint_andre02-1024x683.jpg\" alt=\"\" class=\"wp-image-923\" srcset=\"https:\/\/www.portail-esclavage-reunion.fr\/wp-content\/uploads\/2019\/07\/saint_andre02-1024x683.jpg 1024w, https:\/\/www.portail-esclavage-reunion.fr\/wp-content\/uploads\/2019\/07\/saint_andre02-300x200.jpg 300w, https:\/\/www.portail-esclavage-reunion.fr\/wp-content\/uploads\/2019\/07\/saint_andre02-768x512.jpg 768w, https:\/\/www.portail-esclavage-reunion.fr\/wp-content\/uploads\/2019\/07\/saint_andre02.jpg 1500w\" sizes=\"auto, (max-width: 767px) 89vw, (max-width: 1000px) 54vw, (max-width: 1071px) 543px, 580px\" \/><\/figure>\n\n\n\n<p class=\"has-text-align-center\"><strong>&nbsp;<\/strong><\/p>\n\n\n\n<figure class=\"wp-block-image\"><img loading=\"lazy\" decoding=\"async\" width=\"1024\" height=\"512\" src=\"https:\/\/www.portail-esclavage-reunion.fr\/wp-content\/uploads\/2019\/07\/saint_andre03-1024x512.jpg\" alt=\"\" class=\"wp-image-925\" srcset=\"https:\/\/www.portail-esclavage-reunion.fr\/wp-content\/uploads\/2019\/07\/saint_andre03-1024x512.jpg 1024w, https:\/\/www.portail-esclavage-reunion.fr\/wp-content\/uploads\/2019\/07\/saint_andre03-300x150.jpg 300w, https:\/\/www.portail-esclavage-reunion.fr\/wp-content\/uploads\/2019\/07\/saint_andre03-768x384.jpg 768w, https:\/\/www.portail-esclavage-reunion.fr\/wp-content\/uploads\/2019\/07\/saint_andre03.jpg 1500w\" sizes=\"auto, (max-width: 767px) 89vw, (max-width: 1000px) 54vw, (max-width: 1071px) 543px, 580px\" \/><\/figure>\n\n\n\n<p class=\"has-text-align-center\">\u00a0<\/p>\n","protected":false},"author":5,"featured_media":16243,"parent":0,"menu_order":0,"template":"","class_list":["post-16242","lieu-de-memoire","type-lieu-de-memoire","status-publish","has-post-thumbnail","hentry"],"acf":[],"_links":{"self":[{"href":"https:\/\/www.portail-esclavage-reunion.fr\/re\/wp-json\/wp\/v2\/lieu-de-memoire\/16242","targetHints":{"allow":["GET"]}}],"collection":[{"href":"https:\/\/www.portail-esclavage-reunion.fr\/re\/wp-json\/wp\/v2\/lieu-de-memoire"}],"about":[{"href":"https:\/\/www.portail-esclavage-reunion.fr\/re\/wp-json\/wp\/v2\/types\/lieu-de-memoire"}],"author":[{"embeddable":true,"href":"https:\/\/www.portail-esclavage-reunion.fr\/re\/wp-json\/wp\/v2\/users\/5"}],"wp:featuredmedia":[{"embeddable":true,"href":"https:\/\/www.portail-esclavage-reunion.fr\/re\/wp-json\/wp\/v2\/media\/16243"}],"wp:attachment":[{"href":"https:\/\/www.portail-esclavage-reunion.fr\/re\/wp-json\/wp\/v2\/media?parent=16242"}],"curies":[{"name":"wp","href":"https:\/\/api.w.org\/{rel}","templated":true}]}}

Monüman bann zafranshi — Lo Jardin la mémoir

<p>Landroi : Sint-André &#8211; Park Lacaussade<br>Lané 2010<br>Lartist : David Imaho<br>Skültir<br>Bazalt &#8211; granit</p>



<p>Mémorial-la lété inogüré lo 20 déssanm 2010. Cé in linstalasyon apartir inn gran-gran statü an-bazalt in madanm, in figür alégorik la libèrté, antouré èk 10 pano granit noir Lafrik, ouça lé marké lo nom bann milié zésklav Sint-André afranshi lané 1848.</p>



<figure class="wp-block-image"><img loading="lazy" decoding="async" width="1024" height="683" src="https://www.portail-esclavage-reunion.fr/wp-content/uploads/2019/07/saint_andre02-1024x683.jpg" alt="" class="wp-image-923" srcset="https://www.portail-esclavage-reunion.fr/wp-content/uploads/2019/07/saint_andre02-1024x683.jpg 1024w, https://www.portail-esclavage-reunion.fr/wp-content/uploads/2019/07/saint_andre02-300x200.jpg 300w, https://www.portail-esclavage-reunion.fr/wp-content/uploads/2019/07/saint_andre02-768x512.jpg 768w, https://www.portail-esclavage-reunion.fr/wp-content/uploads/2019/07/saint_andre02.jpg 1500w" sizes="auto, (max-width: 767px) 89vw, (max-width: 1000px) 54vw, (max-width: 1071px) 543px, 580px" /></figure>



<p class="has-text-align-center"><strong>&nbsp;</strong></p>



<figure class="wp-block-image"><img loading="lazy" decoding="async" width="1024" height="512" src="https://www.portail-esclavage-reunion.fr/wp-content/uploads/2019/07/saint_andre03-1024x512.jpg" alt="" class="wp-image-925" srcset="https://www.portail-esclavage-reunion.fr/wp-content/uploads/2019/07/saint_andre03-1024x512.jpg 1024w, https://www.portail-esclavage-reunion.fr/wp-content/uploads/2019/07/saint_andre03-300x150.jpg 300w, https://www.portail-esclavage-reunion.fr/wp-content/uploads/2019/07/saint_andre03-768x384.jpg 768w, https://www.portail-esclavage-reunion.fr/wp-content/uploads/2019/07/saint_andre03.jpg 1500w" sizes="auto, (max-width: 767px) 89vw, (max-width: 1000px) 54vw, (max-width: 1071px) 543px, 580px" /></figure>



<p class="has-text-align-center"> </p>
